{"id":1192,"date":"2020-03-01T20:03:06","date_gmt":"2020-03-01T19:03:06","guid":{"rendered":"http:\/\/semmelweis.hu\/arc\/?page_id=1192"},"modified":"2021-10-20T12:25:02","modified_gmt":"2021-10-20T10:25:02","slug":"lelki-segitseg","status":"publish","type":"page","link":"https:\/\/semmelweis.hu\/arc\/ellatas\/lelki-segitseg\/","title":{"rendered":"Lelki seg\u00edts\u00e9g"},"content":{"rendered":"<p>&#8222;\u00c9p testben \u00e9p l\u00e9lek&#8221;, hangzik a j\u00f3l ismert mond\u00e1s.<\/p>\n<p>De vajon mi van a l\u00e9lekkel, ha a test beteg? Vagy mi t\u00f6rt\u00e9nik a a testtel, ha a l\u00e9lek s\u00e9r\u00fclt?<\/p>\n<p style=\"text-align: justify\">T\u00e9ny, az, hogy azon n\u0151k k\u00f6z\u00f6tt, akik m\u00e1r r\u00e9g\u00f3ta sikertelen\u00fcl szeretn\u00e9nek gyermeket l\u00e9nyegesen gyakrabban fordulnak el\u0151 lelki probl\u00e9m\u00e1k, melyek bizony\u00edtottan rontj\u00e1k a legjobban elv\u00e9gzett assziszt\u00e1lt reprodukci\u00f3s kezel\u00e9sek siker\u00e9t is.\u00a0Az is igaz, hogy a szervi ok\u00fa medd\u0151s\u00e9g miatti hosszas \u00e9s sikertelen pr\u00f3b\u00e1lkoz\u00e1sok \u00e9s kezel\u00e9sek el\u0151bb vagy ut\u00f3bb lelki probl\u00e9m\u00e1kat okoznak, melyek tov\u00e1bb rontj\u00e1k a gyermekv\u00e1llal\u00e1s es\u00e9lyeit.<\/p>\n<p style=\"text-align: justify\">Ebb\u0151l az \u00f6rd\u00f6gi k\u00f6rb\u0151l jelenthetnek kiutat azok a lehet\u0151s\u00e9gek, melyet Centrumunk k\u00edn\u00e1l az \u00e9rintetteknek. P\u00e1cienseink t\u00e9r\u00edt\u00e9smentesen vehetik ig\u00e9nybe <a href=\"https:\/\/semmelweis.hu\/arc\/ellatas\/lelki-segitseg\/szakpszichologus\/\">szakpszichol\u00f3gusunk<\/a> \u00e9s a <a href=\"https:\/\/semmelweis.hu\/arc\/ellatas\/lelki-segitseg\/korhazlelkesz\/\">reform\u00e1tus k\u00f3rh\u00e1zlelk\u00e9sz<\/a> seg\u00edts\u00e9g\u00e9t, akik szeretettel v\u00e1rj\u00e1k azokat, akik \u00fagy \u00e9rzik sz\u00fcks\u00e9g\u00fck van lelki t\u00e1mogat\u00e1sra is a kezel\u00e9s sor\u00e1n.<\/p>\n","protected":false},"excerpt":{"rendered":"<p>&#8222;\u00c9p testben \u00e9p l\u00e9lek&#8221;, hangzik a j\u00f3l ismert mond\u00e1s. De vajon mi van a l\u00e9lekkel, ha a test beteg? Vagy mi t\u00f6rt\u00e9nik a a testtel, ha a l\u00e9lek s\u00e9r\u00fclt? T\u00e9ny, az, hogy azon n\u0151k k\u00f6z\u00f6tt, akik m\u00e1r r\u00e9g\u00f3ta sikertelen\u00fcl szeretn\u00e9nek gyermeket l\u00e9nyegesen gyakrabban fordulnak el\u0151 lelki probl\u00e9m\u00e1k, melyek bizony\u00edtottan rontj\u00e1k a legjobban elv\u00e9gzett assziszt\u00e1lt reprodukci\u00f3s &hellip;<\/p>\n","protected":false},"author":101648,"featured_media":0,"parent":901,"menu_order":3,"comment_status":"closed","ping_status":"closed","template":"","meta":{"_acf_changed":false,"footnotes":""},"categories":[],"tags":[],"class_list":["post-1192","page","type-page","status-publish","hentry"],"acf":[],"_links":{"self":[{"href":"https:\/\/semmelweis.hu\/arc\/wp-json\/wp\/v2\/pages\/1192","targetHints":{"allow":["GET"]}}],"collection":[{"href":"https:\/\/semmelweis.hu\/arc\/wp-json\/wp\/v2\/pages"}],"about":[{"href":"https:\/\/semmelweis.hu\/arc\/wp-json\/wp\/v2\/types\/page"}],"author":[{"embeddable":true,"href":"https:\/\/semmelweis.hu\/arc\/wp-json\/wp\/v2\/users\/101648"}],"replies":[{"embeddable":true,"href":"https:\/\/semmelweis.hu\/arc\/wp-json\/wp\/v2\/comments?post=1192"}],"version-history":[{"count":4,"href":"https:\/\/semmelweis.hu\/arc\/wp-json\/wp\/v2\/pages\/1192\/revisions"}],"predecessor-version":[{"id":1198,"href":"https:\/\/semmelweis.hu\/arc\/wp-json\/wp\/v2\/pages\/1192\/revisions\/1198"}],"up":[{"embeddable":true,"href":"https:\/\/semmelweis.hu\/arc\/wp-json\/wp\/v2\/pages\/901"}],"wp:attachment":[{"href":"https:\/\/semmelweis.hu\/arc\/wp-json\/wp\/v2\/media?parent=1192"}],"wp:term":[{"taxonomy":"category","embeddable":true,"href":"https:\/\/semmelweis.hu\/arc\/wp-json\/wp\/v2\/categories?post=1192"},{"taxonomy":"post_tag","embeddable":true,"href":"https:\/\/semmelweis.hu\/arc\/wp-json\/wp\/v2\/tags?post=1192"}],"curies":[{"name":"wp","href":"https:\/\/api.w.org\/{rel}","templated":true}]}}