{"id":1183,"date":"2020-03-01T20:05:19","date_gmt":"2020-03-01T19:05:19","guid":{"rendered":"http:\/\/semmelweis.hu\/arc\/?page_id=1183"},"modified":"2021-10-20T12:28:11","modified_gmt":"2021-10-20T10:28:11","slug":"korhazlelkesz","status":"publish","type":"page","link":"https:\/\/semmelweis.hu\/arc\/ellatas\/lelki-segitseg\/korhazlelkesz\/","title":{"rendered":"K\u00f3rh\u00e1zlelk\u00e9sz"},"content":{"rendered":"<p><span style=\"font-weight: 400\">Centrumunkat term\u00e9kenys\u00e9gi neh\u00e9zs\u00e9ggel felkeres\u0151 p\u00e1ciensek sz\u00e1m\u00e1ra el\u00e9rhet\u0151 a\u00a0<\/span><\/p>\n<p><b>REFORM\u00c1TUS K\u00d3RH\u00c1ZLELK\u00c9SZ<\/b><\/p>\n<p style=\"text-align: justify\"><span style=\"font-weight: 400\">A gyermekre v\u00e1r\u00e1s idej\u00e9t be\u00e1rny\u00e9kolhatja a term\u00e9kenys\u00e9gi probl\u00e9m\u00e1val j\u00e1r\u00f3 lehangolts\u00e1g, amit tov\u00e1bb ronthat a cselekv\u0151 Istennel, a meg nem hallgatott im\u00e1val szembeni k\u00e9telked\u00e9s. Nem \u00e1ll\u00edtom, hogy mindent tudok a term\u00e9kenys\u00e9gi neh\u00e9zs\u00e9gekr\u0151l, de ismerek Valakit, aki szem\u00e9lyes Megv\u00e1lt\u00f3m, aki a legt\u00f6k\u00e9letesebb szeretettel t\u00e1mogatja az \u0150t seg\u00edts\u00e9g\u00fcl h\u00edv\u00f3 embert. Az \u00e9l\u0151 J\u00e9zus Krisztust aj\u00e1nlom mindenkinek, aki megf\u00e1radt, \u00e9s keresi lelke felfriss\u00fcl\u00e9s\u00e9t, hite meger\u0151s\u00f6d\u00e9s\u00e9t, valamint meg szeretn\u00e9 sz\u00f3l\u00edtani Istent im\u00e1ds\u00e1gban.<\/span><\/p>\n<p><b>T\u00e1mogat\u00e1st ny\u00fajtok:<\/b><\/p>\n<p><img loading=\"lazy\" decoding=\"async\" class=\"size-thumbnail wp-image-1186 alignright\" src=\"https:\/\/semmelweis.hu\/arc\/files\/2020\/03\/Pecs\u00e9t-log\u00f3-150x150.jpg\" alt=\"\" width=\"150\" height=\"150\" srcset=\"https:\/\/semmelweis.hu\/arc\/files\/2020\/03\/Pecs\u00e9t-log\u00f3-150x150.jpg 150w, https:\/\/semmelweis.hu\/arc\/files\/2020\/03\/Pecs\u00e9t-log\u00f3-400x400.jpg 400w, https:\/\/semmelweis.hu\/arc\/files\/2020\/03\/Pecs\u00e9t-log\u00f3-1024x1024.jpg 1024w, https:\/\/semmelweis.hu\/arc\/files\/2020\/03\/Pecs\u00e9t-log\u00f3-768x768.jpg 768w, https:\/\/semmelweis.hu\/arc\/files\/2020\/03\/Pecs\u00e9t-log\u00f3-753x753.jpg 753w, https:\/\/semmelweis.hu\/arc\/files\/2020\/03\/Pecs\u00e9t-log\u00f3.jpg 1500w\" sizes=\"auto, (max-width: 150px) 100vw, 150px\" \/><\/p>\n<ul>\n<li style=\"font-weight: 400\"><span style=\"font-weight: 400\">lelki v\u00e1ls\u00e1gban\u00a0<\/span><\/li>\n<li style=\"font-weight: 400\"><span style=\"font-weight: 400\">a gy\u00f3gy\u00edt\u00f3 elj\u00e1r\u00e1sokkal kapcsolatos d\u00f6nt\u00e9sekben<\/span><\/li>\n<li style=\"font-weight: 400\"><span style=\"font-weight: 400\">\u00a0vesztes\u00e9gek feldolgoz\u00e1s\u00e1ban<\/span><\/li>\n<li style=\"font-weight: 400\"><span style=\"font-weight: 400\">a sz\u00fcl\u0151v\u00e9 v\u00e1l\u00e1s folyamat\u00e1ban<\/span><\/li>\n<li style=\"font-weight: 400\"><span style=\"font-weight: 400\">\u00e9letvezet\u00e9si\/lelki vezet\u00e9si tan\u00e1csad\u00e1ssal \u00faj \u00e9letc\u00e9lok meghat\u00e1roz\u00e1s\u00e1ban\u00a0<\/span><\/li>\n<\/ul>\n<p><b>El\u00e9rhet\u0151 vagyok:<\/b><\/p>\n<ul>\n<li style=\"font-weight: 400\"><span style=\"font-weight: 400\">szem\u00e9lyes \u2013 lelkigondoz\u00f3i &#8211; besz\u00e9lget\u00e9sre (el\u0151re egyeztetett id\u0151pontban) cs\u00fct\u00f6rt\u00f6k\u00f6nk\u00e9nt 13-17 \u00f3r\u00e1ig<\/span><\/li>\n<li style=\"font-weight: 400\"><span style=\"font-weight: 400\">lelki alkalomra &#8211; reform\u00e1tus \u00e1h\u00edtat -: cs\u00fct\u00f6rt\u00f6k\u00f6nk\u00e9nt \u00e9s p\u00e9ntekentk\u00e9nt14.00 \u00f3rakor a Szent Kamill K\u00f3rh\u00e1zk\u00e1poln\u00e1ban (K\u00f6zponti Betegell\u00e1t\u00f3 \u00c9p\u00fclet,\u00a0f\u00f6ldszint)<\/span><\/li>\n<\/ul>\n<p><img loading=\"lazy\" decoding=\"async\" class=\"alignright size-thumbnail wp-image-1185\" src=\"https:\/\/semmelweis.hu\/arc\/files\/2020\/03\/DSC_0235-150x150.jpg\" alt=\"\" width=\"150\" height=\"150\" \/><\/p>\n<p>&nbsp;<\/p>\n<p><span style=\"font-weight: 400\">Dr. Lakatos Enik\u0151, reform\u00e1tus lelk\u00e9sz<\/span> <a href=\"blank\"><span style=\"font-weight: 400\">Tel: 06-30<\/span><\/a><span style=\"font-weight: 400\">-879-7630<\/span><\/p>\n<p>&nbsp;<\/p>\n<p>&nbsp;<\/p>\n<p><span style=\"font-weight: 400\">email: korlelk@bpdel.hu<\/span><\/p>\n","protected":false},"excerpt":{"rendered":"<p>Centrumunkat term\u00e9kenys\u00e9gi neh\u00e9zs\u00e9ggel felkeres\u0151 p\u00e1ciensek sz\u00e1m\u00e1ra el\u00e9rhet\u0151 a\u00a0 REFORM\u00c1TUS K\u00d3RH\u00c1ZLELK\u00c9SZ A gyermekre v\u00e1r\u00e1s idej\u00e9t be\u00e1rny\u00e9kolhatja a term\u00e9kenys\u00e9gi probl\u00e9m\u00e1val j\u00e1r\u00f3 lehangolts\u00e1g, amit tov\u00e1bb ronthat a cselekv\u0151 Istennel, a meg nem hallgatott im\u00e1val szembeni k\u00e9telked\u00e9s. Nem \u00e1ll\u00edtom, hogy mindent tudok a term\u00e9kenys\u00e9gi neh\u00e9zs\u00e9gekr\u0151l, de ismerek Valakit, aki szem\u00e9lyes Megv\u00e1lt\u00f3m, aki a legt\u00f6k\u00e9letesebb szeretettel t\u00e1mogatja az \u0150t seg\u00edts\u00e9g\u00fcl &hellip;<\/p>\n","protected":false},"author":101648,"featured_media":0,"parent":1192,"menu_order":1,"comment_status":"closed","ping_status":"closed","template":"","meta":{"_acf_changed":false,"footnotes":""},"categories":[],"tags":[],"class_list":["post-1183","page","type-page","status-publish","hentry"],"acf":[],"_links":{"self":[{"href":"https:\/\/semmelweis.hu\/arc\/wp-json\/wp\/v2\/pages\/1183","targetHints":{"allow":["GET"]}}],"collection":[{"href":"https:\/\/semmelweis.hu\/arc\/wp-json\/wp\/v2\/pages"}],"about":[{"href":"https:\/\/semmelweis.hu\/arc\/wp-json\/wp\/v2\/types\/page"}],"author":[{"embeddable":true,"href":"https:\/\/semmelweis.hu\/arc\/wp-json\/wp\/v2\/users\/101648"}],"replies":[{"embeddable":true,"href":"https:\/\/semmelweis.hu\/arc\/wp-json\/wp\/v2\/comments?post=1183"}],"version-history":[{"count":5,"href":"https:\/\/semmelweis.hu\/arc\/wp-json\/wp\/v2\/pages\/1183\/revisions"}],"predecessor-version":[{"id":1196,"href":"https:\/\/semmelweis.hu\/arc\/wp-json\/wp\/v2\/pages\/1183\/revisions\/1196"}],"up":[{"embeddable":true,"href":"https:\/\/semmelweis.hu\/arc\/wp-json\/wp\/v2\/pages\/1192"}],"wp:attachment":[{"href":"https:\/\/semmelweis.hu\/arc\/wp-json\/wp\/v2\/media?parent=1183"}],"wp:term":[{"taxonomy":"category","embeddable":true,"href":"https:\/\/semmelweis.hu\/arc\/wp-json\/wp\/v2\/categories?post=1183"},{"taxonomy":"post_tag","embeddable":true,"href":"https:\/\/semmelweis.hu\/arc\/wp-json\/wp\/v2\/tags?post=1183"}],"curies":[{"name":"wp","href":"https:\/\/api.w.org\/{rel}","templated":true}]}}