{"id":1101,"date":"2020-01-14T12:32:08","date_gmt":"2020-01-14T11:32:08","guid":{"rendered":"http:\/\/semmelweis.hu\/arc\/?page_id=1101"},"modified":"2021-10-20T12:19:15","modified_gmt":"2021-10-20T10:19:15","slug":"noi_meddoseg","status":"publish","type":"page","link":"https:\/\/semmelweis.hu\/arc\/ellatas\/meddoseg\/noi_meddoseg\/","title":{"rendered":"N\u0151i medd\u0151s\u00e9g okai"},"content":{"rendered":"<p style=\"text-align: justify\"><strong>Ovul\u00e1ci\u00f3s diszfunkci\u00f3 \u2013 a petesejt\u00e9r\u00e9s zavarai<\/strong><\/p>\n<p style=\"text-align: justify\">Ilyen esetekben a petesejt\u00e9r\u00e9s havi ism\u00e9tl\u0151d\u0151 folyamata ritkul vagy ak\u00e1r meg is sz\u0171nhet. Ezt okozhatj\u00e1k hormonzavarok vagy a petef\u00e9szkek megbeteged\u00e9se:<\/p>\n<ul style=\"text-align: justify\">\n<li>PCOS \u2013 Policiszt\u00e1s Ov\u00e1rium Szindr\u00f3ma: a hormonh\u00e1ztart\u00e1s zavara, t\u00fcnetei lehetnek az abnorm\u00e1lis sz\u0151rn\u00f6veked\u00e9s arcon vagy a testen, akne, elh\u00edz\u00e1s, ritka esetben t\u00falzott sov\u00e1nys\u00e1g, sokszor inzulinrezisztencia (IR) t\u00e1rsul hozz\u00e1.<\/li>\n<li>Hipotalamikus diszfunkci\u00f3: Az FSH (Follikulus Stimul\u00e1l\u00f3 Hormon) \u00e9s az LH (Luteiniz\u00e1l\u00f3 Hormon) egyens\u00faly\u00e1nak felborul\u00e1sa. Ezt okozhatja extr\u00e9m fizikai vagy pszichikai terhel\u00e9s, elh\u00edz\u00e1s vagy k\u00f3ros sov\u00e1nys\u00e1g, hirtelen s\u00falyveszt\u00e9s vagy s\u00falygyarapod\u00e1s, t\u00fcnete a szab\u00e1lytalan vagy elmarad\u00f3 ciklus.<\/li>\n<li>Korai petef\u00e9szek kimer\u00fcl\u00e9s: a petef\u00e9szkek id\u0151 el\u0151tt kimer\u00fclnek \u00e9s m\u0171k\u00f6d\u00e9s\u00fck lassul, le\u00e1ll. Oka autoimmun eredet\u0171 vagy a petesejtek korai elveszt\u00e9se p\u00e9ld\u00e1ul genetikai betegs\u00e9g vagy kemoter\u00e1pia miatt.<\/li>\n<li>Hiperprolaktin\u00e9mia \u2013 magas prolaktin szint: oka az agyalapi mirigy abnorm\u00e1lis m\u0171k\u00f6d\u00e9se vagy okozhatj\u00e1k m\u00e1s betegs\u00e9gre szedett gy\u00f3gyszerek. A magas prolaktin szint cs\u00f6kkenti az \u00f6sztrog\u00e9nszintet, \u00edgy befoly\u00e1solja negat\u00edvan a petef\u00e9szkek norm\u00e1lis m\u0171k\u00f6d\u00e9s\u00e9t.<\/li>\n<\/ul>\n<p style=\"text-align: justify\"><strong>Petevezet\u0151 betegs\u00e9gei \u2013 tub\u00e1lis infertilit\u00e1s<\/strong><\/p>\n<p style=\"text-align: justify\">A s\u00e9r\u00fclt vagy elz\u00e1r\u00f3dott petevezet\u0151k\u00f6n a spermiumok nem tudnak feljutni a petesejthez, esetleg a megterm\u00e9keny\u00fclt petesejt nem tud lejutni a m\u00e9hbe. Okai a k\u00f6vetkez\u0151k lehetnek:<\/p>\n<ul style=\"text-align: justify\">\n<li>kismedencei gyullad\u00e1sok, melyek a m\u00e9het vagy a petevezet\u0151ket \u00e9rintik, ezt okozhatj\u00e1k fert\u0151z\u00e9sek pl. chlamydia, gonorrhea vagy m\u00e1s nemi \u00faton terjed\u0151 betegs\u00e9gek.<\/li>\n<li>kor\u00e1bbi kismedencei m\u0171t\u00e9tek, mint p\u00e9ld\u00e1ul m\u0171vi terhess\u00e9g-megszak\u00edt\u00e1s ak\u00e1r spont\u00e1n vet\u00e9l\u00e9s ak\u00e1r m\u00e9hen k\u00edv\u00fcli terhess\u00e9g miatt, egy\u00e9b kismedencei m\u0171t\u00e9tek.<\/li>\n<\/ul>\n<p style=\"text-align: justify\"><strong>Endometri\u00f3zis<\/strong><\/p>\n<p style=\"text-align: justify\">A m\u00e9hny\u00e1lkah\u00e1rtya k\u00f3ros burj\u00e1nz\u00e1sa a m\u00e9hen k\u00edv\u00fcl. Sokf\u00e9le m\u00f3don okozhat medd\u0151s\u00e9gi probl\u00e9m\u00e1t. A m\u00e9hben a megv\u00e1ltozott k\u00f6rnyezet (pl. pH) miatt a be\u00e1gyaz\u00f3d\u00e1s elmaradhat, a petevezet\u0151n burj\u00e1nz\u00f3 sz\u00f6vet akad\u00e1lyozhatja megterm\u00e9keny\u00fcl\u00e9st, romlik a petesejtek min\u0151s\u00e9ge, ronthatja a spermiumok min\u0151s\u00e9g\u00e9t is. T\u00fcnetei lehetnek f\u00e1jdalmas menstru\u00e1ci\u00f3, kismedencei f\u00e1jdalom<\/p>\n<p style=\"text-align: justify\"><strong>M\u00e9h \u00e9s m\u00e9hnyak <\/strong><\/p>\n<ul style=\"text-align: justify\">\n<li>J\u00f3indulat\u00fa polipok, mi\u00f3m\u00e1k, \u00f6sszen\u00f6v\u00e9sek melyek a megterm\u00e9keny\u00fcl\u00e9s \u00e9s be\u00e1gyaz\u00f3d\u00e1s es\u00e9ly\u00e9t cs\u00f6kkenthetik<\/li>\n<li>az endometrium gyullad\u00e1sa, hegesed\u00e9se cs\u00f6kkentheti a be\u00e1gyaz\u00f3d\u00e1s es\u00e9ly\u00e9t<\/li>\n<li>a m\u00e9h sz\u00fclet\u00e9si rendelleness\u00e9gei, mint pl. abnorm\u00e1lis alak, osztott m\u00e9h\u00fcreg, stb.<\/li>\n<li>\u00f6r\u00f6k\u00f6lt rendelleness\u00e9g vagy a m\u00e9hnyak s\u00e9r\u00fcl\u00e9se okozhat m\u00e9hnyaki sz\u0171k\u00fcletet<\/li>\n<li>abnorm\u00e1lis \u00f6sszet\u00e9tel\u0171 ny\u00e1k a m\u00e9hnyakban, ami akad\u00e1lyozhatja a spermiumok feljut\u00e1s\u00e1t a m\u00e9hbe<\/li>\n<\/ul>\n<p style=\"text-align: justify\"><strong>Pajzsmirigy alulm\u0171k\u00f6d\u00e9s (hipotire\u00f3zis)<\/strong><\/p>\n<ul style=\"text-align: justify\">\n<li>alacsony pajzsmirigy-hormonszint cs\u00f6kkentheti a teherbees\u00e9s es\u00e9ly\u00e9t<\/li>\n<\/ul>\n<p style=\"text-align: justify\"><strong>Ismeretlen eredet\u0171 medd\u0151s\u00e9g<\/strong><\/p>\n<p style=\"text-align: justify\">N\u00e9ha a medd\u0151s\u00e9gnek semmilyen k\u00e9zzelfoghat\u00f3 ok\u00e1t nem tal\u00e1lj\u00e1k a szakemberek, alapos kivizsg\u00e1l\u00e1s ut\u00e1n sem. Ilyenkor el\u0151fordulhat, hogy sok apr\u00f3 elt\u00e9r\u00e9s \u00f6sszead\u00f3dik \u00e9s nehez\u00edti a teherbees\u00e9st. M\u00e1s esetben el\u0151fordulhat nem megfelel\u0151 pszich\u00e9s hozz\u00e1\u00e1ll\u00e1s a gyermekv\u00e1llal\u00e1shoz mind n\u0151i, mind f\u00e9rfi oldalon, melyekre pszichol\u00f3gus szakember seg\u00edts\u00e9g\u00e9vel \u00e9rdemes lehet r\u00e1n\u00e9zni.<\/p>\n<p style=\"text-align: justify\"><strong>Term\u00e9kenys\u00e9get cs\u00f6kkent\u0151 rizik\u00f3faktorok<\/strong><\/p>\n<p style=\"text-align: justify\"><em>Kor:<\/em> a petesejtek mennyis\u00e9ge \u00e9s min\u0151s\u00e9ge a kor el\u0151re haladt\u00e1val romlik. A legterm\u00e9kenyebb id\u0151szak 20-35 \u00e9v k\u00f6z\u00f6tt van. A 35-37 \u00e9let\u00e9v ut\u00e1n ,rohamosan cs\u00f6kken a fogamz\u00e1s es\u00e9lye \u00e9s n\u0151 a vet\u00e9l\u00e9s kock\u00e1zata, ez\u00e9rt \u00e9rdemes a gyermekv\u00e1llal\u00e1st id\u0151ben megtervezni, eld\u00f6nteni.<\/p>\n<p style=\"text-align: justify\"><em>Doh\u00e1nyz\u00e1s:<\/em> a doh\u00e1nyz\u00e1s (a passz\u00edv doh\u00e1nyz\u00e1s is ide soroland\u00f3) k\u00e1ros\u00edtja a m\u00e9hnyakat \u00e9s a petevezet\u0151ket, n\u00f6veli a vet\u00e9l\u00e9s kock\u00e1zat\u00e1t \u00e9s a m\u00e9hen k\u00edv\u00fcli terhes\u00e9g es\u00e9ly\u00e9t, felgyors\u00edtja a petef\u00e9szek \u00f6reged\u00e9s\u00e9t<\/p>\n<p style=\"text-align: justify\"><em>S\u00falyprobl\u00e9m\u00e1k:<\/em> az extr\u00e9m t\u00fals\u00faly vagy sov\u00e1nys\u00e1g negat\u00edvan befoly\u00e1solja a menstru\u00e1ci\u00f3s ciklust. A norm\u00e1lis tests\u00faly (norm\u00e1lis BMI index) seg\u00edthet rendezni a menstru\u00e1ci\u00f3s ciklust ezzel n\u00f6velve a fogamz\u00e1s es\u00e9ly\u00e9t<\/p>\n<p style=\"text-align: justify\"><em>Alkohol-fogyaszt\u00e1s:<\/em> A t\u00falz\u00e1sba vitt alkoholfogyaszt\u00e1s cs\u00f6kkenti a fogamz\u00e1s es\u00e9ly\u00e9t. \u00c9rdemes t\u00f6rekedni arra, hogy az alkohol-fogyaszt\u00e1s ne l\u00e9pje t\u00fal a maximum napi egy alkoholos ital elfogyaszt\u00e1s\u00e1t<\/p>\n<p style=\"text-align: justify\"><em>T\u00e1pl\u00e1lkoz\u00e1s:<\/em> fontos a v\u00e1ltozatos, rendszeres \u00e9tkez\u00e9s, vitamin \u00e9s \u00e1sv\u00e1nyianyag-p\u00f3tl\u00e1s, ker\u00fclend\u0151k a speci\u00e1lis di\u00e9t\u00e1k, \u00e9rdemes dietetikushoz fordulni tan\u00e1cs\u00e9rt<\/p>\n<p style=\"text-align: justify\"><em>Testmozg\u00e1s:<\/em> a mozg\u00e1s hi\u00e1nya \u00e9s az extr\u00e9m sport\/fizikai terhel\u00e9s is okozhat zavart a menstru\u00e1ci\u00f3s ciklusban, a megfelel\u0151 testmozg\u00e1s seg\u00edthet rendezni a ciklust \u00e9s j\u00f3 megold\u00e1s lehet a stresszkezel\u00e9sre is<\/p>\n<p style=\"text-align: justify\"><em>Stressz:<\/em> a szervezet naponta ki van t\u00e9ve a k\u00f6rnyezet\u00fcnkb\u0151l \u00e9rkez\u0151, k\u00fcls\u0151 stressznek (munkahelyi, csal\u00e1di probl\u00e9m\u00e1k, p\u00e9nz\u00fcgyi gondok stb.) \u00e9s a szervezetben keletkez\u0151 bels\u0151 stressznek (betegs\u00e9gek, , akut \u00e9s\/vagy kr\u00f3nikus gyullad\u00e1sok, g\u00f3cpontok, v\u00e9rcukorszint-ingadoz\u00e1s, v\u00e9rnyom\u00e1s-ingadoz\u00e1s, stb.)<\/p>\n<p style=\"text-align: justify\"><em>Lelki, pszich\u00e9s terhel\u00e9s:<\/em> a fogamz\u00e1st lelki folyamatok is g\u00e1tolhatj\u00e1k, a sz\u00fcl\u0151v\u00e9 (any\u00e1v\u00e1, ap\u00e1v\u00e1) v\u00e1l\u00e1s egy komoly lelki folyamat. \u00c9rdemes szakemberhez (pszichol\u00f3gus, egy\u00e9b ter\u00e1pi\u00e1s szakemberek) fordulni, ha a fogamz\u00e1s elmarad\u00e1s\u00e1nak semmilyen ok\u00e1t nem tal\u00e1lj\u00e1k<\/p>\n<p style=\"text-align: justify\"><strong>Megel\u0151z\u00e9s:<\/strong><\/p>\n<p style=\"text-align: justify\">Norm\u00e1lis tests\u00faly megtart\u00e1sa\/el\u00e9r\u00e9se, doh\u00e1nyz\u00e1s abbahagy\u00e1sa, az alkohol-fogyaszt\u00e1s kontroll\u00e1l\u00e1sa, t\u00e1pl\u00e1lkoz\u00e1s rendez\u00e9se, rendszeres testmozg\u00e1s bevezet\u00e9se, stresszcs\u00f6kkent\u00e9s \u00e9s\/vagy stresszkezel\u00e9s, lelki\/pszich\u00e9s h\u00e1tt\u00e9r felt\u00e9rk\u00e9pez\u00e9se szakember seg\u00edts\u00e9g\u00e9vel.<\/p>\n","protected":false},"excerpt":{"rendered":"<p>Ovul\u00e1ci\u00f3s diszfunkci\u00f3 \u2013 a petesejt\u00e9r\u00e9s zavarai Ilyen esetekben a petesejt\u00e9r\u00e9s havi ism\u00e9tl\u0151d\u0151 folyamata ritkul vagy ak\u00e1r meg is sz\u0171nhet. Ezt okozhatj\u00e1k hormonzavarok vagy a petef\u00e9szkek megbeteged\u00e9se: PCOS \u2013 Policiszt\u00e1s Ov\u00e1rium Szindr\u00f3ma: a hormonh\u00e1ztart\u00e1s zavara, t\u00fcnetei lehetnek az abnorm\u00e1lis sz\u0151rn\u00f6veked\u00e9s arcon vagy a testen, akne, elh\u00edz\u00e1s, ritka esetben t\u00falzott sov\u00e1nys\u00e1g, sokszor inzulinrezisztencia (IR) t\u00e1rsul hozz\u00e1. Hipotalamikus &hellip;<\/p>\n","protected":false},"author":101648,"featured_media":0,"parent":900,"menu_order":0,"comment_status":"closed","ping_status":"closed","template":"","meta":{"_acf_changed":false,"footnotes":""},"categories":[],"tags":[],"class_list":["post-1101","page","type-page","status-publish","hentry"],"acf":[],"_links":{"self":[{"href":"https:\/\/semmelweis.hu\/arc\/wp-json\/wp\/v2\/pages\/1101","targetHints":{"allow":["GET"]}}],"collection":[{"href":"https:\/\/semmelweis.hu\/arc\/wp-json\/wp\/v2\/pages"}],"about":[{"href":"https:\/\/semmelweis.hu\/arc\/wp-json\/wp\/v2\/types\/page"}],"author":[{"embeddable":true,"href":"https:\/\/semmelweis.hu\/arc\/wp-json\/wp\/v2\/users\/101648"}],"replies":[{"embeddable":true,"href":"https:\/\/semmelweis.hu\/arc\/wp-json\/wp\/v2\/comments?post=1101"}],"version-history":[{"count":1,"href":"https:\/\/semmelweis.hu\/arc\/wp-json\/wp\/v2\/pages\/1101\/revisions"}],"predecessor-version":[{"id":1102,"href":"https:\/\/semmelweis.hu\/arc\/wp-json\/wp\/v2\/pages\/1101\/revisions\/1102"}],"up":[{"embeddable":true,"href":"https:\/\/semmelweis.hu\/arc\/wp-json\/wp\/v2\/pages\/900"}],"wp:attachment":[{"href":"https:\/\/semmelweis.hu\/arc\/wp-json\/wp\/v2\/media?parent=1101"}],"wp:term":[{"taxonomy":"category","embeddable":true,"href":"https:\/\/semmelweis.hu\/arc\/wp-json\/wp\/v2\/categories?post=1101"},{"taxonomy":"post_tag","embeddable":true,"href":"https:\/\/semmelweis.hu\/arc\/wp-json\/wp\/v2\/tags?post=1101"}],"curies":[{"name":"wp","href":"https:\/\/api.w.org\/{rel}","templated":true}]}}