{"id":1755,"date":"2022-07-08T11:15:38","date_gmt":"2022-07-08T09:15:38","guid":{"rendered":"https:\/\/semmelweis.hu\/apolasvezetes\/?page_id=1755"},"modified":"2026-04-02T09:55:36","modified_gmt":"2026-04-02T07:55:36","slug":"gyermek-intenziv-szakapolo","status":"publish","type":"page","link":"https:\/\/semmelweis.hu\/apolasvezetes\/okj-kepzesek\/okj-s-kepzesek\/gyermek-intenziv-szakapolo\/","title":{"rendered":"Gyermek intenz\u00edv szak\u00e1pol\u00f3"},"content":{"rendered":"<p><strong>F e l h \u00ed v \u00e1 s<\/strong><\/p>\n<p><strong>A Semmelweis Egyetem <\/strong><strong>a Gyermekgy\u00f3gy\u00e1szati Klinika szakmai vezet\u00e9s\u00e9vel <\/strong><strong>\u00e9s az <\/strong><strong>\u00c1pol\u00e1svezet\u00e9si \u00e9s Szakdolgoz\u00f3i Oktat\u00e1si Igazgat\u00f3s\u00e1g szervez\u00e9s\u00e9ben<\/strong><\/p>\n<p><strong>Gyermek intenz\u00edv szak\u00e1pol\u00f3 <\/strong><\/p>\n<p>(programk\u00f6vetelm\u00e9ny azonos\u00edt\u00f3 sz\u00e1ma: 09135004)<\/p>\n<p><strong><em>\u00a0<\/em><\/strong>k\u00e9pz\u00e9st ind\u00edt.<\/p>\n<p><strong>\u00a0<\/strong><strong>Feln\u0151ttk\u00e9pz\u0151 megnevez\u00e9se \u00e9s enged\u00e9lysz\u00e1ma<\/strong>: Semmelweis Egyetem, E\/2020\/000214<\/p>\n<p><strong>\u00a0<\/strong><strong>Jelentkez\u00e9si hat\u00e1rid\u0151: 2026. szeptember 1.<\/strong><\/p>\n<p><strong>K\u00e9pz\u00e9s v\u00e1rhat\u00f3 indul\u00e1sa: 2026. szeptember 9.<\/strong><\/p>\n<p><strong>\u00a0<\/strong>Szakmai vezet\u0151: Prof. Dr. Szab\u00f3 Attila klinikaigazgat\u00f3<\/p>\n<p style=\"text-align: left\">\u00a0Klinikai vezet\u0151 \u00e1pol\u00f3: Czira Anita<\/p>\n<p>\u00c9vfolyamvezet\u0151: Nagy Edit oktat\u00e1si \u00fcgyek\u00e9rt felel\u0151s klinikai vezet\u0151\u00e1pol\u00f3-helyettes<\/p>\n<p><em>\u00a0<\/em><strong>A k\u00e9pz\u00e9s \u00f3rasz\u00e1ma:<\/strong> 600 \u00f3ra<em> (240 \u00f3ra elm\u00e9let, 360 \u00f3ra gyakorlat) <\/em><\/p>\n<p><em>\u00a0<\/em><strong>Elm\u00e9leti oktat\u00e1s helysz\u00edne:<\/strong> Semmelweis Egyetem Gyermekgy\u00f3gy\u00e1szati Klinika B\u00f3kay utcai r\u00e9szleg, 1083 Budapest, B\u00f3kay J\u00e1nos utca 53-54. Az elm\u00e9leti oktat\u00e1s heti egy alkalommal, szerdai napokon, 9.00 \u00f3rai kezd\u00e9ssel val\u00f3sul meg.\u00a0<\/p>\n<p><strong>Gyakorlati oktat\u00e1s:<\/strong> a k\u00e9pz\u00e9si program r\u00e9sz\u00e9t k\u00e9pezi<\/p>\n<p><em>\u00a0<\/em><strong>K\u00e9pz\u00e9si d\u00edj:<\/strong> 230.000 forint\u00a0\u00a0<\/p>\n<p>A k\u00e9pz\u00e9si d\u00edj a k\u00e9pes\u00edt\u0151 vizsga d\u00edj\u00e1t nem tartalmazza.<\/p>\n<p><strong><em>\u00a0<\/em><\/strong><strong><u>A k\u00e9pz\u00e9s megkezd\u00e9s\u00e9nek felt\u00e9tele<\/u><\/strong><u>:<\/u><\/p>\n<ul>\n<li><strong>Iskolai el\u0151k\u00e9pzetts\u00e9g<\/strong>: \u00e9retts\u00e9gi v\u00e9gzetts\u00e9g<\/li>\n<li><strong>Szakmai el\u0151k\u00e9pzetts\u00e9g: <\/strong>\u00e9retts\u00e9gi v\u00e9gzetts\u00e9get k\u00f6vet\u0151 minimum h\u00e1rom \u00e9ves \u00e9s legal\u00e1bb MKKR 5 besorol\u00e1s\u00fa \u00e1pol\u00f3i\/gyermek\u00e1pol\u00f3i v\u00e9gzetts\u00e9g<\/li>\n<li><strong>El\u0151\u00edrt gyakorlat: <\/strong>1 \u00e9v gyermek intenz\u00edv betegell\u00e1t\u00f3 oszt\u00e1lyon, \u00e1pol\u00f3 munkak\u00f6rben t\u00f6lt\u00f6tt szakmai gyakorlat<\/li>\n<li><strong>Eg\u00e9szs\u00e9g\u00fcgyi alkalmass\u00e1gi k\u00f6vetelm\u00e9ny<\/strong>: eg\u00e9szs\u00e9g\u00fcgyi alkalmass\u00e1gi igazol\u00e1s<\/li>\n<\/ul>\n<p><strong>A k\u00e9pz\u00e9s sikeres elv\u00e9gz\u00e9s\u00e9t k\u00f6vet\u0151en a K\u00e9pz\u0151 tan\u00fas\u00edtv\u00e1nyt \u00e1ll\u00edt ki, amely a k\u00e9pes\u00edt\u0151 vizsg\u00e1ra t\u00f6rt\u00e9n\u0151 jelentkez\u00e9s el\u0151felt\u00e9tele<\/strong>. A szakmai k\u00e9pz\u00e9shez kapcsol\u00f3d\u00f3an megszerezhet\u0151 szakk\u00e9pes\u00edt\u00e9s megszerz\u00e9s\u00e9re ir\u00e1nyul\u00f3 k\u00e9pes\u00edt\u0151 vizsg\u00e1t a nemzeti akkredit\u00e1l\u00e1sr\u00f3l sz\u00f3l\u00f3 t\u00f6rv\u00e9ny szerinti akkredit\u00e1l\u00f3 szerv \u00e1ltal szem\u00e9lytan\u00fas\u00edt\u00f3 szervezetk\u00e9nt akkredit\u00e1lt vizsgak\u00f6zpont szervezhet.\u00a0\u00a0\u00a0\u00a0\u00a0\u00a0\u00a0\u00a0\u00a0\u00a0\u00a0\u00a0\u00a0\u00a0\u00a0\u00a0\u00a0\u00a0\u00a0\u00a0<em>\u00a0<\/em><\/p>\n<p><strong><u>Felvil\u00e1gos\u00edt\u00e1s szervez\u00e9si k\u00e9rd\u00e9sekben<\/u>:<\/strong><\/p>\n<p>L\u00f3csi Anna M\u00e1ria, oktat\u00e1sszervez\u0151<\/p>\n<p>Semmelweis Egyetem \u00c1pol\u00e1svezet\u00e9si \u00e9s Szakdolgoz\u00f3i Oktat\u00e1si Igazgat\u00f3s\u00e1g<\/p>\n<p>1091 Budapest, \u00dcll\u0151i \u00fat 25.<\/p>\n<p>Email: locsi.anna.maria@semmelweis.hu<\/p>\n<p>\u00a0Telefon: 06 20\u00a0825 97 98<\/p>\n<p><strong><u>Felvil\u00e1gos\u00edt\u00e1s szakmai k\u00e9rd\u00e9sekben<\/u>:<\/strong><\/p>\n<p>Nagy Edit, oktat\u00e1si \u00fcgyek\u00e9rt felel\u0151s klinikai vezet\u0151\u00e1pol\u00f3-helyettes<\/p>\n<p>Semmelweis Egyetem Gyermekgy\u00f3gy\u00e1szati Klinika\u00a0<\/p>\n<p>Email: nagy.edit@semmelweis.hu<\/p>\n<p>Telefon: 06 20\u00a0825 82 70<\/p>\n<p>&#8212;&#8212;&#8212;&#8212;&#8212;&#8212;&#8212;&#8212;&#8212;&#8212;&#8212;&#8212;&#8212;&#8212;&#8212;&#8212;&#8212;&#8212;&#8212;&#8212;&#8212;&#8212;&#8212;&#8212;&#8212;&#8212;&#8212;&#8212;&#8212;&#8211;<\/p>\n<p>Programk\u00f6vetelm\u00e9ny:<\/p>\n<p><a href=\"https:\/\/semmelweis.hu\/apolasvezetes\/files\/2024\/09\/Gyermek-intenziv-szakapolo_Programkovetelmeny.pdf\">Gyermek intenz\u00edv szak\u00e1pol\u00f3_Programk\u00f6vetelm\u00e9ny<\/a><\/p>\n<p>K\u00e9pz\u00e9si program:\u00a0<\/p>\n<p><a href=\"https:\/\/semmelweis.hu\/apolasvezetes\/files\/2024\/09\/Gyermek-intenziv-szakapolo-SEMMELWEIS-EGYETEM-1.pdf\">Gyermek intenz\u00edv szak\u00e1pol\u00f3 &#8211; SEMMELWEIS EGYETEM<\/a><\/p>\n<p>&nbsp;<\/p>\n","protected":false},"excerpt":{"rendered":"<p>F e l h \u00ed v \u00e1 s A Semmelweis Egyetem a Gyermekgy\u00f3gy\u00e1szati Klinika szakmai vezet\u00e9s\u00e9vel \u00e9s az \u00c1pol\u00e1svezet\u00e9si \u00e9s Szakdolgoz\u00f3i Oktat\u00e1si Igazgat\u00f3s\u00e1g szervez\u00e9s\u00e9ben Gyermek intenz\u00edv szak\u00e1pol\u00f3 (programk\u00f6vetelm\u00e9ny azonos\u00edt\u00f3 sz\u00e1ma: 09135004) \u00a0k\u00e9pz\u00e9st ind\u00edt. \u00a0Feln\u0151ttk\u00e9pz\u0151 megnevez\u00e9se \u00e9s enged\u00e9lysz\u00e1ma: Semmelweis Egyetem, E\/2020\/000214 \u00a0Jelentkez\u00e9si hat\u00e1rid\u0151: 2026. szeptember 1. K\u00e9pz\u00e9s v\u00e1rhat\u00f3 indul\u00e1sa: 2026. szeptember 9. \u00a0Szakmai vezet\u0151: Prof. Dr. &hellip;<\/p>\n","protected":false},"author":101665,"featured_media":0,"parent":1281,"menu_order":0,"comment_status":"closed","ping_status":"closed","template":"","meta":{"_acf_changed":false,"footnotes":""},"categories":[29],"tags":[],"class_list":["post-1755","page","type-page","status-publish","hentry","category-kepzeseink"],"acf":[],"_links":{"self":[{"href":"https:\/\/semmelweis.hu\/apolasvezetes\/wp-json\/wp\/v2\/pages\/1755","targetHints":{"allow":["GET"]}}],"collection":[{"href":"https:\/\/semmelweis.hu\/apolasvezetes\/wp-json\/wp\/v2\/pages"}],"about":[{"href":"https:\/\/semmelweis.hu\/apolasvezetes\/wp-json\/wp\/v2\/types\/page"}],"author":[{"embeddable":true,"href":"https:\/\/semmelweis.hu\/apolasvezetes\/wp-json\/wp\/v2\/users\/101665"}],"replies":[{"embeddable":true,"href":"https:\/\/semmelweis.hu\/apolasvezetes\/wp-json\/wp\/v2\/comments?post=1755"}],"version-history":[{"count":10,"href":"https:\/\/semmelweis.hu\/apolasvezetes\/wp-json\/wp\/v2\/pages\/1755\/revisions"}],"predecessor-version":[{"id":2306,"href":"https:\/\/semmelweis.hu\/apolasvezetes\/wp-json\/wp\/v2\/pages\/1755\/revisions\/2306"}],"up":[{"embeddable":true,"href":"https:\/\/semmelweis.hu\/apolasvezetes\/wp-json\/wp\/v2\/pages\/1281"}],"wp:attachment":[{"href":"https:\/\/semmelweis.hu\/apolasvezetes\/wp-json\/wp\/v2\/media?parent=1755"}],"wp:term":[{"taxonomy":"category","embeddable":true,"href":"https:\/\/semmelweis.hu\/apolasvezetes\/wp-json\/wp\/v2\/categories?post=1755"},{"taxonomy":"post_tag","embeddable":true,"href":"https:\/\/semmelweis.hu\/apolasvezetes\/wp-json\/wp\/v2\/tags?post=1755"}],"curies":[{"name":"wp","href":"https:\/\/api.w.org\/{rel}","templated":true}]}}