{"id":1475,"date":"2020-01-16T11:39:23","date_gmt":"2020-01-16T10:39:23","guid":{"rendered":"http:\/\/semmelweis.hu\/apolasvezetes\/?page_id=1475"},"modified":"2024-04-29T14:12:08","modified_gmt":"2024-04-29T12:12:08","slug":"hirek","status":"publish","type":"page","link":"https:\/\/semmelweis.hu\/apolasvezetes\/hirek\/","title":{"rendered":"H\u00edrek"},"content":{"rendered":"<p>&nbsp;<\/p>\n<p><span style=\"color: #003366\">I<a href=\"https:\/\/semmelweis.hu\/apolasvezetes\/okj-kepzesek\/okj-s-kepzesek\/\" target=\"_blank\" rel=\"noopener noreferrer\">skolarendszeren k\u00edv\u00fcli k\u00e9pz\u00e9seink<\/a><\/span><\/p>\n<p><span style=\"color: #003366\"><a href=\"https:\/\/semmelweis.hu\/apolasvezetes\/okj-kepzesek\/szakdolgozok-tovabbkepzese\/kotelezo-szakmacsoportos-tovabbkepzesek\/\" target=\"_blank\" rel=\"noopener noreferrer\">K\u00f6telez\u0151 szakmacsoportos tov\u00e1bbk\u00e9pz\u00e9sek<\/a><\/span><\/p>\n","protected":false},"excerpt":{"rendered":"<p>&nbsp;<br \/>\nI<a href=\"https:\/\/semmelweis.hu\/apolasvezetes\/okj-kepzesek\/okj-s-kepzesek\/\" target=\"_blank\" rel=\"noopener noreferrer\">skolarendszeren k\u00edv\u00fcli k\u00e9pz\u00e9seink<\/a><br \/>\n<a href=\"https:\/\/semmelweis.hu\/apolasvezetes\/okj-kepzesek\/szakdolgozok-tovabbkepzese\/kotelezo-szakmacsoportos-tovabbkepzesek\/\" target=\"_blank\" rel=\"noopener noreferrer\">K\u00f6telez\u0151 szakmacsoportos tov\u00e1bbk\u00e9pz\u00e9sek<\/a><\/p>\n","protected":false},"author":101665,"featured_media":0,"parent":0,"menu_order":0,"comment_status":"closed","ping_status":"closed","template":"","meta":{"_acf_changed":false,"footnotes":""},"categories":[],"tags":[],"class_list":["post-1475","page","type-page","status-publish","hentry"],"acf":[],"_links":{"self":[{"href":"https:\/\/semmelweis.hu\/apolasvezetes\/wp-json\/wp\/v2\/pages\/1475","targetHints":{"allow":["GET"]}}],"collection":[{"href":"https:\/\/semmelweis.hu\/apolasvezetes\/wp-json\/wp\/v2\/pages"}],"about":[{"href":"https:\/\/semmelweis.hu\/apolasvezetes\/wp-json\/wp\/v2\/types\/page"}],"author":[{"embeddable":true,"href":"https:\/\/semmelweis.hu\/apolasvezetes\/wp-json\/wp\/v2\/users\/101665"}],"replies":[{"embeddable":true,"href":"https:\/\/semmelweis.hu\/apolasvezetes\/wp-json\/wp\/v2\/comments?post=1475"}],"version-history":[{"count":10,"href":"https:\/\/semmelweis.hu\/apolasvezetes\/wp-json\/wp\/v2\/pages\/1475\/revisions"}],"predecessor-version":[{"id":1791,"href":"https:\/\/semmelweis.hu\/apolasvezetes\/wp-json\/wp\/v2\/pages\/1475\/revisions\/1791"}],"wp:attachment":[{"href":"https:\/\/semmelweis.hu\/apolasvezetes\/wp-json\/wp\/v2\/media?parent=1475"}],"wp:term":[{"taxonomy":"category","embeddable":true,"href":"https:\/\/semmelweis.hu\/apolasvezetes\/wp-json\/wp\/v2\/categories?post=1475"},{"taxonomy":"post_tag","embeddable":true,"href":"https:\/\/semmelweis.hu\/apolasvezetes\/wp-json\/wp\/v2\/tags?post=1475"}],"curies":[{"name":"wp","href":"https:\/\/api.w.org\/{rel}","templated":true}]}}