{"id":1281,"date":"2016-08-04T16:03:15","date_gmt":"2016-08-04T14:03:15","guid":{"rendered":"http:\/\/semmelweis.hu\/apolasvezetes\/?page_id=1281"},"modified":"2025-07-31T09:01:51","modified_gmt":"2025-07-31T07:01:51","slug":"okj-s-kepzesek","status":"publish","type":"page","link":"https:\/\/semmelweis.hu\/apolasvezetes\/okj-kepzesek\/okj-s-kepzesek\/","title":{"rendered":"Iskolarendszeren k\u00edv\u00fcli k\u00e9pz\u00e9sek"},"content":{"rendered":"<p><span style=\"color: #000000\"><strong>Tisztelt \u00c9rdekl\u0151d\u0151k \u00e9s Jelentkez\u0151k!<\/strong><\/span><\/p>\n<p>A szakk\u00e9pz\u00e9sr\u0151l sz\u00f3l\u00f3 2011. \u00e9vi CLXXXVII. t\u00f6rv\u00e9nyt (a tov\u00e1bbiakban: Szt.) a \u201emunkaer\u0151piac \u00e9s a gazdas\u00e1g \u00e1ltal keresett \u00e9s elismert szakk\u00e9pes\u00edt\u00e9seknek az es\u00e9lyegyenl\u0151s\u00e9g elve \u00e9rv\u00e9nyes\u00edt\u00e9s\u00e9vel t\u00f6rt\u00e9n\u0151 megszerz\u00e9s\u00e9nek biztos\u00edt\u00e1sa, a glob\u00e1lis \u00e9s a nemzetgazdas\u00e1g ig\u00e9nyeinek kiel\u00e9g\u00edt\u00e9s\u00e9re egyar\u00e1nt alkalmas, rugalmas, a foglalkoztathat\u00f3s\u00e1got el\u0151seg\u00edt\u0151 szakk\u00e9pz\u00e9si rendszer m\u0171k\u00f6d\u00e9s\u00e9nek el\u0151seg\u00edt\u00e9se, valamint az Alapt\u00f6rv\u00e9nyben meghat\u00e1rozott m\u0171vel\u0151d\u00e9shez \u00e9s munk\u00e1hoz val\u00f3 jog \u00e9rv\u00e9nyes\u00fcl\u00e9se c\u00e9lj\u00e1b\u00f3l&#8221; alkotta az Orsz\u00e1ggy\u0171l\u00e9s.<\/p>\n<p><strong>A szakk\u00e9pzett munkaer\u0151 felk\u00e9sz\u00edt\u00e9se:<\/strong><\/p>\n<ul>\n<li>a k\u00f6zoktat\u00e1s r\u00e9sz\u00e9t k\u00e9pez\u0151 iskolai rendszer\u0171 szakk\u00e9pz\u00e9s,<\/li>\n<li>a fels\u0151oktat\u00e1s r\u00e9sz\u00e9t k\u00e9pez\u0151 fels\u0151fok\u00fa szakk\u00e9pz\u00e9s \u00e9s<\/li>\n<li>az iskolarendszeren k\u00edv\u00fcli szakk\u00e9pz\u00e9s keretei k\u00f6z\u00f6tt folyhat.<\/li>\n<\/ul>\n<p><strong>Az iskolarendszeren k\u00edv\u00fcli szakk\u00e9pz\u00e9s<\/strong><\/p>\n<p>Az iskolarendszeren k\u00edv\u00fcli szakk\u00e9pz\u00e9s nem k\u00f6t\u0151dik az \u00e9v meghat\u00e1rozott szakasz\u00e1hoz, a k\u00f6t\u00f6tt int\u00e9zm\u00e9nyi keretekhez; az ig\u00e9nyekhez gyorsan igazod\u00f3 form\u00e1ban szervezhet\u0151 meg. Az iskolarendszeren k\u00edv\u00fcli szakk\u00e9pz\u00e9s eset\u00e9n a r\u00e9sztvev\u0151ket nem tanul\u00f3i jogviszony keret\u00e9ben k\u00e9pzik, hanem szerz\u0151d\u00e9si keretek k\u00f6z\u00f6tt.<\/p>\n<p><strong>Feln\u0151ttk\u00e9pz\u00e9si enged\u00e9lysz\u00e1m: E\/2020\/000214<\/strong><\/p>\n<p><a href=\"https:\/\/semmelweis.hu\/apolasvezetes\/files\/2025\/07\/minosegpolitikai_nyilatkozat_2025.07.pdf\">Felnottkepzesi Minosegpolitika<\/a><\/p>\n<p><a href=\"https:\/\/semmelweis.hu\/apolasvezetes\/files\/2025\/07\/Panaszkezelesi-eljaras-Fnottkepzes-2024-javitott.pdf\">Panaszkezelesi eljaras_Fnottkepzes_2024. junius<\/a><\/p>\n<p><a href=\"https:\/\/semmelweis.hu\/apolasvezetes\/files\/2024\/06\/U05a_Panaszfelveteli-urlap_elektronikus.docx\">U05a_Panaszfelv\u00e9teli \u0171rlap_elektronikus<\/a><\/p>\n<p><strong>Igazgat\u00f3s\u00e1gunk \u00e1ltal szervezett k\u00e9pz\u00e9sek:<\/strong><\/p>\n<p><a href=\"https:\/\/semmelweis.hu\/apolasvezetes\/okj-kepzesek\/okj-s-kepzesek\/felnott-intenziv-szakapolo\/\"><strong>Feln\u0151tt intenz\u00edv szak\u00e1pol\u00f3<\/strong><\/a>\u00a0 \u00a0 \u00a0 \u00a0 \u00a0<\/p>\n<p><strong><a href=\"https:\/\/semmelweis.hu\/apolasvezetes\/gyermek-intenziv-szakapolo\/\">Gyermek intenz\u00edv szak\u00e1pol\u00f3<\/a><\/strong><\/p>\n<p><strong><a href=\"https:\/\/semmelweis.hu\/apolasvezetes\/okj-kepzesek\/okj-s-kepzesek\/egeszsegugyi-gyakorlatvezeto\/\">Eg\u00e9szs\u00e9g\u00fcgyi gyakorlatvezet\u0151<\/a><\/strong><\/p>\n<p><span style=\"color: #003366\">K\u00e9pz\u00e9si program: <a href=\"https:\/\/semmelweis.hu\/apolasvezetes\/files\/2024\/10\/Kepzesi-program.pdf\">K\u00e9pz\u00e9si program<\/a><\/span><\/p>\n<p><a href=\"https:\/\/semmelweis.hu\/apolasvezetes\/files\/2024\/09\/Felhivas_Egeszsegugyi-gyakorlatvezeto.pdf\">Felhivas_Egeszsegugyi gyakorlatvezeto<\/a><\/p>\n<p><strong>\u00dcgyf\u00e9lfogad\u00e1si rend az iskolarendszeren k\u00edv\u00fcli k\u00e9pz\u00e9sekkel kapcsolatosan:<\/strong><br \/>\nSzem\u00e9lyesen: h\u00e9tf\u0151 \u2013 p\u00e9ntek: 12:00-14:00 \u00f3ra k\u00f6z\u00f6tt az \u00c1pol\u00e1svezet\u00e9si \u00e9s Szakdolgoz\u00f3i Oktat\u00e1si Igazgat\u00f3s\u00e1gon<br \/>\nTelefonon: +36 20 825 97 98<br \/>\nE-mail: locsi.anna.maria@semmelweis.hu<\/p>\n","protected":false},"excerpt":{"rendered":"<p>Tisztelt \u00c9rdekl\u0151d\u0151k \u00e9s Jelentkez\u0151k! A szakk\u00e9pz\u00e9sr\u0151l sz\u00f3l\u00f3 2011. \u00e9vi CLXXXVII. t\u00f6rv\u00e9nyt (a tov\u00e1bbiakban: Szt.) a \u201emunkaer\u0151piac \u00e9s a gazdas\u00e1g \u00e1ltal keresett \u00e9s elismert szakk\u00e9pes\u00edt\u00e9seknek az es\u00e9lyegyenl\u0151s\u00e9g elve \u00e9rv\u00e9nyes\u00edt\u00e9s\u00e9vel t\u00f6rt\u00e9n\u0151 megszerz\u00e9s\u00e9nek biztos\u00edt\u00e1sa, a glob\u00e1lis \u00e9s a nemzetgazdas\u00e1g ig\u00e9nyeinek kiel\u00e9g\u00edt\u00e9s\u00e9re egyar\u00e1nt alkalmas, rugalmas, a foglalkoztathat\u00f3s\u00e1got el\u0151seg\u00edt\u0151 szakk\u00e9pz\u00e9si rendszer m\u0171k\u00f6d\u00e9s\u00e9nek el\u0151seg\u00edt\u00e9se, valamint az Alapt\u00f6rv\u00e9nyben meghat\u00e1rozott m\u0171vel\u0151d\u00e9shez \u00e9s munk\u00e1hoz &hellip;<\/p>\n","protected":false},"author":101520,"featured_media":0,"parent":8,"menu_order":2,"comment_status":"closed","ping_status":"closed","template":"","meta":{"_acf_changed":false,"footnotes":""},"categories":[],"tags":[],"class_list":["post-1281","page","type-page","status-publish","hentry"],"acf":[],"_links":{"self":[{"href":"https:\/\/semmelweis.hu\/apolasvezetes\/wp-json\/wp\/v2\/pages\/1281","targetHints":{"allow":["GET"]}}],"collection":[{"href":"https:\/\/semmelweis.hu\/apolasvezetes\/wp-json\/wp\/v2\/pages"}],"about":[{"href":"https:\/\/semmelweis.hu\/apolasvezetes\/wp-json\/wp\/v2\/types\/page"}],"author":[{"embeddable":true,"href":"https:\/\/semmelweis.hu\/apolasvezetes\/wp-json\/wp\/v2\/users\/101520"}],"replies":[{"embeddable":true,"href":"https:\/\/semmelweis.hu\/apolasvezetes\/wp-json\/wp\/v2\/comments?post=1281"}],"version-history":[{"count":12,"href":"https:\/\/semmelweis.hu\/apolasvezetes\/wp-json\/wp\/v2\/pages\/1281\/revisions"}],"predecessor-version":[{"id":2114,"href":"https:\/\/semmelweis.hu\/apolasvezetes\/wp-json\/wp\/v2\/pages\/1281\/revisions\/2114"}],"up":[{"embeddable":true,"href":"https:\/\/semmelweis.hu\/apolasvezetes\/wp-json\/wp\/v2\/pages\/8"}],"wp:attachment":[{"href":"https:\/\/semmelweis.hu\/apolasvezetes\/wp-json\/wp\/v2\/media?parent=1281"}],"wp:term":[{"taxonomy":"category","embeddable":true,"href":"https:\/\/semmelweis.hu\/apolasvezetes\/wp-json\/wp\/v2\/categories?post=1281"},{"taxonomy":"post_tag","embeddable":true,"href":"https:\/\/semmelweis.hu\/apolasvezetes\/wp-json\/wp\/v2\/tags?post=1281"}],"curies":[{"name":"wp","href":"https:\/\/api.w.org\/{rel}","templated":true}]}}