{"id":9210,"date":"2014-07-31T14:31:34","date_gmt":"2014-07-31T12:31:34","guid":{"rendered":"http:\/\/semmelweis.hu\/aok\/?page_id=9210"},"modified":"2026-02-26T15:20:01","modified_gmt":"2026-02-26T14:20:01","slug":"nyilt-nap","status":"publish","type":"page","link":"https:\/\/semmelweis.hu\/aok\/felveteli\/nyilt-nap\/","title":{"rendered":"Online ny\u00edlt nap"},"content":{"rendered":"<h2 style=\"text-align: center\">\u00c1LTAL\u00c1NOS ORVOSTUDOM\u00c1NYI KAR\u00a0 &#8211;<\/h2>\n<h2 style=\"text-align: center\">ONLINE NY\u00cdLT NAP\u00a02026. janu\u00e1r 22.-\u00e9n ker\u00fclt megrendez\u00e9sre<\/h2>\n<p>&nbsp;<\/p>\n<p><strong>Programok:<\/strong><\/p>\n<ul>\n<li><strong>Rektori \u00e9s D\u00e9k\u00e1ni k\u00f6sz\u00f6nt\u0151:<\/strong> Dr. Merkely B\u00e9la rektor \u00e9s a kar D\u00e9k\u00e1nja inspir\u00e1l\u00f3 gondolatokkal nyitj\u00e1k meg a napot, betekint\u00e9st ny\u00fajtva az egyetem mindennapjaiba, a k\u00e9pz\u00e9s kiemelked\u0151 sz\u00ednvonal\u00e1ba.<\/li>\n<li><strong>\u00c1ltal\u00e1nos t\u00e1j\u00e9koztat\u00f3k:<\/strong> Ismerd meg, milyen lehet\u0151s\u00e9geket k\u00edn\u00e1l a kar, \u00e9s milyen l\u00e9p\u00e9sek vezetnek a sikeres felv\u00e9telihez!<\/li>\n<li><strong>Oktat\u00f3i F\u00f3rum:<\/strong> Besz\u00e9lgess, tedd fel k\u00e9rd\u00e9seid a kar neves oktat\u00f3inak, ismerd meg, hogyan l\u00e1tj\u00e1k \u0151k a k\u00e9pz\u00e9st.<\/li>\n<li><strong>Az \u00c1OK oktat\u00f3i szemmel:<\/strong> K\u00fcl\u00f6nleges el\u0151ad\u00e1s, ahol bepillant\u00e1st nyerhetsz az orvosi hivat\u00e1s sz\u00e9ps\u00e9geibe.<\/li>\n<li><strong>Tudom\u00e1nyos Di\u00e1kk\u00f6ri Tan\u00e1cs \u00e9s a Kerpel-Fronius \u00d6d\u00f6n Tehets\u00e9ggondoz\u00f3 Program bemutat\u00f3ja:<\/strong> Fedezd fel, hogyan kapcsol\u00f3dhatsz m\u00e1r egyetemi \u00e9veid alatt izgalmas kutat\u00e1si projektekhez, ismerd meg az egyed\u00fcl\u00e1ll\u00f3 tehets\u00e9ggondoz\u00e1si lehet\u0151s\u00e9geket, amelyek seg\u00edtenek kiemelkedni a tanulm\u00e1nyok \u00e9s a szakmai p\u00e1lyafut\u00e1s sor\u00e1n.<\/li>\n<li><strong>Hallgat\u00f3i F\u00f3rum:<\/strong> \u201eBesz\u00e9lgess\u201d jelenlegi hallgat\u00f3kkal, hallgasd meg szem\u00e9lyes tapasztalataikat, k\u00e9rdezz b\u00e1tran!<\/li>\n<\/ul>\n<h3 style=\"text-align: center\">\u00a0<\/h3>\n<div class=\"keretes w-100\">\n<h5 style=\"text-align: center\">A rektori nyit\u00f3besz\u00e9lget\u00e9s <a href=\"https:\/\/www.youtube.com\/watch?v=GhwAG8UexfM\" target=\"_blank\" rel=\"noopener\">ITT \u00c9RHET\u0150 EL!<\/a><\/h5>\n<h5 style=\"text-align: center\">\n<p>Az \u00c1OK teljes programja <a href=\"https:\/\/www.youtube.com\/watch?v=L181D9G5GEA\" target=\"_blank\" rel=\"noopener\">itt \u00e9rhet\u0151 el!<\/a><\/p>\n<\/h5>\n<\/div>\n<p>&nbsp;<\/p>\n<h2>CAMPUS TOUR<\/h2>\n<p>Az online ny\u00edlt nap mellett szem\u00e9lyesen a Campus Tour sor\u00e1n jelenlegi hallgat\u00f3k vezett\u00e9k k\u00f6rbe az \u00e9rdekl\u0151d\u0151ket, \u00e9s v\u00e1laszoltak a felmer\u00fcl\u0151 k\u00e9rd\u00e9sre (2026.02.10-11 volt ez a rendezv\u00e9ny).<\/p>\n<p>A 2025. janu\u00e1r 23.-\u00e1n megrendez\u00e9sre ker\u00fclt online nyilt nap felv\u00e9tele<a href=\"https:\/\/kaltura.semmelweis.hu\/playlist\/dedicated\/1_l2ai19fq\/\" target=\"_blank\" rel=\"noopener\">\u00a0itt<\/a> tekinthet\u0151 meg.<\/p>\n","protected":false},"excerpt":{"rendered":"<p>\u00c1LTAL\u00c1NOS ORVOSTUDOM\u00c1NYI KAR\u00a0 &#8211; ONLINE NY\u00cdLT NAP\u00a02026. janu\u00e1r 22.-\u00e9n ker\u00fclt megrendez\u00e9sre &nbsp; Programok: Rektori \u00e9s D\u00e9k\u00e1ni k\u00f6sz\u00f6nt\u0151: Dr. Merkely B\u00e9la rektor \u00e9s a kar D\u00e9k\u00e1nja inspir\u00e1l\u00f3 gondolatokkal nyitj\u00e1k meg a napot, betekint\u00e9st ny\u00fajtva az egyetem mindennapjaiba, a k\u00e9pz\u00e9s kiemelked\u0151 sz\u00ednvonal\u00e1ba. \u00c1ltal\u00e1nos t\u00e1j\u00e9koztat\u00f3k: Ismerd meg, milyen lehet\u0151s\u00e9geket k\u00edn\u00e1l a kar, \u00e9s milyen l\u00e9p\u00e9sek vezetnek a sikeres &hellip;<\/p>\n","protected":false},"author":12,"featured_media":0,"parent":9192,"menu_order":3,"comment_status":"closed","ping_status":"closed","template":"","meta":{"_acf_changed":false,"footnotes":""},"categories":[],"tags":[],"class_list":["post-9210","page","type-page","status-publish","hentry"],"acf":[],"publishpress_future_action":{"enabled":false,"date":"1970-01-01 01:00:00","action":"","terms":[],"taxonomy":"","browser_timezone_offset":0},"_links":{"self":[{"href":"https:\/\/semmelweis.hu\/aok\/wp-json\/wp\/v2\/pages\/9210","targetHints":{"allow":["GET"]}}],"collection":[{"href":"https:\/\/semmelweis.hu\/aok\/wp-json\/wp\/v2\/pages"}],"about":[{"href":"https:\/\/semmelweis.hu\/aok\/wp-json\/wp\/v2\/types\/page"}],"author":[{"embeddable":true,"href":"https:\/\/semmelweis.hu\/aok\/wp-json\/wp\/v2\/users\/12"}],"replies":[{"embeddable":true,"href":"https:\/\/semmelweis.hu\/aok\/wp-json\/wp\/v2\/comments?post=9210"}],"version-history":[{"count":14,"href":"https:\/\/semmelweis.hu\/aok\/wp-json\/wp\/v2\/pages\/9210\/revisions"}],"predecessor-version":[{"id":34271,"href":"https:\/\/semmelweis.hu\/aok\/wp-json\/wp\/v2\/pages\/9210\/revisions\/34271"}],"up":[{"embeddable":true,"href":"https:\/\/semmelweis.hu\/aok\/wp-json\/wp\/v2\/pages\/9192"}],"wp:attachment":[{"href":"https:\/\/semmelweis.hu\/aok\/wp-json\/wp\/v2\/media?parent=9210"}],"wp:term":[{"taxonomy":"category","embeddable":true,"href":"https:\/\/semmelweis.hu\/aok\/wp-json\/wp\/v2\/categories?post=9210"},{"taxonomy":"post_tag","embeddable":true,"href":"https:\/\/semmelweis.hu\/aok\/wp-json\/wp\/v2\/tags?post=9210"}],"curies":[{"name":"wp","href":"https:\/\/api.w.org\/{rel}","templated":true}]}}