{"id":34239,"date":"2026-02-20T10:59:12","date_gmt":"2026-02-20T09:59:12","guid":{"rendered":"https:\/\/semmelweis.hu\/aok\/?page_id=34239"},"modified":"2026-04-16T15:29:54","modified_gmt":"2026-04-16T13:29:54","slug":"2026-februar-18-i-hatarozatok-4","status":"publish","type":"page","link":"https:\/\/semmelweis.hu\/aok\/a-karrol\/kari-tanacs\/a-kari-tanacs-hatarozatai\/2026-februar-18-i-hatarozatok-4\/","title":{"rendered":"2026. febru\u00e1r 18-i hat\u00e1rozatok"},"content":{"rendered":"<p><a href=\"https:\/\/semmelweis.hu\/aok\/files\/2026\/02\/7_pharma.pdf\" target=\"_blank\" rel=\"noopener\">7\/2026. (II.18.) sz\u00e1m\u00fa hat\u00e1rozat a Gy\u00f3gyszeripari innov\u00e1ci\u00f3 \u00e9s \u00fczleti menedzsment\/ Pharmaceutical Innovation and Business Administration mesterk\u00e9pz\u00e9si szak mintatanterv\u00e9nek m\u00f3dos\u00edt\u00e1s\u00e1r\u00f3l<\/a><\/p>\n<p><a href=\"https:\/\/semmelweis.hu\/aok\/files\/2026\/04\/PharmaMBA_mintatanterv_20260309_AOK_vegleges.xlsx.pdf\" target=\"_blank\" rel=\"noopener\">7\/2026. (II.18.) sz\u00e1m\u00fa hat\u00e1rozat a Gy\u00f3gyszeripari innov\u00e1ci\u00f3 \u00e9s \u00fczleti menedzsment\/ Pharmaceutical Innovation and Business Administration mesterk\u00e9pz\u00e9si szak mintatanterv\u00e9nek m\u00f3dos\u00edt\u00e1s\u00e1r\u00f3l &#8211; mell\u00e9klet<\/a><\/p>\n<p><a href=\"https:\/\/semmelweis.hu\/aok\/files\/2026\/02\/8_HKO_kovetelmenyrendszer.pdf\" target=\"_blank\" rel=\"noopener\">8\/2026. (II.18.) sz\u00e1m\u00fa hat\u00e1rozat a Hagyom\u00e1nyos k\u00ednai orvos szakir\u00e1ny\u00fa tov\u00e1bbk\u00e9pz\u00e9si szak tant\u00e1rgyi k\u00f6vetelm\u00e9nyrendszer\u00e9nek elfogad\u00e1s\u00e1r\u00f3l<\/a><\/p>\n<p><a href=\"https:\/\/semmelweis.hu\/aok\/files\/2026\/04\/melleklet.pdf\" target=\"_blank\" rel=\"noopener\">8\/2026. (II.18.) sz\u00e1m\u00fa hat\u00e1rozat a Hagyom\u00e1nyos k\u00ednai orvos szakir\u00e1ny\u00fa tov\u00e1bbk\u00e9pz\u00e9si szak tant\u00e1rgyi k\u00f6vetelm\u00e9nyrendszer\u00e9nek elfogad\u00e1s\u00e1r\u00f3l &#8211; mell\u00e9klet<\/a><\/p>\n","protected":false},"excerpt":{"rendered":"<p><a href=\"https:\/\/semmelweis.hu\/aok\/files\/2026\/02\/7_pharma.pdf\" target=\"_blank\" rel=\"noopener\">7\/2026. (II.18.) sz\u00e1m\u00fa hat\u00e1rozat a Gy\u00f3gyszeripari innov\u00e1ci\u00f3 \u00e9s \u00fczleti menedzsment\/ Pharmaceutical Innovation and Business Administration mesterk\u00e9pz\u00e9si szak mintatanterv\u00e9nek m\u00f3dos\u00edt\u00e1s\u00e1r\u00f3l<\/a><br \/>\n<a href=\"https:\/\/semmelweis.hu\/aok\/files\/2026\/04\/PharmaMBA_mintatanterv_20260309_AOK_vegleges.xlsx.pdf\" target=\"_blank\" rel=\"noopener\">7\/2026. (II.18.) sz\u00e1m\u00fa hat\u00e1rozat a Gy\u00f3gyszeripari innov\u00e1ci\u00f3 \u00e9s \u00fczleti menedzsment\/ Pharmaceutical Innovation and Business Administration mesterk\u00e9pz\u00e9si szak mintatanterv\u00e9nek m\u00f3dos\u00edt\u00e1s\u00e1r\u00f3l &#8211; mell\u00e9klet<\/a><br \/>\n<a href=\"https:\/\/semmelweis.hu\/aok\/files\/2026\/02\/8_HKO_kovetelmenyrendszer.pdf\" target=\"_blank\" rel=\"noopener\">8\/2026. (II.18.) sz\u00e1m\u00fa hat\u00e1rozat a Hagyom\u00e1nyos k\u00ednai orvos szakir\u00e1ny\u00fa tov\u00e1bbk\u00e9pz\u00e9si szak tant\u00e1rgyi k\u00f6vetelm\u00e9nyrendszer\u00e9nek elfogad\u00e1s\u00e1r\u00f3l<\/a><br \/>\n<a href=\"https:\/\/semmelweis.hu\/aok\/files\/2026\/04\/melleklet.pdf\" target=\"_blank\" rel=\"noopener\">8\/2026. (II.18.) sz\u00e1m\u00fa hat\u00e1rozat a Hagyom\u00e1nyos k\u00ednai orvos szakir\u00e1ny\u00fa tov\u00e1bbk\u00e9pz\u00e9si szak tant\u00e1rgyi k\u00f6vetelm\u00e9nyrendszer\u00e9nek elfogad\u00e1s\u00e1r\u00f3l &#8211; mell\u00e9klet<\/a><\/p>\n","protected":false},"author":101862,"featured_media":0,"parent":1141,"menu_order":0,"comment_status":"closed","ping_status":"closed","template":"","meta":{"_acf_changed":false,"footnotes":""},"categories":[],"tags":[],"class_list":["post-34239","page","type-page","status-publish","hentry"],"acf":[],"publishpress_future_action":{"enabled":false,"date":"1970-01-01 01:00:00","action":"","terms":[],"taxonomy":"","browser_timezone_offset":0},"_links":{"self":[{"href":"https:\/\/semmelweis.hu\/aok\/wp-json\/wp\/v2\/pages\/34239","targetHints":{"allow":["GET"]}}],"collection":[{"href":"https:\/\/semmelweis.hu\/aok\/wp-json\/wp\/v2\/pages"}],"about":[{"href":"https:\/\/semmelweis.hu\/aok\/wp-json\/wp\/v2\/types\/page"}],"author":[{"embeddable":true,"href":"https:\/\/semmelweis.hu\/aok\/wp-json\/wp\/v2\/users\/101862"}],"replies":[{"embeddable":true,"href":"https:\/\/semmelweis.hu\/aok\/wp-json\/wp\/v2\/comments?post=34239"}],"version-history":[{"count":4,"href":"https:\/\/semmelweis.hu\/aok\/wp-json\/wp\/v2\/pages\/34239\/revisions"}],"predecessor-version":[{"id":34398,"href":"https:\/\/semmelweis.hu\/aok\/wp-json\/wp\/v2\/pages\/34239\/revisions\/34398"}],"up":[{"embeddable":true,"href":"https:\/\/semmelweis.hu\/aok\/wp-json\/wp\/v2\/pages\/1141"}],"wp:attachment":[{"href":"https:\/\/semmelweis.hu\/aok\/wp-json\/wp\/v2\/media?parent=34239"}],"wp:term":[{"taxonomy":"category","embeddable":true,"href":"https:\/\/semmelweis.hu\/aok\/wp-json\/wp\/v2\/categories?post=34239"},{"taxonomy":"post_tag","embeddable":true,"href":"https:\/\/semmelweis.hu\/aok\/wp-json\/wp\/v2\/tags?post=34239"}],"curies":[{"name":"wp","href":"https:\/\/api.w.org\/{rel}","templated":true}]}}