{"id":34040,"date":"2025-12-17T13:50:27","date_gmt":"2025-12-17T12:50:27","guid":{"rendered":"https:\/\/semmelweis.hu\/aok\/?page_id=34040"},"modified":"2026-03-09T16:23:22","modified_gmt":"2026-03-09T15:23:22","slug":"hagyomanyos-kinai-orvos-szakiranyu-tovabbkepzes","status":"publish","type":"page","link":"https:\/\/semmelweis.hu\/aok\/oktatas\/szakiranyu-tovabbkepzesek\/hagyomanyos-kinai-orvos-szakiranyu-tovabbkepzes\/","title":{"rendered":"Hagyom\u00e1nyos k\u00ednai orvos szakir\u00e1ny\u00fa tov\u00e1bbk\u00e9pz\u00e9s"},"content":{"rendered":"<h1>Semmelweis Egyetem <br \/>\n\u00c1ltal\u00e1nos Orvostudom\u00e1nyi Kar<\/h1>\n<h1>Hagyom\u00e1nyos K\u00ednai Orvos szakir\u00e1ny\u00fa tov\u00e1bbk\u00e9pz\u00e9s<\/h1>\n<p><strong>A k\u00e9pz\u00e9s neve:\u00a0Hagyom\u00e1nyos k\u00ednai orvos <\/strong><br \/>\n<strong>A k\u00e9pz\u00e9s felel\u0151se:\u00a0<\/strong>Dr. E\u0151ry Aj\u00e1nd\u00e9k <br \/>\n<strong>A k\u00e9pz\u00e9s form\u00e1ja:\u00a0<\/strong>szakir\u00e1ny\u00fa tov\u00e1bbk\u00e9pz\u00e9s<br \/>\n<strong>A k\u00e9pz\u00e9s munkarendje:<\/strong>\u00a0levelez\u0151<br \/>\n<strong>A k\u00e9pz\u00e9s id\u0151tartama<\/strong>: 3 f\u00e9l\u00e9v<br \/>\n<strong>A k\u00e9pz\u00e9s d\u00edja:<\/strong>\u00a0560.000 Ft\/f\u00e9l\u00e9v melyet a Neptun rendszeren kereszt\u00fcl kell teljes\u00edteni \u00e9s amely r\u00e9szletekben is fizethet\u0151.<\/p>\n<p>A k\u00e9pz\u00e9s \u00e1ltal\u00e1nos orvosi, vagy fogorvosi diplom\u00e1val rendelkez\u0151 orvosok sz\u00e1m\u00e1ra ker\u00fcl meghirdet\u00e9sre, \u00e9s elv\u00e9gz\u00e9se feljogos\u00edtja a v\u00e9gzettet, hogy a 40\/1997. (III. 5.) Korm. rendelet \u00e9s a 11\/1997-es NM rendelet \u00e9rtelm\u00e9ben hagyom\u00e1nyos k\u00ednai orvosk\u00e9nt gy\u00f3gy\u00edt\u00f3 tev\u00e9kenys\u00e9get folytasson Magyarorsz\u00e1gon.<\/p>\n<h2>T\u00e1j\u00e9koztat\u00f3 Felvett Hallgat\u00f3k r\u00e9sz\u00e9re<\/h2>\n<p><strong>Tanulm\u00e1nyi \u00fcgyint\u00e9z\u0151:<\/strong> T\u00f6r\u00f6k Tam\u00e1s<br \/>\nE-mail c\u00edm: torok.tamas2@semmelweis.hu<br \/>\nTelefonsz\u00e1m: 459-1500\/56554<br \/>\nC\u00edm: 1089 Budapest, Nagyv\u00e1rad t\u00e9r 4. I. em. E15.<\/p>\n<p>&nbsp;<\/p>\n<h3>HALLGAT\u00d3I JOGVISZONY L\u00c9TES\u00cdT\u00c9SE<\/h3>\n<p>Az, aki felv\u00e9telt nyert a Hagyom\u00e1nyos k\u00ednai orvos szakir\u00e1ny\u00fa tov\u00e1bbk\u00e9pz\u00e9sre, hallgat\u00f3i jogviszonyt l\u00e9tes\u00edthet az egyetemmel. A beiratkoz\u00e1s a beiratkoz\u00e1si lap kit\u00f6lt\u00e9s\u00e9vel \u00e9s al\u00e1\u00edr\u00e1s\u00e1val kezdem\u00e9nyezhet\u0151. A beiratkoz\u00e1si lapot a Tanulm\u00e1nyi Oszt\u00e1ly vezet\u0151je hiteles\u00edti, amennyiben a beiratkoz\u00e1si lap adatai alapj\u00e1n nincs akad\u00e1lya a jogviszony l\u00e9tes\u00edt\u00e9s\u00e9nek.<\/p>\n<p>A beiratkoz\u00e1s a beiratkoz\u00e1si lap hiteles\u00edt\u00e9s\u00e9vel val\u00f3sul meg.<\/p>\n<p><strong>A hallgat\u00f3i jogviszony l\u00e9tes\u00edt\u00e9s\u00e9nek felt\u00e9tele:<\/strong><\/p>\n<p>A hallgat\u00f3i jogviszony l\u00e9tes\u00edt\u00e9s\u00e9nek felt\u00e9tele, hogy a beiratkoz\u00e1si lap lead\u00e1sakor a Tanulm\u00e1nyi Oszt\u00e1ly munkat\u00e1rsainak \u00e1tadja al\u00e1bbiakban felsorolt dokumentumok eredeti, vagy k\u00f6zjegyz\u0151 \u00e1ltal hiteles\u00edtett m\u00e1solat\u00e1t, mely dokumentumok az ellen\u0151rz\u00e9s ut\u00e1n a beiratkoz\u00e1s alkalm\u00e1val visszaad\u00e1sra ker\u00fclnek, tov\u00e1bb\u00e1 befizeti a k\u00e9pz\u00e9si d\u00edjat.<\/p>\n<h3>BEIRATKOZ\u00c1S<\/h3>\n<p><strong>A beiratkoz\u00e1s id\u0151pontjai:<\/strong><\/p>\n<ul>\n<li>m\u00e1rcius 17., kedd: 9.00\u201311.00 \u00e9s 13.00-15:00 \u00f3ra<\/li>\n<li>03. 18. szerda 09:00-12:00 \u00f3r\u00e1ig<\/li>\n<\/ul>\n<p><strong>A beiratkoz\u00e1s helye:<\/strong><\/p>\n<p>\u00c1ltal\u00e1nos Orvostudom\u00e1nyi Kar<br \/>\nTanulm\u00e1nyi Oszt\u00e1ly<br \/>\n1089 Budapest, Nagyv\u00e1rad t\u00e9r 4. I. emelet E15.<\/p>\n<p>Amennyiben a megadott id\u0151pontban nem tud szem\u00e9lyesen megjelenni, meghatalmazott k\u00f6zrem\u0171k\u00f6d\u00e9s\u00e9re is lehet\u0151s\u00e9g van.<\/p>\n<p><a href=\"https:\/\/semmelweis.hu\/aok\/files\/2025\/09\/MEGHATALMAZAS-MINTA-UJ_2025-3.docx\">MEGHATALMAZ\u00c1S MINTA (ITT t\u00f6lthet\u0151 le DOC form\u00e1tumban)<\/a><\/p>\n<p><strong>BEIRATKOZ\u00c1SKOR BEADAND\u00d3\/ BEMUTATAND\u00d3 DOKUMENTUMOK<\/strong><\/p>\n<ul>\n<li>szem\u00e9lyazonos\u00edt\u00f3 igazolv\u00e1ny<\/li>\n<li>lakc\u00edmk\u00e1rtya<\/li>\n<li>ad\u00f3k\u00e1rtya<\/li>\n<li>TAJ k\u00e1rtya<\/li>\n<li>a felv\u00e9tel alapj\u00e1t k\u00e9pez\u0151, v\u00e9gzetts\u00e9get igazol\u00f3 dokumentum eredeti p\u00e9ld\u00e1nya (\u00c1ok vagy Fok diploma)<\/li>\n<li><a href=\"https:\/\/semmelweis.hu\/aok\/files\/2026\/03\/Beiratkozasi-lap-HKO-2026.doc\">BEIRATKOZ\u00c1SI LAP\u00a0<\/a>(\u00f6nk\u00f6lts\u00e9ges k\u00e9pz\u00e9shez) al\u00e1\u00edrt, kit\u00f6lt\u00f6tt p\u00e9ld\u00e1nya<\/li>\n<li>al\u00e1\u00edrt\u00a0<a href=\"https:\/\/semmelweis.hu\/aok\/files\/2025\/09\/NYILATKOZAT-ADATKEZELESI-TAJEKOZTATO-MEGISMERESEROL_2025.pdf\">NYILATKOZAT ADATKEZEL\u00c9SI T\u00c1J\u00c9KOZTAT\u00d3 MEGISMER\u00c9S\u00c9R\u0150L<\/a><\/li>\n<li>egy darab 3,5 x 4,5 cm-es, a h\u00e1toldal\u00e1n n\u00e9vvel \u00e9s sz\u00fclet\u00e9si d\u00e1tummal ell\u00e1tott f\u00e9nyk\u00e9p<\/li>\n<li>eg\u00e9szs\u00e9g\u00fcgyi alkalmass\u00e1got igazol\u00f3 dokumentum<\/li>\n<\/ul>\n<p><strong>K\u00e9rj\u00fck, hogy a let\u00f6lthet\u0151 dokumentumokat megfelel\u0151en kit\u00f6ltve \u00e9s al\u00e1\u00edrva a beiratkoz\u00e1skor hozza mag\u00e1val.<\/strong><\/p>\n<div class=\"fontos_div\">\n<p><strong>Az I. f\u00e9l\u00e9vre vonatkoz\u00f3 k\u00e9pz\u00e9si d\u00edj, ill. els\u0151 r\u00e9szlet\u00e9nek befizet\u00e9si hat\u00e1rideje: 2026. m\u00e1rcius 18.<\/strong><\/p>\n<\/div>\n<ul>\n<li>A NEPTUN HALLGAT\u00d3I P\u00c9NZ\u00dcGYI T\u00c1J\u00c9KOZTAT\u00d3 pdf dokumentum\u00a0<a href=\"https:\/\/semmelweis.hu\/aok\/files\/2025\/07\/SE-NEPTUN-PENZUGYI-TAJEKOZTATO.pdf\">ITT t\u00f6lthet\u0151 le<\/a><a href=\"https:\/\/semmelweis.hu\/aok\/files\/2023\/08\/SE-NEPTUN-PENZUGYI-TAJEKOZTATO.pdf\">.<\/a>\u00a0Amennyiben nem c\u00e9ges befizet\u00e9s t\u00f6rt\u00e9nik, els\u0151dlegesen a gy\u0171jt\u0151sz\u00e1ml\u00e1s befizet\u00e9st javasoljuk.\u00a0\u00a0<\/li>\n<li>Adatlap sz\u00e1mlafizet\u00e9shez: A sz\u00e1mla ig\u00e9nyl\u0151 nyomtatv\u00e1nyt csak abban az esetben sz\u00fcks\u00e9ges kit\u00f6lteni, ha a hallgat\u00f3 helyett c\u00e9g vagy munk\u00e1ltat\u00f3 fizeti be az \u00f6nk\u00f6lts\u00e9gi d\u00edjat! A munk\u00e1ltat\u00f3, mint befizet\u0151 adatait NEM a hallgat\u00f3nak kell r\u00f6gz\u00edtenie a befizet\u0151 szervezethez!<br \/>\nA sz\u00e1mlaig\u00e9nyl\u0151 nyomtatv\u00e1ny\u00a0<a href=\"https:\/\/semmelweis.hu\/aok\/files\/2025\/07\/SE_szamlakero-nyomtatvany_202208.xlsx\">ITT t\u00f6lthet\u0151 le xlsx form\u00e1tumban<\/a>, melyet kit\u00f6ltve, beszkennelve k\u00e9r\u00fcnk megk\u00fcldeni a neptun.penzugyiosztaly@semmelweis.hu e-mail c\u00edmre.<\/li>\n<\/ul>\n<h3>NEPTUN RENDSZER<\/h3>\n<p>T\u00e1j\u00e9koztatjuk, hogy tanulm\u00e1nyi \u00fcgyeit, valamint az egyetem hivatalos \u00e9rtes\u00edt\u00e9seit a NEPTUN.Net Egys\u00e9ges Fels\u0151oktat\u00e1si Tanulm\u00e1nyi Rendszerben tudja majd int\u00e9zni, illetve nyomon k\u00f6vetni.\u00a0<strong>A rendszerhez val\u00f3 hozz\u00e1f\u00e9r\u00e9sr\u0151l a felv\u00e9telr\u0151l sz\u00f3l\u00f3 ki\u00e9rtes\u00edt\u00e9sben kap t\u00e1j\u00e9koztat\u00e1st.<\/strong><\/p>\n<p>A\u00a0<a href=\"https:\/\/semmelweis.hu\/neptun\/hu\/neptun-inditasa\/\">NEPTUN<\/a>\u00a0Egys\u00e9ges Tanulm\u00e1nyi Rendszer haszn\u00e1lat\u00e1val kapcsolatos minden fontos inform\u00e1ci\u00f3t az al\u00e1bbi dokumentum tartalmazza:<\/p>\n<ul>\n<li><a href=\"https:\/\/semmelweis.hu\/aok\/files\/2024\/07\/3RNeptun-hallg-osszefogl_teljes_2024_dh-to_240723.pdf\">NEPTUN Egys\u00e9ges Tanulm\u00e1nyi Rendszer ismertet\u0151je<\/a><\/li>\n<\/ul>\n<p>A felv\u00e9telr\u0151l sz\u00f3l\u00f3 hat\u00e1rozat k\u00e9zhezv\u00e9tel\u00e9t k\u00f6vet\u0151en javasoljuk, hogy\u00a0<strong>\u00fczeneteit a NEPTUN rendszerben napi szinten k\u00eds\u00e9rje figyelemmel.<\/strong><\/p>\n<h3>OFFICE 365 \u00e9s EGYETEMI E-MAIL C\u00cdM hallgat\u00f3knak<\/h3>\n<p>Az egyetem hallgat\u00f3i sz\u00e1m\u00e1ra ingyenesen el\u00e9rhet\u0151 a Microsoft Office 365 szolg\u00e1ltat\u00e1sa.<\/p>\n<p>Az egyetem \u00e1ltal biztos\u00edtott e-mail c\u00edmet a frissen felvett hallgat\u00f3 k\u00f6teles aktiv\u00e1lni, \u00e9s figyelemmel k\u00eds\u00e9rni az ide \u00e9rkez\u0151 \u00fczeneteket.<\/p>\n<p>A hallgat\u00f3k\u00a0<strong>egyetemi e-mail-c\u00edme az egyetemmel val\u00f3 kommunik\u00e1ci\u00f3 hivatalos csatorn\u00e1ja<\/strong>,\u00a0<strong>az egyetem kiz\u00e1r\u00f3lag erre a c\u00edmre k\u00fcldi az \u00e9rtes\u00edt\u00e9seit<\/strong>. Emiatt a Neptunban, illetve a SeK\u00c1-ban\u00a0<strong>ezt kell be\u00e1ll\u00edtani els\u0151dleges e-mail-c\u00edmnek<\/strong>.<\/p>\n<p>Az egyetemi e-mail c\u00edm aktiv\u00e1l\u00e1s\u00e1val kapcsolatos tudnival\u00f3kat az egyetem honlapj\u00e1n tal\u00e1lhat\u00f3, al\u00e1bbi le\u00edr\u00e1s tartalmazza:<\/p>\n<p><a href=\"https:\/\/semmelweis.hu\/informatika\/o365\/tutorial-anyagok\/utmutato-hallgatoi-o365-fiok-aktivalasahoz\/\">\u00datmutat\u00f3 a hallgat\u00f3i o365 fi\u00f3k aktiv\u00e1l\u00e1s\u00e1hoz\/<\/a><\/p>\n<div class=\"fontos_div\">\n<h5><span style=\"font-size: 18pt\">A f\u00e9l\u00e9vkezd\u00e9ssel kapcsolatban e-mailben kapnak r\u00e9szletes inform\u00e1ci\u00f3t.<\/span><\/h5>\n<\/div>\n<h3>T\u00c1RGYFELV\u00c9TEL<\/h3>\n<p>A t\u00e1rgyfelv\u00e9teli id\u0151szak: <strong>2026. m\u00e1rcius 19. 09:00-t\u0151l, m\u00e1rcius 25. 16:00 \u00f3r\u00e1ig<\/strong><\/p>\n<h3>DI\u00c1KIGAZOLV\u00c1NY<\/h3>\n<p>A NEPTUN rendszeren t\u00f6rt\u00e9n\u0151 regisztr\u00e1ci\u00f3t k\u00f6vet\u0151en ind\u00edthat\u00f3 el a di\u00e1kigazolv\u00e1ny ig\u00e9nyl\u00e9se, elektronikus \u00faton.<\/p>\n<p>A di\u00e1kigazolv\u00e1ny ig\u00e9nyl\u00e9s\u00e9r\u0151l az Oktat\u00e1si Hivatal r\u00e9szletes t\u00e1j\u00e9koztat\u00e1sa az al\u00e1bbi linken \u00e9rhet\u0151 el:\u00a0\u00a0<a href=\"https:\/\/www.oktatas.hu\/felsooktatas\/diakigazolvany\/diakig_igenyles_hun\">https:\/\/www.oktatas.hu\/felsooktatas\/diakigazolvany\/diakig_igenyles_hun<\/a><\/p>\n<p>Tov\u00e1bbi t\u00e1j\u00e9koztat\u00e1st tal\u00e1l a\u00a0<a href=\"http:\/\/www.diakigazolvany.hu\/\">www.diakigazolvany.hu<\/a>\u00a0oldalon.<\/p>\n<h4>K\u00d6TELEZ\u0150 MUNKA- \u00c9S T\u0170ZV\u00c9DELMI OKTAT\u00c1S<\/h4>\n<p><strong>Id\u0151pontj\u00e1r\u00f3l a k\u00e9s\u0151bbiekben kapnak t\u00e1j\u00e9koztat\u00e1st.<\/strong><\/p>\n<h4>ALKALMASS\u00c1GI VIZSG\u00c1LAT<\/h4>\n<p><strong>Id\u0151pontj\u00e1r\u00f3l \u00e9s a sz\u00fcks\u00e9ges dokumentumokr\u00f3l a k\u00e9s\u0151bbiekben kapnak t\u00e1j\u00e9koztat\u00e1st.\u00a0<\/strong><\/p>\n<p><a href=\"https:\/\/semmelweis.hu\/jogigfoig\/dokumentumtar\/szabalyzattar\/etikai-kodex\/\">ETIKAI K\u00d3DEX<\/a><\/p>\n<p><a href=\"https:\/\/semmelweis.hu\/jogigfoig\/dokumentumtar\/szabalyzattar\/szervezeti-es-mukodesi-szabalyzat\/iii-konyv-hkr\/szmsz-iii-konyv-iii-5-resz-hallgato-fegyelmi-es-karteritesi-szabalyzat\/\">HALLGAT\u00d3I FEGYELMI \u00c9S K\u00c1RT\u00c9R\u00cdT\u00c9SI SZAB\u00c1LYZAT<\/a><\/p>\n<p><a href=\"https:\/\/semmelweis.hu\/aok\/files\/2021\/08\/Adatkezel%C3%A9si-t%C3%A1j%C3%A9koztat%C3%B3_hallgat%C3%B3.pdf\">ADATKEZEL\u00c9SI T\u00c1J\u00c9KOZTAT\u00d3 (PDF)<\/a><\/p>\n<h3>Az oktat\u00e1s form\u00e1ja:<\/h3>\n<p>A k\u00e9pz\u00e9s h\u00e1rom szemeszteren kereszt\u00fcl vegyes k\u00e9pz\u00e9si rendszerben zajlik. Az els\u0151 k\u00e9t szemeszterben az elm\u00e9leti anyagot modulok form\u00e1j\u00e1ban, saj\u00e1t temp\u00f3ban, online saj\u00e1t\u00edtj\u00e1k el a hallgat\u00f3k, minden modul v\u00e9g\u00e9n \u00edr\u00e1sbeli vizsg\u00e1t t\u00e9ve, mely felt\u00e9tele a tov\u00e1bbl\u00e9p\u00e9snek. Az \u00f6n\u00e1ll\u00f3 tanul\u00e1st rendszeres konzult\u00e1ci\u00f3s lehet\u0151s\u00e9gek teszik biztons\u00e1goss\u00e1 \u00e9s interakt\u00edvv\u00e1.<\/p>\n<p>Az elm\u00e9leti modulokat szemeszterenk\u00e9nt 40 \u00f3r\u00e1s, intenz\u00edv klinikai k\u00e9pz\u00e9s z\u00e1rja, melynek sor\u00e1n k\u00ednai egyetemi oktat\u00f3kkal is egy\u00fctt dolgoznak a hallgat\u00f3k, hogy elm\u00e9leti tud\u00e1suk tiszta forr\u00e1sb\u00f3l ker\u00fclj\u00f6n meger\u0151s\u00edt\u00e9sre a klinikumban. A harmadik szemeszterben a modul\u00e1ris online k\u00e9pz\u00e9s mellett havonta egy klinikai h\u00e9tv\u00e9g\u00e9n tal\u00e1lkoznak az oktat\u00f3k \u00e9s a hallgat\u00f3k.<\/p>\n<h3>Sz\u00e1monk\u00e9r\u00e9s m\u00f3dja:<\/h3>\n<p>Az elm\u00e9leti k\u00e9pz\u00e9s moduljait online vizsga z\u00e1rja.<\/p>\n<p>A klinikai jelenl\u00e9ti oktat\u00e1st gyakorlati vizsga z\u00e1rja.<\/p>\n<p>A z\u00e1r\u00f3vizsg\u00e1ra bocs\u00e1t\u00e1s el\u0151felt\u00e9tele a k\u00e9pz\u00e9s sor\u00e1n diagnosztiz\u00e1lt \u00e9s a hagyom\u00e1nyos k\u00ednai orvosl\u00e1s eszk\u00f6zt\u00e1r\u00e1val kezelt k\u00e9t beteg eset\u00e9nek \u00f6sszefoglal\u00e1sa \u00e9s bemutat\u00e1sa (szakdolgozat).<\/p>\n<h3>A k\u00e9pz\u00e9s tematik\u00e1ja<\/h3>\n<p><strong>1. szemeszter: 2026. febru\u00e1r 20.-j\u00falius 31.<\/strong><\/p>\n<ul>\n<li>A Hagyom\u00e1nyos K\u00ednai Orvosl\u00e1s elm\u00e9leti alapjai:\n<ol>\n<li>A Yin-Yang \u00e9s az \u00d6t F\u00e1zis elm\u00e9lete<\/li>\n<li>Az alapvet\u0151 test\u00f6sszetev\u0151k (Qi, V\u00e9r, Testfolyad\u00e9kok, Esszencia \u00e9s a L\u00e9lek)<\/li>\n<li>A Meridi\u00e1n rendszer alapjai<\/li>\n<\/ol>\n<\/li>\n<li>A Zang-Fu szervek \u00e9lettana \u00e9s k\u00f3rtana<\/li>\n<li>A betegs\u00e9gek okai<\/li>\n<li>A meridi\u00e1nok lefut\u00e1sa \u00e9s pontjaik\n<ol>\n<li>a pontok lokaliz\u00e1ci\u00f3ja<\/li>\n<li>a pontok indik\u00e1ci\u00f3i<\/li>\n<li>a pontok t\u00e1janat\u00f3miai vonatkoz\u00e1sai<\/li>\n<li>pontlokaliz\u00e1ci\u00f3 \u00e9l\u0151 emberen<\/li>\n<\/ol>\n<\/li>\n<\/ul>\n<p>A k\u00e9pz\u00e9s vegyes t\u00edpus\u00fa. Az\u00a0<u>elm\u00e9leti r\u00e9sz online<\/u>\u00a0ker\u00fcl megtart\u00e1sra, melyet\u00a0<u>egy h\u00e9t intenz\u00edv jelenl\u00e9ti<\/u>\u00a0k\u00e9pz\u00e9s k\u00f6vet.<br \/>\nAz elm\u00e9leti r\u00e9szek\u00a0<u>tesztvizsg\u00e1va<\/u>l, a pontlokaliz\u00e1ci\u00f3\u00a0<u>gyakorlati vizsg\u00e1val<\/u>\u00a0v\u00e9gz\u0151dik.<\/p>\n<p><strong>2. szemeszter: 2026. szeptember 14.-2027. janu\u00e1r 31.<\/strong><\/p>\n<ul>\n<li>A Hagyom\u00e1nyos K\u00ednai Orvosl\u00e1s diagnosztik\u00e1ja\n<ol>\n<li>A Nyolc Alapelv<\/li>\n<li>Megtekint\u00e9s \u2013 nyelv diagnosztika<\/li>\n<li>Hallgat\u00f3z\u00e1s, tapint\u00e1s \u2013 pulzus diagnosztika<\/li>\n<li>Kik\u00e9rdez\u00e9s \u2013 a diagnosztika k\u00e9rd\u00e9sei<\/li>\n<\/ol>\n<\/li>\n<li>A Hagyom\u00e1nyos K\u00ednai Orvosl\u00e1s ter\u00e1pi\u00e1s technik\u00e1i\n<ol>\n<li>T\u0171sz\u00far\u00e1sos technik\u00e1k<\/li>\n<li>Moxa- \u00e9s k\u00f6p\u00f6ly technik\u00e1k<\/li>\n<li>Mozg\u00e1ster\u00e1pi\u00e1k<\/li>\n<li>\u00c9trendi kezel\u00e9s<\/li>\n<li>Fitoter\u00e1pia<\/li>\n<li>Az egyes technik\u00e1k indik\u00e1ci\u00f3i, kontraindik\u00e1ci\u00f3i, lehets\u00e9ges mell\u00e9khat\u00e1sai \u00e9s kezel\u00e9s\u00fck.<\/li>\n<\/ol>\n<\/li>\n<\/ul>\n<p><strong>3. szemeszter: 2027. febru\u00e1r 15.-2027. m\u00e1jus 30.<\/strong><\/p>\n<ul>\n<li>L\u00e9gz\u0151szervi \u00e9s mozg\u00e1sszervi betegs\u00e9gek differenci\u00e1l-diagnosztik\u00e1ja \u00e9s ter\u00e1pi\u00e1ja<\/li>\n<li>Em\u00e9szt\u0151szervi \u00e9s kering\u00e9si betegs\u00e9gek differenci\u00e1l-diagnosztik\u00e1ja \u00e9s ter\u00e1pi\u00e1ja<\/li>\n<li>N\u0151gy\u00f3gy\u00e1szati \u00e9s h\u00fagy-ivarszervi betegs\u00e9gek differenci\u00e1l-diagnosztik\u00e1ja \u00e9s ter\u00e1pi\u00e1ja<\/li>\n<li>Neuropszichi\u00e1triai \u00e9s \u00e9rz\u00e9kszervi betegs\u00e9gek differenci\u00e1l-diagnosztik\u00e1ja \u00e9s ter\u00e1pi\u00e1ja<\/li>\n<\/ul>\n<p>A modul\u00e1ris online k\u00e9pz\u00e9st havonta egy h\u00e9tv\u00e9ge intenz\u00edv jelenl\u00e9ti k\u00e9pz\u00e9s eg\u00e9sz\u00edti ki.<\/p>\n","protected":false},"excerpt":{"rendered":"<p>Semmelweis Egyetem \u00c1ltal\u00e1nos Orvostudom\u00e1nyi Kar Hagyom\u00e1nyos K\u00ednai Orvos szakir\u00e1ny\u00fa tov\u00e1bbk\u00e9pz\u00e9s A k\u00e9pz\u00e9s neve:\u00a0Hagyom\u00e1nyos k\u00ednai orvos A k\u00e9pz\u00e9s felel\u0151se:\u00a0Dr. E\u0151ry Aj\u00e1nd\u00e9k A k\u00e9pz\u00e9s form\u00e1ja:\u00a0szakir\u00e1ny\u00fa tov\u00e1bbk\u00e9pz\u00e9s A k\u00e9pz\u00e9s munkarendje:\u00a0levelez\u0151 A k\u00e9pz\u00e9s id\u0151tartama: 3 f\u00e9l\u00e9v A k\u00e9pz\u00e9s d\u00edja:\u00a0560.000 Ft\/f\u00e9l\u00e9v melyet a Neptun rendszeren kereszt\u00fcl kell teljes\u00edteni \u00e9s amely r\u00e9szletekben is fizethet\u0151. A k\u00e9pz\u00e9s \u00e1ltal\u00e1nos orvosi, vagy fogorvosi diplom\u00e1val &hellip;<\/p>\n","protected":false},"author":101542,"featured_media":0,"parent":32836,"menu_order":9,"comment_status":"closed","ping_status":"closed","template":"","meta":{"_acf_changed":false,"footnotes":""},"categories":[],"tags":[],"class_list":["post-34040","page","type-page","status-publish","hentry"],"acf":[],"publishpress_future_action":{"enabled":false,"date":"1970-01-01 01:00:00","action":"","terms":[],"taxonomy":"","browser_timezone_offset":0},"_links":{"self":[{"href":"https:\/\/semmelweis.hu\/aok\/wp-json\/wp\/v2\/pages\/34040","targetHints":{"allow":["GET"]}}],"collection":[{"href":"https:\/\/semmelweis.hu\/aok\/wp-json\/wp\/v2\/pages"}],"about":[{"href":"https:\/\/semmelweis.hu\/aok\/wp-json\/wp\/v2\/types\/page"}],"author":[{"embeddable":true,"href":"https:\/\/semmelweis.hu\/aok\/wp-json\/wp\/v2\/users\/101542"}],"replies":[{"embeddable":true,"href":"https:\/\/semmelweis.hu\/aok\/wp-json\/wp\/v2\/comments?post=34040"}],"version-history":[{"count":10,"href":"https:\/\/semmelweis.hu\/aok\/wp-json\/wp\/v2\/pages\/34040\/revisions"}],"predecessor-version":[{"id":34302,"href":"https:\/\/semmelweis.hu\/aok\/wp-json\/wp\/v2\/pages\/34040\/revisions\/34302"}],"up":[{"embeddable":true,"href":"https:\/\/semmelweis.hu\/aok\/wp-json\/wp\/v2\/pages\/32836"}],"wp:attachment":[{"href":"https:\/\/semmelweis.hu\/aok\/wp-json\/wp\/v2\/media?parent=34040"}],"wp:term":[{"taxonomy":"category","embeddable":true,"href":"https:\/\/semmelweis.hu\/aok\/wp-json\/wp\/v2\/categories?post=34040"},{"taxonomy":"post_tag","embeddable":true,"href":"https:\/\/semmelweis.hu\/aok\/wp-json\/wp\/v2\/tags?post=34040"}],"curies":[{"name":"wp","href":"https:\/\/api.w.org\/{rel}","templated":true}]}}