{"id":34008,"date":"2025-12-03T10:21:53","date_gmt":"2025-12-03T09:21:53","guid":{"rendered":"https:\/\/semmelweis.hu\/aok\/?page_id=34008"},"modified":"2025-12-03T10:21:53","modified_gmt":"2025-12-03T09:21:53","slug":"2025-december-1-i-hatarozatok","status":"publish","type":"page","link":"https:\/\/semmelweis.hu\/aok\/a-karrol\/kari-tanacs\/a-kari-tanacs-hatarozatai\/2025-december-1-i-hatarozatok\/","title":{"rendered":"2025. december 1-i hat\u00e1rozatok"},"content":{"rendered":"<p><a href=\"https:\/\/semmelweis.hu\/aok\/files\/2025\/12\/49_hatarozat_igazgatoi_tanszekvezetoi.pdf\" target=\"_blank\" rel=\"noopener\">49\/2025 (2025. december 1-i) hat\u00e1rozat az \u00c1ltal\u00e1nos Orvostudom\u00e1nyi Karon meghirdetett igazgat\u00f3i \u00e9s tansz\u00e9kvezet\u0151i \u00e1ll\u00e1sokra p\u00e1ly\u00e1z\u00f3kr\u00f3l<\/a><\/p>\n<p><a href=\"https:\/\/semmelweis.hu\/aok\/files\/2025\/12\/50_bizottsag.pdf\" target=\"_blank\" rel=\"noopener\">50\/2025 (2025. december 1-i) hat\u00e1rozat a Kari Tan\u00e1cs \u00e1ltal l\u00e9trehozott Karon m\u0171k\u00f6d\u0151 bizotts\u00e1gok eln\u00f6kei \u00e9s oktat\u00f3 tagjainak megv\u00e1laszt\u00e1s\u00e1ra vonatkoz\u00f3 javaslatr\u00f3l<\/a><\/p>\n<p><a href=\"https:\/\/semmelweis.hu\/aok\/files\/2025\/12\/51_Transzlacios_Medicina_intezet_nevmodositasa.pdf\" target=\"_blank\" rel=\"noopener\">51\/2025 (2025. december 1-i) hat\u00e1rozat a Transzl\u00e1ci\u00f3s Medicina Int\u00e9zet nev\u00e9nek Klinikai K\u00f3r\u00e9lettani Int\u00e9zetre t\u00f6rt\u00e9n\u0151 megv\u00e1ltoztat\u00e1s\u00e1r\u00f3l sz\u00f3l\u00f3 javaslatr\u00f3l<\/a><\/p>\n<p><strong>\u00a0<\/strong><\/p>\n<p>&nbsp;<\/p>\n","protected":false},"excerpt":{"rendered":"<p><a href=\"https:\/\/semmelweis.hu\/aok\/files\/2025\/12\/49_hatarozat_igazgatoi_tanszekvezetoi.pdf\" target=\"_blank\" rel=\"noopener\">49\/2025 (2025. december 1-i) hat\u00e1rozat az \u00c1ltal\u00e1nos Orvostudom\u00e1nyi Karon meghirdetett igazgat\u00f3i \u00e9s tansz\u00e9kvezet\u0151i \u00e1ll\u00e1sokra p\u00e1ly\u00e1z\u00f3kr\u00f3l<\/a><br \/>\n<a href=\"https:\/\/semmelweis.hu\/aok\/files\/2025\/12\/50_bizottsag.pdf\" target=\"_blank\" rel=\"noopener\">50\/2025 (2025. december 1-i) hat\u00e1rozat a Kari Tan\u00e1cs \u00e1ltal l\u00e9trehozott Karon m\u0171k\u00f6d\u0151 bizotts\u00e1gok eln\u00f6kei \u00e9s oktat\u00f3 tagjainak megv\u00e1laszt\u00e1s\u00e1ra vonatkoz\u00f3 javaslatr\u00f3l<\/a><br \/>\n<a href=\"https:\/\/semmelweis.hu\/aok\/files\/2025\/12\/51_Transzlacios_Medicina_intezet_nevmodositasa.pdf\" target=\"_blank\" rel=\"noopener\">51\/2025 (2025. december 1-i) hat\u00e1rozat a Transzl\u00e1ci\u00f3s Medicina Int\u00e9zet nev\u00e9nek Klinikai K\u00f3r\u00e9lettani Int\u00e9zetre t\u00f6rt\u00e9n\u0151 megv\u00e1ltoztat\u00e1s\u00e1r\u00f3l sz\u00f3l\u00f3 javaslatr\u00f3l<\/a><br \/>\n\u00a0<br \/>\n&nbsp;<\/p>\n","protected":false},"author":101862,"featured_media":0,"parent":1141,"menu_order":0,"comment_status":"closed","ping_status":"closed","template":"","meta":{"_acf_changed":false,"footnotes":""},"categories":[],"tags":[],"class_list":["post-34008","page","type-page","status-publish","hentry"],"acf":[],"publishpress_future_action":{"enabled":false,"date":"1970-01-01 01:00:00","action":"","terms":[],"taxonomy":"","browser_timezone_offset":0},"_links":{"self":[{"href":"https:\/\/semmelweis.hu\/aok\/wp-json\/wp\/v2\/pages\/34008","targetHints":{"allow":["GET"]}}],"collection":[{"href":"https:\/\/semmelweis.hu\/aok\/wp-json\/wp\/v2\/pages"}],"about":[{"href":"https:\/\/semmelweis.hu\/aok\/wp-json\/wp\/v2\/types\/page"}],"author":[{"embeddable":true,"href":"https:\/\/semmelweis.hu\/aok\/wp-json\/wp\/v2\/users\/101862"}],"replies":[{"embeddable":true,"href":"https:\/\/semmelweis.hu\/aok\/wp-json\/wp\/v2\/comments?post=34008"}],"version-history":[{"count":1,"href":"https:\/\/semmelweis.hu\/aok\/wp-json\/wp\/v2\/pages\/34008\/revisions"}],"predecessor-version":[{"id":34009,"href":"https:\/\/semmelweis.hu\/aok\/wp-json\/wp\/v2\/pages\/34008\/revisions\/34009"}],"up":[{"embeddable":true,"href":"https:\/\/semmelweis.hu\/aok\/wp-json\/wp\/v2\/pages\/1141"}],"wp:attachment":[{"href":"https:\/\/semmelweis.hu\/aok\/wp-json\/wp\/v2\/media?parent=34008"}],"wp:term":[{"taxonomy":"category","embeddable":true,"href":"https:\/\/semmelweis.hu\/aok\/wp-json\/wp\/v2\/categories?post=34008"},{"taxonomy":"post_tag","embeddable":true,"href":"https:\/\/semmelweis.hu\/aok\/wp-json\/wp\/v2\/tags?post=34008"}],"curies":[{"name":"wp","href":"https:\/\/api.w.org\/{rel}","templated":true}]}}