{"id":33967,"date":"2025-11-10T08:47:47","date_gmt":"2025-11-10T07:47:47","guid":{"rendered":"https:\/\/semmelweis.hu\/aok\/?page_id=33967"},"modified":"2026-03-09T13:31:45","modified_gmt":"2026-03-09T12:31:45","slug":"bizonyitekokon-alapulo-altalanos-orvosi-es-klinikai-pszichologia-msc","status":"publish","type":"page","link":"https:\/\/semmelweis.hu\/aok\/oktatas\/szakiranyu-tovabbkepzesek\/bizonyitekokon-alapulo-altalanos-orvosi-es-klinikai-pszichologia-msc\/","title":{"rendered":"Bizony\u00edt\u00e9kokon alapul\u00f3 \u00e1ltal\u00e1nos orvosi \u00e9s klinikai pszichol\u00f3gia MSc"},"content":{"rendered":"<p>A hagyom\u00e1nyosan b\u00f6lcs\u00e9szettudom\u00e1nyi alapokon nyugv\u00f3 pszichol\u00f3gia a modern idegtudom\u00e1nyok fejl\u0151d\u00e9s\u00e9vel term\u00e9szettudom\u00e1nny\u00e1 v\u00e1lt, \u00e9s egyre t\u00f6bb pszichol\u00f3giai folyamat \u00e9lettani alapj\u00e1t ismerj\u00fck meg \u2013 \u00edgy egyre jobban k\u00f6t\u0151dik az orvostudom\u00e1nyokhoz is. K\u00fcl\u00f6n\u00f6sen igaz ez a klinikai pszichol\u00f3gi\u00e1ra: ez diagnosztikus \u00e9s gy\u00f3gy\u00edt\u00f3 tev\u00e9kenys\u00e9get v\u00e9gez alapvet\u0151en a ment\u00e1lis, pszichi\u00e1triai betegs\u00e9gek ter\u00fclet\u00e9n, \u00e9s jelent\u0151sebb a szerepe a testi betegek gy\u00f3gy\u00edt\u00e1s\u00e1ban is.<\/p>\n<p>A ment\u00e1lis zavarokban szenved\u0151k sz\u00e1ma ijeszt\u0151en n\u00f6vekszik, k\u00fcl\u00f6n kiemelend\u0151 e zavarok ar\u00e1ny\u00e1nak hatalmas n\u00f6veked\u00e9se a gyermekek, serd\u00fcl\u0151k, fiatal feln\u0151ttek k\u00f6z\u00f6tt. A kr\u00f3nikus testi betegs\u00e9gek kezel\u00e9s\u00e9ben is egyre nagyon sz\u00fcks\u00e9g van a pszichol\u00f3giai seg\u00edts\u00e9gny\u00fajt\u00e1s kieg\u00e9sz\u00edt\u0151 form\u00e1ira \u2013 hiszen a test \u00e9s l\u00e9lek nem v\u00e1laszthat\u00f3 egym\u00e1st\u00f3l.<\/p>\n<p>Jelenleg a klinikai szakpszichol\u00f3gus k\u00e9pz\u00e9sekbe val\u00f3 bel\u00e9p\u00e9sn\u00e9l komoly kih\u00edv\u00e1st jelent a b\u00f6lcs\u00e9szettudom\u00e1nyi k\u00e9pz\u00e9sekb\u0151l \u00e9rkez\u0151 hallgat\u00f3k sz\u00e1m\u00e1ra a term\u00e9szet- \u00e9s \u00e9lettudom\u00e1nyi megk\u00f6zel\u00edt\u00e9s \u00e1tv\u00e9tele, a gy\u00f3gy\u00edt\u00f3 tev\u00e9kenys\u00e9ghez elengedhetetlen eg\u00e9szs\u00e9g\u00fcgyi-orvosi bizony\u00edt\u00e9kokon alapul\u00f3 szeml\u00e9letm\u00f3d, az ilyen jelleg\u0171 beavatkoz\u00e1sokhoz, kezel\u00e9sekhez, munkav\u00e9gz\u00e9shez sz\u00fcks\u00e9ges attit\u0171d\u00f6k \u00e9s felel\u0151ss\u00e9g elsaj\u00e1t\u00edt\u00e1sa, a gy\u00f3gy\u00edt\u00f3 munka jogi \u00e9s etikai kereteinek megfelel\u0151 tev\u00e9kenys\u00e9ghez sz\u00fcks\u00e9ges magatart\u00e1s \u00e9s tud\u00e1s megform\u00e1l\u00e1sa. Hasonl\u00f3k\u00e9ppen elengedhetetlen ez a tud\u00e1s a gy\u00f3gy\u00edt\u00f3 szakm\u00e1ban val\u00f3 egy\u00e9ni \u00e9s teammunk\u00e1hoz, az ezek alapfelt\u00e9tel\u00e9t k\u00e9pez\u0151 t\u00f6bbi gy\u00f3gy\u00edt\u00f3 szerepl\u0151vel val\u00f3 p\u00e1rbesz\u00e9dhez.<\/p>\n<p>E kih\u00edv\u00e1sra v\u00e1laszul \u2013 a nemzetk\u00f6zi gyakorlathoz hasonl\u00f3an \u2013 a Semmelweis Egyetem c\u00e9lja olyan pszichol\u00f3gia MSc k\u00e9pz\u00e9sek beind\u00edt\u00e1sa, mely sor\u00e1n a hallgat\u00f3k m\u00e1r mesterk\u00e9pz\u00e9s\u00fck sor\u00e1n szert tehetnek az eg\u00e9szs\u00e9g\u00fcgyi-gy\u00f3gy\u00edt\u00f3 szeml\u00e9letm\u00f3dra, a kurrikulumban a term\u00e9szettudom\u00e1nyos alapismeretek mellett a p\u00e1ciensekkel val\u00f3 gyakorlati munka \u00e9s az eg\u00e9szs\u00e9g\u00fcgyi teamben val\u00f3 r\u00e9szv\u00e9tel \u00e1ll f\u00f3kuszban. Az ehhez sz\u00fcks\u00e9ges tud\u00e1st a hallgat\u00f3k gyakorl\u00f3 szakemberekt\u0151l saj\u00e1t\u00edtj\u00e1k el. A gy\u00f3gy\u00edt\u00e1s mellett a klinikai \u00e9s orvos-\u00e9lettudom\u00e1nyi szeml\u00e9let\u0171 kutat\u00e1s \u00e9s eredm\u00e9nyeinek mindennapi gyakorlatba val\u00f3 \u00e1tvitele is a k\u00e9pz\u00e9s l\u00e9nyeges r\u00e9sz\u00e9t k\u00e9pezi. Mindez azt eredm\u00e9nyezi, hogy a Semmelweis Egyetem Pszichol\u00f3gia MSc programban v\u00e9gzettek megalapozott tud\u00e1ssal, alapvet\u0151 gy\u00f3gy\u00edt\u00f3 attit\u0171ddel l\u00e9phetnek be a posztgradu\u00e1lis szakk\u00e9pz\u00e9sekbe, \u00e9s a szakk\u00e9pes\u00edt\u00e9s megkezd\u00e9se el\u0151tt is hat\u00e9konyan tudnak r\u00e9szt venni a gy\u00f3gy\u00edt\u00f3 team munk\u00e1j\u00e1ban az eg\u00e9szs\u00e9g\u00fcgyi ell\u00e1t\u00e1s sz\u00e1mos szintj\u00e9n \u00e9s ter\u00fclet\u00e9n.<\/p>\n<h2>Bizony\u00edt\u00e9kokon alapul\u00f3 \u00e1ltal\u00e1nos orvosi \u00e9s klinikai pszichol\u00f3gia MSC \u2013 FELV\u00c9TELI<\/h2>\n<ol>\n<li>\n<h6>Int\u00e9zm\u00e9ny adatai<\/h6>\n<\/li>\n<\/ol>\n<ul>\n<li>Int\u00e9zm\u00e9ny neve, kar\/egys\u00e9g: Semmelweis Egyetem, 1085 Budapest, \u00dcll\u0151i \u00fat 26.,<\/li>\n<li>El\u00e9rhet\u0151s\u00e9gek: c\u00edm, telefonsz\u00e1m, e-mail: +3614591500, <a href=\"mailto:titkarsag.aokdekani@semmelweis.hu\">titkarsag.aokdekani@semmelweis.hu<\/a><\/li>\n<li>Kapcsolattart\u00f3 r\u00e9szleg Pszichi\u00e1triai \u00e9s Pszichoter\u00e1pi\u00e1s Klinika<\/li>\n<li>Telephely\/helysz\u00edn (ha t\u00f6bb van) 1083 Budapest, Balassa utca 6.\u00a0<\/li>\n<\/ul>\n<ol start=\"2\">\n<li>\n<h6>K\u00e9pz\u00e9s alapadatai<\/h6>\n<\/li>\n<\/ol>\n<ul>\n<li>K\u00e9pz\u00e9s neve: Bizony\u00edt\u00e9kokon alapul\u00f3 \u00e1ltal\u00e1nos orvosi \u00e9s klinikai pszichol\u00f3gia<\/li>\n<li>K\u00e9pz\u00e9si szint (mesterk\u00e9pz\u00e9s MA\/MSc): Mesterk\u00e9pz\u00e9s MSc<\/li>\n<li>Munkarend (nappali \/ levelez\u0151): nappali<\/li>\n<li>Telephely (v\u00e1ros, helysz\u00edn): Budapest<\/li>\n<li>K\u00e9pz\u00e9s nyelve: magyar<\/li>\n<li>K\u00e9pz\u00e9si id\u0151: 2 \u00e9v \/4 f\u00e9l\u00e9v<\/li>\n<li>K\u00e9pz\u00e9si ter\u00fclet: orvos- \u00e9s eg\u00e9szs\u00e9gtudom\u00e1nyi k\u00e9pz\u00e9si ter\u00fclet<\/li>\n<li>Finansz\u00edroz\u00e1si forma (\u00e1llami \/ \u00f6nk\u00f6lts\u00e9ges): \u00e1llami \u00e9s \u00f6nk\u00f6lts\u00e9ges<\/li>\n<li>\u00d6nk\u00f6lts\u00e9g \u00f6sszege 1.150.000 Ft\/f\u00e9l\u00e9v<\/li>\n<\/ul>\n<ol start=\"3\">\n<li>\n<h6>Felv\u00e9teli felt\u00e9telek \u00e9s pontsz\u00e1m\u00edt\u00e1s<\/h6>\n<\/li>\n<\/ol>\n<ul>\n<li>\n<p>Oklev\u00e9l megfelel\u0151s\u00e9ge: A mesterk\u00e9pz\u00e9si szakra a meghat\u00e1rozott bemeneti felt\u00e9telekkel lehet felv\u00e9telt nyerni:<\/p>\n<ul>\n<li>3 \u00e9ves pszichol\u00f3gia alapk\u00e9pz\u00e9s (BA) vagy<\/li>\n<li>5 \u00e9ves osztatlan pszichol\u00f3gus k\u00e9pz\u00e9s<\/li>\n<\/ul>\n<p>Jelentkezni a<strong>\u00a0felvi.hu<\/strong>\u00a0honlapon kereszt\u00fcl lehet\u00a0<strong>2026. febru\u00e1r 15-ig<\/strong>.<\/p>\n<p>Pontsz\u00e1m\u00edt\u00e1s m\u00f3dja: oklev\u00e9l min\u0151s\u00edt\u00e9se, \u00edr\u00e1sbeli tesztvizsga \u00e9s sz\u00f3beli elbesz\u00e9lget\u00e9s alapj\u00e1n.<\/p>\n<p>Mesterk\u00e9pz\u00e9s eset\u00e9n a jelentkez\u0151 teljes\u00edtm\u00e9ny\u00e9t 100 pontos rendszerben kell \u00e9rt\u00e9kelni, amely tartalmazza a t\u00f6bbletpontokat is.<\/p>\n<p>A jelentkez\u00e9s a FELVI fel\u00fclet\u00e9n zajlik.<\/p>\n<\/li>\n<\/ul>\n<h5>Felv\u00e9teli pontsz\u00e1m\u00edt\u00e1s m\u00f3dja:<\/h5>\n<ul>\n<li>PONTSZ\u00c1M\u00cdT\u00c1S: Mesterk\u00e9pz\u00e9s eset\u00e9n a jelentkez\u0151 teljes\u00edtm\u00e9ny\u00e9t 100 pontos rendszerben kell \u00e9rt\u00e9kelni, amely tartalmazza a t\u00f6bbletpontokat is.<\/li>\n<li>Pontsz\u00e1m\u00edt\u00e1s m\u00f3dja:\n<p><span style=\"font-weight: bolder\">A bizony\u00edt\u00e9kokon alapul\u00f3 \u00e1ltal\u00e1nos orvosi \u00e9s klinikai pszichol\u00f3gia mesterk\u00e9pz\u00e9si szakra jelentkez\u0151k pontsz\u00e1ma az oklev\u00e9l min\u0151s\u00edt\u00e9s\u00e9b\u0151l, tov\u00e1bb\u00e1 \u00edr\u00e1sbeli \u00e9s sz\u00f3beli vizsga eredm\u00e9ny\u00e9b\u0151l ker\u00fcl kisz\u00e1m\u00edt\u00e1sra<\/span>\u00a0(oklev\u00e9l min\u0151s\u00edt\u00e9se, \u00edr\u00e1sbeli tesztvizsga, sz\u00f3beli elbesz\u00e9lget\u00e9s).<\/p>\n<\/li>\n<\/ul>\n<h4>K\u00f6telez\u0151 pontok<\/h4>\n<ul>\n<li>oklev\u00e9l min\u0151s\u00edt\u00e9se: 30 pont\n<ul>\n<li>kit\u0171n\u0151, jeles min\u0151s\u00edt\u00e9s: 30 pont<\/li>\n<li>j\u00f3 min\u0151s\u00edt\u00e9s: 24 pont<\/li>\n<li>k\u00f6zepes min\u0151s\u00edt\u00e9s: 18 pont<\/li>\n<li>el\u00e9gs\u00e9ges min\u0151s\u00edt\u00e9s: 12 pont<\/li>\n<\/ul>\n<\/li>\n<li>int\u00e9zm\u00e9nyi felv\u00e9teli: 60 pont\n<ul>\n<li>tesztvizsga: 40 pont<\/li>\n<li>sz\u00f3beli vizsga (motiv\u00e1ci\u00f3s besz\u00e9lget\u00e9s): 20 pont<\/li>\n<\/ul>\n<\/li>\n<\/ul>\n<h4>\u00cdr\u00e1sbeli vizsga a megadott szakirodalom alapj\u00e1n:<\/h4>\n<p>Az \u00edr\u00e1sbeli teszt feleletv\u00e1laszt\u00f3s k\u00e9rd\u00e9seket tartalmaz a megadott irodalom alapj\u00e1n. A vizsga id\u0151tartama 60 perc. Megv\u00e1laszoland\u00f3 k\u00e9rd\u00e9sek sz\u00e1ma: 80.<\/p>\n<h3>Irodalomlista:<\/h3>\n<ol>\n<li><strong><u> t\u00e9mak\u00f6r: \u00c1ltal\u00e1nos pszichol\u00f3gia<\/u><\/strong><\/li>\n<\/ol>\n<p><strong>Cs\u00e9pe, V., Gy\u0151ri, M., &amp; Rag\u00f3, A. (2007). <em>\u00c1ltal\u00e1nos pszichol\u00f3gia 1.: \u00c9szlel\u00e9s \u00e9s figyelem<\/em>. Osiris Kiad\u00f3.<\/strong><\/p>\n<p>1.fejezet. \u00c9rz\u00e9kel\u00e9s, \u00e9szlel\u00e9s, k\u00f6rnyezet. (pp. 27-60)<\/p>\n<p>16.fejezet. Figyelem: szelekci\u00f3, t\u00e9ri figyelem. (pp. 483-510)<\/p>\n<p>17.fejezet. Figyelem: inform\u00e1ci\u00f3feldolgoz\u00e1s, teljes\u00edtm\u00e9ny. (pp. 511-552)<\/p>\n<p><strong>Cs\u00e9pe, V., Gy\u0151ri, M., &amp; Rag\u00f3, A. (2007). <em>\u00c1ltal\u00e1nos pszichol\u00f3gia 2.: Tanul\u00e1s, eml\u00e9kez\u00e9s, tud\u00e1s.<\/em> Osiris Kiad\u00f3.<\/strong><\/p>\n<p>1.fejezet. Alapvet\u0151 tanul\u00e1si form\u00e1k. (pp. 24-85)<\/p>\n<p>2.fejezet. Komplex tanul\u00e1s. (pp. 86-110)<\/p>\n<p>4.fejezet. K\u00f3dol\u00e1s \u00e9s el\u0151h\u00edv\u00e1s. (pp. 159-176)<\/p>\n<p>5.fejezet. Munkamem\u00f3ria. (pp. 177-208)<\/p>\n<p>6.fejezet. Eml\u00e9kezeti konszolid\u00e1ci\u00f3. (pp. 209-235)<\/p>\n<p>7.fejezet. Epizodikus \u00e9s \u00f6n\u00e9letrajzi eml\u00e9kezet. (pp. 236-271)<\/p>\n<p><strong>Cs\u00e9pe, V., Gy\u0151ri, M., &amp; Rag\u00f3, A. (2008). <em>\u00c1ltal\u00e1nos pszichol\u00f3gia 3.: Nyelv, tudat, gondolkod\u00e1s. <\/em>Osiris Kiad\u00f3. <\/strong><\/p>\n<ol start=\"9\">\n<li>fejezet. Tudatoss\u00e1g \u00e9s megismer\u00e9s. (pp. 267-297)<\/li>\n<li>fejezet. M\u00f3dosult tudat\u00e1llapotok. (pp. 298-321)<\/li>\n<li>fejezet. V\u00e9grehajt\u00f3 m\u0171k\u00f6d\u00e9sek. (pp. 322-335)<\/li>\n<li>fejezet. M\u00e1sok viselked\u00e9s\u00e9nek meg\u00e9rt\u00e9se \u00e9s az \u00e9ntudatoss\u00e1g. (pp. 336-360)<\/li>\n<li>fejezet. \u00c1ltal\u00e1nos gondolkod\u00e1si folyamatok. (pp. 361-403)<\/li>\n<\/ol>\n<p>&nbsp;<\/p>\n<ol start=\"2\">\n<li><strong><u> t\u00e9mak\u00f6r: Szoci\u00e1lpszichol\u00f3gia<\/u><\/strong><\/li>\n<\/ol>\n<p><strong>Claypool, H. M., Mackie, D. M., &amp; Smith, E. R. (2016). <em>Szoci\u00e1lpszichol\u00f3gia<\/em>. ELTE E\u00f6tv\u00f6s Kiad\u00f3 Kft.<\/strong><\/p>\n<p>4.fejezet. Az \u00e9n. (pp. 155-211)<\/p>\n<p>6.fejezet. T\u00e1rsas identit\u00e1s. (pp. 277-327)<\/p>\n<p>7.fejezet. Attit\u0171d\u00f6k \u00e9s attit\u0171dv\u00e1ltoz\u00e1s. (pp. 329-384)<\/p>\n<p>8.fejezet. Attit\u0171d\u00f6k \u00e9s viselked\u00e9s. (pp. 385-431)<\/p>\n<p>&nbsp;<\/p>\n<ol start=\"3\">\n<li><strong><u> t\u00e9mak\u00f6r: Szem\u00e9lyis\u00e9gpszichol\u00f3gia<\/u><\/strong><\/li>\n<\/ol>\n<p><strong>Carver, C. S., &amp; Scheier, M. F. (2006). <em>Szem\u00e9lyis\u00e9gpszichol\u00f3gia<\/em> (2., \u00e1tdolgozott kiad.). Osiris Kiad\u00f3.<\/strong><\/p>\n<p>4.fejezet: T\u00edpusok, von\u00e1sok \u00e9s az interakcionizmus (pp. 76-105)<\/p>\n<p>7.fejezet: Biol\u00f3giai folyamatok \u00e9s szem\u00e9lyis\u00e9g (pp. 168-182)<\/p>\n<p>8.fejezet: A szem\u00e9lyis\u00e9g szerkezete \u00e9s m\u0171k\u00f6d\u00e9se pszichoanalitikus n\u00e9z\u0151pontb\u00f3l (pp. 202-227)<\/p>\n<p>11.fejezet: Pszichoszoci\u00e1lis elm\u00e9letek (pp. 290-309)<\/p>\n<p>12.fejezet: Kondicion\u00e1l\u00e1selm\u00e9letek (pp. 320-346)<\/p>\n<p>13.fejezet: Szoci\u00e1lis-kognit\u00edv tanul\u00e1selm\u00e9letek (pp. 348-376)<\/p>\n<p>&nbsp;<\/p>\n<ol start=\"4\">\n<li><strong><u> t\u00e9mak\u00f6r: Fejl\u0151d\u00e9sl\u00e9lektan<\/u><\/strong><\/li>\n<\/ol>\n<p><strong>Atkinson, R. L., &amp; Hilgard, E. R. (2005). <em>Pszichol\u00f3gia<\/em>. Osiris Kiad\u00f3.<\/strong><\/p>\n<ol start=\"3\">\n<li>fejezet: A pszichol\u00f3giai fejl\u0151d\u00e9s (pp. 89-128)<\/li>\n<\/ol>\n<p><strong>Cole, M., &amp; Cole, S. R. (2003). <em>Fejl\u0151d\u00e9sl\u00e9lektan<\/em>. Osiris Kiad\u00f3.<\/strong><\/p>\n<p>1.fejezet: Az emberi fejl\u0151d\u00e9s tanulm\u00e1nyoz\u00e1sa (pp. 26-70)<\/p>\n<p>4.fejezet: Korai csecsem\u0151kor: kezdeti k\u00e9pess\u00e9gek \u00e9s a v\u00e1ltoz\u00e1s folyamata (pp. 144-194)<\/p>\n<p>5.fejezet: Az els\u0151 \u00e9v fejlem\u00e9nyei (pp. 194-230)<\/p>\n<p>6.fejezet: A csecsem\u0151kor v\u00e9ge (pp. 230-266)<\/p>\n<p>&nbsp;<\/p>\n<ol start=\"5\">\n<li><strong><u> t\u00e9mak\u00f6r: Pszichi\u00e1tria<\/u><\/strong><\/li>\n<\/ol>\n<p><strong>R\u00e9thelyi, J. (2019). <em>Pszichi\u00e1tria: Jegyzet orvostanhallgat\u00f3knak<\/em>. Oriold \u00e9s T\u00e1rsai.<\/strong><\/p>\n<p>1.fejezet: A pszichi\u00e1triai betegvizsg\u00e1lat, pszichopatol\u00f3giai t\u00fcnetek, diagn\u00f3zisalkot\u00e1s \u00e9s klasszifik\u00e1ci\u00f3s rendszerek a pszichi\u00e1tri\u00e1ban (pp. 6-29)<\/p>\n<p>3.fejezet: Szkizofr\u00e9nia \u00e9s egy\u00e9b pszichotikus zavarok \u2013 Szkizofr\u00e9nia (pp. 64-74)<\/p>\n<p>5.fejezet: Affekt\u00edv pszichi\u00e1triai k\u00f3rk\u00e9pek (pp. 100-131)<\/p>\n<p>6.fejezet: Szorong\u00e1sos zavarok, stresszel \u00f6sszef\u00fcgg\u0151 pszichi\u00e1triai betegs\u00e9gek \u2013 Szorong\u00e1sos zavarok (pp. 132-141)<\/p>\n<p>16.fejezet: Alapvet\u0151 pszichoter\u00e1pi\u00e1s beavatkoz\u00e1sok \u00e9s pszichoter\u00e1pi\u00e1s m\u00f3dszerek (pp. 292-301)<\/p>\n<p>19.fejezet: Kutat\u00e1si ir\u00e1nyok \u00e9s m\u00f3dszerek a pszichi\u00e1tri\u00e1ban (pp. 322-345)<\/p>\n<p><strong>Comer, R. J. (2005). <em>A l\u00e9lek betegs\u00e9gei: Pszichopatol\u00f3gia<\/em>. Osiris Kiad\u00f3.<\/strong><\/p>\n<ol start=\"3\">\n<li>fejezet: Az abnormalit\u00e1s pszichol\u00f3giai modelljei (pp. 51-84)<\/li>\n<li>fejezet: A pszich\u00e9s rendelleness\u00e9gek biol\u00f3giai \u00e9s szociokultur\u00e1lis modellje (pp. 87-112)<\/li>\n<\/ol>\n<p><strong>\u00a0<\/strong><\/p>\n<h4>Sz\u00f3beli vizsga:<\/h4>\n<p><strong>A sz\u00f3beli vizsga t\u00e9mak\u00f6rei:<\/strong><\/p>\n<ul>\n<li>motiv\u00e1ci\u00f3s besz\u00e9lget\u00e9s<\/li>\n<li>egy v\u00e1lasztott referenciadolgozat bemutat\u00e1sa<\/li>\n<li>kritikai gondolkod\u00e1s, probl\u00e9mamegold\u00e1s<\/li>\n<li>relev\u00e1ns \u00f6nk\u00e9ntes tev\u00e9kenys\u00e9gek \u00e9s munkaviszonyok<\/li>\n<\/ul>\n<p>A sz\u00f3beli vizsga el\u0151tt az \u00f6n\u00e9letrajz megk\u00fcld\u00e9se k\u00f6telez\u0151, a sz\u00f3beli vizsga \u00e9rt\u00e9kel\u00e9s\u00e9hez n\u00e9lk\u00fcl\u00f6zhetetlen!<\/p>\n<p><strong>A sz\u00f3beli besz\u00e9lget\u00e9sen k\u00f6telez\u0151en bemutatand\u00f3 dokumentumok:<\/strong><\/p>\n<ul>\n<li>pszichol\u00f3gia BA diploma (vagy osztatlan k\u00e9pz\u00e9s, pszichol\u00f3gus diploma)<\/li>\n<li>\u00f6n\u00e9letrajz<\/li>\n<li>eredeti igazol\u00e1sok t\u00f6bbletpont jogc\u00edmekr\u0151l<\/li>\n<\/ul>\n<p>Sz\u00f3beli felv\u00e9teli elbesz\u00e9lget\u00e9sre az \u00edr\u00e1sbeli vizsg\u00e1n minimum 20 pontot el\u00e9rt jel\u00f6ltek ker\u00fclnek beh\u00edv\u00e1sra. Amennyiben a minimum 20 pontot el\u00e9rt felv\u00e9teliz\u0151k sz\u00e1ma nem \u00e9ri el a minimum l\u00e9tsz\u00e1mot, a jelentkez\u0151k k\u00f6z\u00fcl a 60 legmagasabb pontsz\u00e1mot el\u00e9rt hallgat\u00f3 ker\u00fcl beh\u00edv\u00e1sra.<\/p>\n<p style=\"text-align: center\"><span style=\"color: #0000ff\"><strong>\u00cdr\u00e1sbeli felv\u00e9teli vizsga: 2026. m\u00e1jus 23.<\/strong><\/span><\/p>\n<p style=\"text-align: center\"><span style=\"color: #0000ff\"><strong>Sz\u00f3beli felv\u00e9teli vizsga: 2026. j\u00fanius 22.\u20132026. j\u00falius 4.<\/strong><\/span><\/p>\n<h4>T\u00f6bbletpontok (maximum 10)<\/h4>\n<ul>\n<li>t\u00f6bbletpontok: maximum 10 pont\n<ul>\n<li>Es\u00e9lyegyenl\u0151s\u00e9g\u00e9rt (h\u00e1tr\u00e1nyos helyzet, fogyat\u00e9koss\u00e1g, gyermekgondoz\u00e1s) legfeljebb 5 pont adhat\u00f3:\n<ul>\n<li>fogyat\u00e9koss\u00e1g: 5 pont<\/li>\n<li>gyermekgondoz\u00e1s: 5 pont<\/li>\n<li>h\u00e1tr\u00e1nyos helyzet: 5 pont<\/li>\n<\/ul>\n<\/li>\n<li>2. fels\u0151fok\u00fa (C1) komplex nyelvvizsga: 5 pont<\/li>\n<li>(szakmai) tudom\u00e1nyos munka, tev\u00e9kenys\u00e9g:<br \/>\nmegjelent tudom\u00e1nyos publik\u00e1ci\u00f3 lektor\u00e1lt szakfoly\u00f3iratban, egy\u00e9b szerz\u0151: 2 pont<\/li>\n<li>kutat\u00e1si \u00e9s publik\u00e1ci\u00f3s tev\u00e9kenys\u00e9g<br \/>\nmegjelent tudom\u00e1nyos publik\u00e1ci\u00f3 lektor\u00e1lt szakfoly\u00f3iratban, els\u0151 vagy utols\u00f3 szerz\u0151: 5 pont<\/li>\n<li>OTDK 1. helyez\u00e9s: 5 pont<\/li>\n<li>OTDK 2. helyez\u00e9s: 3 pont<\/li>\n<li>OTDK 3. helyez\u00e9s: 2 pont<\/li>\n<li>OTDK k\u00fcl\u00f6nd\u00edj: 1 pont<\/li>\n<\/ul>\n<\/li>\n<\/ul>\n<ol start=\"4\">\n<li>\n<h6>Fontos tudnival\u00f3k a szakr\u00f3l<\/h6>\n<\/li>\n<\/ol>\n<ul>\n<li>Oktat\u00e1s helysz\u00edne (\u00e9p\u00fclet, c\u00edm): Semmelweis Egyetem szervezeti egys\u00e9gei<\/li>\n<li>Specializ\u00e1ci\u00f3: nincs<\/li>\n<li>Kreditelismer\u00e9s-inform\u00e1ci\u00f3k: &#8211;<\/li>\n<li>Szakmai gyakorlat: a k\u00e9pz\u00e9s ideje alatt a Semmelweis Egyetem Klinik\u00e1in<\/li>\n<\/ul>\n<ol start=\"5\">\n<li>\n<h6>Egy\u00e9b tudnival\u00f3k \/ megjegyz\u00e9sek<\/h6>\n<\/li>\n<\/ol>\n<ul>\n<li>\u201eFontos tudnival\u00f3k a szakr\u00f3l\u201d r\u00f6vid sz\u00f6veg:<\/li>\n<\/ul>\n<p>A k\u00e9pz\u00e9s c\u00e9lja \u00e1tfog\u00f3 diagnosztikai, ter\u00e1pi\u00e1s, klinikai kutat\u00e1si ismeretekkel b\u00edr\u00f3 \u00e9s sz\u00e9les k\u00f6r\u0171 m\u00f3dszertani \u00e9s gyakorlati j\u00e1rtass\u00e1ggal rendelkez\u0151 szakemberek k\u00e9pz\u00e9se, akik a klinikai pszichol\u00f3gia tudom\u00e1nyter\u00fcletein megszerzett ismereteik birtok\u00e1ban t\u00e1j\u00e9kozottak a eg\u00e9szs\u00e9g- \u00e9s klinikai pszichol\u00f3gia t\u00f6bb \u00e1g\u00e1ban, ismerik e\u0301s e\u0301rtik az ege\u0301szse\u0301ges e\u0301s patolo\u0301gia\u0301s viselkede\u0301s, a testi-lelki mu\u030bko\u0308de\u0301sek megjelene\u0301si forma\u0301it, alapmechanizmusait, bio-pszicho-szocia\u0301lis o\u0308sszefu\u0308gge\u0301seit, \u00e9s k\u00e9pesek ismereteiket a ment\u00e1lis eg\u00e9szs\u00e9g meg\u0151rz\u00e9se, fejleszt\u00e9se, ment\u00e1lis probl\u00e9m\u00e1k megel\u0151z\u00e9se \u00e9s felismer\u00e9se, ment\u00e1lis \u00e9s szomatikus \u00e1llapotok rehabilit\u00e1ci\u00f3ja szolg\u00e1lat\u00e1ba \u00e1ll\u00edtani, ez\u00e1ltal k\u00e9pesek a lakoss\u00e1g ment\u00e1lis \u00e9s szomatikus eg\u00e9szs\u00e9gi \u00e1llapot\u00e1nak jav\u00edt\u00e1s\u00e1ra.<\/p>\n<p>A Semmelweis Egyetemen indul\u00f3 \u00faj pszichol\u00f3gus mesterk\u00e9pz\u00e9sekr\u0151l az al\u00e1bbi cikkben t\u00e1j\u00e9koz\u00f3dhatnak:<br \/>\n<a href=\"https:\/\/semmelweis.hu\/hirek\/2025\/11\/18\/pszichologiai-mesterkepzeseket-indit-a-semmelweis-egyetem\/\">https:\/\/semmelweis.hu\/hirek\/2025\/11\/18\/pszichologiai-mesterkepzeseket-indit-a-semmelweis-egyetem\/<\/a><\/p>\n<p>&nbsp;<\/p>\n<p>A szak aj\u00e1nlott <a href=\"https:\/\/semmelweis.hu\/aok\/files\/2025\/12\/Mintatanterv_altalanos-orvosi-es-klinikai-MSc_Egyetemi_Honapra.pdf\" target=\"_blank\" rel=\"noopener\">mintatanterve let\u00f6lthet\u0151<\/a>.\u00a0<\/p>\n<p>A szak <a href=\"https:\/\/semmelweis.hu\/aok\/files\/2025\/12\/SE_KKK_Bizonyitekokon_alapulp_altalanos_orvosi_es_klinikai_MSc.pdf\" target=\"_blank\" rel=\"noopener\">k\u00e9pz\u00e9si \u00e9s kimeneti k\u00f6vetelm\u00e9nyei<\/a>.\u00a0<\/p>\n","protected":false},"excerpt":{"rendered":"<p>A hagyom\u00e1nyosan b\u00f6lcs\u00e9szettudom\u00e1nyi alapokon nyugv\u00f3 pszichol\u00f3gia a modern idegtudom\u00e1nyok fejl\u0151d\u00e9s\u00e9vel term\u00e9szettudom\u00e1nny\u00e1 v\u00e1lt, \u00e9s egyre t\u00f6bb pszichol\u00f3giai folyamat \u00e9lettani alapj\u00e1t ismerj\u00fck meg \u2013 \u00edgy egyre jobban k\u00f6t\u0151dik az orvostudom\u00e1nyokhoz is. K\u00fcl\u00f6n\u00f6sen igaz ez a klinikai pszichol\u00f3gi\u00e1ra: ez diagnosztikus \u00e9s gy\u00f3gy\u00edt\u00f3 tev\u00e9kenys\u00e9get v\u00e9gez alapvet\u0151en a ment\u00e1lis, pszichi\u00e1triai betegs\u00e9gek ter\u00fclet\u00e9n, \u00e9s jelent\u0151sebb a szerepe a testi betegek gy\u00f3gy\u00edt\u00e1s\u00e1ban &hellip;<\/p>\n","protected":false},"author":101542,"featured_media":0,"parent":32836,"menu_order":6,"comment_status":"closed","ping_status":"closed","template":"","meta":{"_acf_changed":false,"footnotes":""},"categories":[],"tags":[],"class_list":["post-33967","page","type-page","status-publish","hentry"],"acf":[],"publishpress_future_action":{"enabled":false,"date":"1970-01-01 01:00:00","action":"","terms":[],"taxonomy":"","browser_timezone_offset":0},"_links":{"self":[{"href":"https:\/\/semmelweis.hu\/aok\/wp-json\/wp\/v2\/pages\/33967","targetHints":{"allow":["GET"]}}],"collection":[{"href":"https:\/\/semmelweis.hu\/aok\/wp-json\/wp\/v2\/pages"}],"about":[{"href":"https:\/\/semmelweis.hu\/aok\/wp-json\/wp\/v2\/types\/page"}],"author":[{"embeddable":true,"href":"https:\/\/semmelweis.hu\/aok\/wp-json\/wp\/v2\/users\/101542"}],"replies":[{"embeddable":true,"href":"https:\/\/semmelweis.hu\/aok\/wp-json\/wp\/v2\/comments?post=33967"}],"version-history":[{"count":10,"href":"https:\/\/semmelweis.hu\/aok\/wp-json\/wp\/v2\/pages\/33967\/revisions"}],"predecessor-version":[{"id":34300,"href":"https:\/\/semmelweis.hu\/aok\/wp-json\/wp\/v2\/pages\/33967\/revisions\/34300"}],"up":[{"embeddable":true,"href":"https:\/\/semmelweis.hu\/aok\/wp-json\/wp\/v2\/pages\/32836"}],"wp:attachment":[{"href":"https:\/\/semmelweis.hu\/aok\/wp-json\/wp\/v2\/media?parent=33967"}],"wp:term":[{"taxonomy":"category","embeddable":true,"href":"https:\/\/semmelweis.hu\/aok\/wp-json\/wp\/v2\/categories?post=33967"},{"taxonomy":"post_tag","embeddable":true,"href":"https:\/\/semmelweis.hu\/aok\/wp-json\/wp\/v2\/tags?post=33967"}],"curies":[{"name":"wp","href":"https:\/\/api.w.org\/{rel}","templated":true}]}}