{"id":33636,"date":"2025-08-06T14:25:18","date_gmt":"2025-08-06T12:25:18","guid":{"rendered":"https:\/\/semmelweis.hu\/aok\/?page_id=33636"},"modified":"2026-03-19T12:41:46","modified_gmt":"2026-03-19T11:41:46","slug":"ujvari-janos-diplomadij-palyazat","status":"publish","type":"page","link":"https:\/\/semmelweis.hu\/aok\/osztondij-palyazat\/ujvari-janos-diplomadij-palyazat\/","title":{"rendered":"Ujv\u00e1ri J\u00e1nos diplomad\u00edj-p\u00e1ly\u00e1zat felh\u00edv\u00e1s, v\u00e9gz\u0151s hallgat\u00f3k r\u00e9sz\u00e9re"},"content":{"rendered":"<h1>Ujv\u00e1ri J\u00e1nos diplomad\u00edj-p\u00e1ly\u00e1zat felh\u00edv\u00e1s\u00a0a 2025\/26 tan\u00e9v tavaszi f\u00e9l\u00e9v\u00e9ben v\u00e9gz\u0151s hallgat\u00f3k r\u00e9sz\u00e9re<strong>\u00a0 \u00a0 \u00a0 \u00a0\u00a0<\/strong><\/h1>\n<p>A Szellemi Tulajdon Nemzeti Hivatala \u00e1ltal ki\u00edrt <strong>Ujv\u00e1ri J\u00e1nos diplomad\u00edj-p\u00e1ly\u00e1zat <\/strong>c\u00e9lja seg\u00edteni a fels\u0151oktat\u00e1si tanulm\u00e1nyaik v\u00e9g\u00e9hez k\u00f6zeled\u0151 hallgat\u00f3kat, hogy diplomadolgozatuk t\u00e9m\u00e1j\u00e1t megfelel\u0151 szakmai t\u00e1mogat\u00e1s mellett szellemitulajdon-v\u00e9delmi szempontb\u00f3l is megvizsg\u00e1lj\u00e1k, \u00e9s felt\u00e9rk\u00e9pezz\u00e9k az \u00e1ltaluk v\u00e1lasztott t\u00e9ma szellemitulajdon-v\u00e9delmi vonatkoz\u00e1sait, illetve oltalmazhat\u00f3s\u00e1gi lehet\u0151s\u00e9geit.<strong>\u00a0<\/strong><\/p>\n<p>A p\u00e1lyam\u0171 \u00edr\u00e1sa k\u00f6zben a hallgat\u00f3k megismerhetik a szellemitulajdon-v\u00e9delem elm\u00e9leti alapjait, \u00e9s betekint\u00e9st kaphatnak eszk\u00f6zrendszer\u00e9nek gazdas\u00e1gi \u00e9s jogi jelent\u0151s\u00e9g\u00e9be gyakorlati oldalr\u00f3l is. <strong>A hallgat\u00f3k a p\u00e1ly\u00e1zaton val\u00f3 r\u00e9szv\u00e9tellel olyan tud\u00e1shoz jutnak, amit a k\u00e9s\u0151bbiekben a munkaer\u0151piacon kutat\u00f3k\u00e9nt, m\u00e9rn\u00f6kk\u00e9nt vagy b\u00e1rmilyen m\u00e1s hivat\u00e1s keret\u00e9ben is hasznos\u00edtani tudnak. <\/strong><\/p>\n<h3>A p\u00e1ly\u00e1z\u00f3k k\u00f6re<\/h3>\n<p>A p\u00e1ly\u00e1zaton azok a <strong>fels\u0151fok\u00fa alap- \u00e9s mesterk\u00e9pz\u00e9sben r\u00e9szt vev\u0151 hallgat\u00f3k<\/strong> vehetnek r\u00e9szt, akik a 2025-26. tan\u00e9v tavaszi f\u00e9l\u00e9v\u00e9nek v\u00e9g\u00e9n fejezik be tanulm\u00e1nyaikat.<\/p>\n<h3>A p\u00e1ly\u00e1zat tartalma<\/h3>\n<p>A p\u00e1ly\u00e1zaton a v\u00e9gz\u0151s hallgat\u00f3 az \u00e1ltala k\u00e9sz\u00edtett <strong>diplomamunk\u00e1val\/szakdolgozattal <\/strong>tud nevezni, amelyben a v\u00e1lasztott t\u00e9ma <strong>szellemitulajdon-v\u00e9delmi vonatkoz\u00e1sait t\u00e1rja fel <\/strong>legal\u00e1bb 10 oldal terjedelemben, <strong>illetve olyan diplomamunk\u00e1val\/szakdolgozattal, amit teljesen a szellemitulajdon-v\u00e9delem valamely kiv\u00e1lasztott k\u00e9rd\u00e9s\u00e9nek szentelnek<\/strong>. A p\u00e1ly\u00e1zatok \u00e9rt\u00e9kel\u00e9sn\u00e9l a k\u00e9t megk\u00f6zel\u00edt\u00e9si m\u00f3d egyforma elb\u00edr\u00e1l\u00e1s al\u00e1 esik, a dolgozatok rangsorol\u00e1s\u00e1n\u00e1l egyik megold\u00e1s v\u00e1laszt\u00e1sa sem jelent h\u00e1tr\u00e1nyt.<\/p>\n<p>A dolgozatnak t\u00fckr\u00f6znie kell, hogy a hallgat\u00f3 <strong>alapfokon \u00e1tl\u00e1tja \u00e9s \u00e9rtelmezi a szellemitulajdon-v\u00e9delem rendszer\u00e9t, \u00e9s ebben el tudja helyezni saj\u00e1t t\u00e9m\u00e1j\u00e1nak, megold\u00e1s\u00e1nak vizsg\u00e1lat\u00e1t<\/strong>. A p\u00e1ly\u00e1zat meg\u00edr\u00e1s\u00e1t az SZTNH szellemitulajdon-v\u00e9delmi k\u00e9pz\u00e9ssel \u00e9s egy\u00e9ni szakmai konzulens biztos\u00edt\u00e1s\u00e1val t\u00e1mogatja (ett\u0151l egyedi esetekben eltekinthet\u00fcnk), akinek feladata v\u00e9gigk\u00eds\u00e9rni a hallgat\u00f3t a dolgozat elk\u00e9sz\u00edt\u00e9s\u00e9n \u00e9s seg\u00edteni a dolgozat meg\u00edr\u00e1s\u00e1t.<\/p>\n<p>A p\u00e1ly\u00e1zat <strong>versenyeztet\u00e9sen alapul<\/strong>, a hallgat\u00f3k <strong>n\u00e9gy kateg\u00f3ri\u00e1ban <\/strong>ny\u00fajthatnak be munk\u00e1kat:<\/p>\n<ul>\n<li>szabadalom\/haszn\u00e1latiminta-oltalom,<\/li>\n<li>v\u00e9djegy \u00e9s formatervez\u00e9siminta-oltalom,<\/li>\n<li>szerz\u0151i jog<\/li>\n<li>szellemitulajdon-v\u00e9delem gazdas\u00e1gi szerepe.<\/li>\n<\/ul>\n<p><strong>Egy p\u00e1ly\u00e1zatban csak egy kateg\u00f3ria jel\u00f6lhet\u0151 meg, <\/strong>a p\u00e1lyamunka a k\u00e9s\u0151bbiekben ebben a kateg\u00f3ri\u00e1ban ker\u00fcl elb\u00edr\u00e1l\u00e1sra. Mindazon\u00e1ltal, ha a diplomamunka, illetve szakdolgozat t\u00e1rgya olyan alkot\u00f3munka eredm\u00e9nye, amely t\u00f6bb kateg\u00f3ri\u00e1t is \u00e9rint, a p\u00e1ly\u00e1zatnak a relev\u00e1ns oltalmi form\u00e1k mindegyik\u00e9vel kapcsolatban tartalmaznia kell az elemz\u0151 vizsg\u00e1latot. Ilyen esetben az \u00e9rt\u00e9kel\u00e9s kiterjed az oltalmi form\u00e1k k\u00f6z\u00f6tti \u00f6sszef\u00fcgg\u00e9sek ismeret\u00e9re is. Az SZTNH \u2013 indokolt esetben \u2013 jogosult a diplomamunk\u00e1t a hallgat\u00f3 \u00e1ltal megjel\u00f6lt kateg\u00f3ri\u00e1t\u00f3l elt\u00e9r\u0151en is besorolni.<\/p>\n<h3>A p\u00e1ly\u00e1zati d\u00edj \u00f6sszege \u00e9s annak elb\u00edr\u00e1l\u00e1sa<\/h3>\n<p>A p\u00e1ly\u00e1zatokat az SZTNH \u00e1ltal kijel\u00f6lt szak\u00e9rt\u0151kb\u0151l \u00e1ll\u00f3 bizotts\u00e1g \u00e9rt\u00e9keli. A n\u00e9gy meghirdetett kateg\u00f3ria mindegyik\u00e9ben az els\u0151 h\u00e1rom helyezett ker\u00fcl d\u00edjaz\u00e1sra az al\u00e1bbiak szerint:<\/p>\n<ul>\n<li><strong>els\u0151 d\u00edj 250 000 Ft, <\/strong><\/li>\n<li><strong>m\u00e1sodik d\u00edj 200 000 Ft, <\/strong><\/li>\n<li><strong>harmadik d\u00edj 150 000 Ft. <\/strong><\/li>\n<\/ul>\n<p>A SZTNH fenntartja a jogot, hogy a p\u00e1lyam\u0171vek tartalma \u00e9s sz\u00ednvonala alapj\u00e1n v\u00e1ltoztasson a kateg\u00f3ri\u00e1k, illetve a kiadott d\u00edjak sz\u00e1m\u00e1n.<\/p>\n<p>(A d\u00edj \u00f6sszege ad\u00f3k\u00f6teles j\u00f6vedelem, a 25. \u00e9v alatti fiatalok kedvezm\u00e9nye \u2013 ad\u00f3kedvezm\u00e9ny &#8211; nem \u00e9rv\u00e9nyes\u00edthet\u0151.)<\/p>\n<h3>A p\u00e1ly\u00e1zati d\u00edj elnyer\u00e9s\u00e9nek felt\u00e9telei<\/h3>\n<ol>\n<li>Egy <strong>20 \u00f3r\u00e1s szellemitulajdon-v\u00e9delmi <u>t\u00e1voktat\u00e1si tanfolyam<\/u><\/strong> elv\u00e9gz\u00e9se, kiv\u00e9ve, ha a hallgat\u00f3 kor\u00e1bban az egyetem \u00e1ltal igazoltan elv\u00e9gzett egy minimum 20 \u00f3r\u00e1s szellemitulajdon-v\u00e9delmi k\u00e9pz\u00e9st.<\/li>\n<li>A diplomamunka\/szakdolgozat t\u00e9m\u00e1j\u00e1hoz kapcsol\u00f3d\u00f3 szellemitulajdon-v\u00e9delmi vonatkoz\u00e1sok felt\u00e1r\u00e1sa minimum 10 oldal terjedelemben. A dolgozat \u00edr\u00e1sa k\u00f6zben a hallgat\u00f3nak legal\u00e1bb h\u00e1rom alkalommal kell egyeztetni a hivatal \u00e1ltal sz\u00e1m\u00e1ra biztos\u00edtott szakmai konzulenssel. Az \u00e9rt\u00e9kel\u00e9s pontos krit\u00e9riumair\u00f3l a hallgat\u00f3 a konzulens\u00e9t\u0151l tud t\u00e1j\u00e9koz\u00f3dni.<strong style=\"font-size: 1rem\">\u00a0<\/strong><\/li>\n<\/ol>\n<h3>A p\u00e1ly\u00e1zat menete<\/h3>\n<ol>\n<li>A <strong>p\u00e1ly\u00e1zati sz\u00e1nd\u00e9k jelz\u00e9se <\/strong>a k\u00f6zponti <a href=\"mailto:ujvaridiplomadij@hipo.gov.hu\"><strong>ujvaridiplomadij@hipo.gov.hu<\/strong><\/a> p\u00e1ly\u00e1zati email c\u00edmen az al\u00e1bbi adatokkal a regisztr\u00e1ci\u00f3s hat\u00e1rid\u0151ig:<\/li>\n<\/ol>\n<ul>\n<li>a p\u00e1ly\u00e1z\u00f3 adatai: neve, email c\u00edme, k\u00e9pz\u0151 int\u00e9zm\u00e9ny\u00e9nek neve, a kar megjel\u00f6l\u00e9s\u00e9vel,<\/li>\n<li>a diploma\/szakdolgozat c\u00edme \u00e9s r\u00f6vid v\u00e1zlata,<\/li>\n<li>annak megjel\u00f6l\u00e9se, hogy milyen szellemitulajdon-v\u00e9delmi kateg\u00f3ri\u00e1ban k\u00edv\u00e1n indulni \u00e9s milyen szellemitulajdon-v\u00e9delmi t\u00e9m\u00e1ban vizsg\u00e1lja meg a dolgozat\u00e1nak tartalm\u00e1t.<\/li>\n<\/ul>\n<ol start=\"2\">\n<li>A fentiekben r\u00e9szletezett <strong>p\u00e1ly\u00e1zati felt\u00e9telek teljes\u00edt\u00e9se<\/strong>.<\/li>\n<li><strong>A diplomamunk\u00e1ba\/szakdolgozatba integr\u00e1lt p\u00e1ly\u00e1zati dolgozat elk\u00e9sz\u00edt\u00e9se \u00e9s lead\u00e1sa a megjel\u00f6lt hat\u00e1rid\u0151re. <\/strong>A diplomamunka\/szakdolgozat tartalm\u00e1t az SZTNH kiz\u00e1r\u00f3lag abb\u00f3l a szempontb\u00f3l vizsg\u00e1lja, hogy milyen m\u00e9lys\u00e9gben siker\u00fclt a hallgat\u00f3nak a lehets\u00e9ges szellemitulajdon-v\u00e9delmi vonatkoz\u00e1sokat felt\u00e1rni.<\/li>\n<\/ol>\n<p><strong>Az anyagokat elektronikus \u00faton, PDF form\u00e1tumban k\u00e9rj\u00fck leadni a k\u00f6zponti p\u00e1ly\u00e1zati email c\u00edmre. <\/strong>Minden, a p\u00e1ly\u00e1zatot \u00e9rint\u0151 k\u00e9rd\u00e9sben a k\u00f6zponti p\u00e1ly\u00e1zati email c\u00edmen k\u00e9rhet\u0151 b\u0151vebb felvil\u00e1gos\u00edt\u00e1s.<\/p>\n<p>A p\u00e1ly\u00e1zatok \u00e9rt\u00e9kel\u00e9s\u00e9t az SZTNH munkat\u00e1rsaib\u00f3l fel\u00e1ll\u00edtott, f\u00fcggetlen szak\u00e9rt\u0151i bizotts\u00e1g v\u00e9gzi. Az \u00e9rt\u00e9kel\u00e9s eredm\u00e9ny\u00e9r\u0151l minden hallgat\u00f3 \u00e9rtes\u00edt\u00e9st kap.<\/p>\n<h3>Hat\u00e1rid\u0151k<\/h3>\n<p>A p\u00e1ly\u00e1zati sz\u00e1nd\u00e9k regisztr\u00e1l\u00e1s\u00e1nak hat\u00e1rideje: \u00a0\u00a0\u00a0 <strong>2026. m\u00e1jus 5. <\/strong><\/p>\n<p>A diplomad\u00edj-p\u00e1ly\u00e1zat elk\u00e9sz\u00edt\u00e9s\u00e9nek hat\u00e1rideje: \u00a0\u00a0 <strong>2026. j\u00falius 31. <\/strong><\/p>\n<p>A 2025-26 tan\u00e9v tavaszi f\u00e9l\u00e9vben v\u00e9gz\u0151s hallgat\u00f3k p\u00e1ly\u00e1zatainak \u00e9rt\u00e9kel\u00e9se a tan\u00e9v \u0151szi f\u00e9l\u00e9v\u00e9ben v\u00e9gz\u0151s hallgat\u00f3k sz\u00e1m\u00e1ra ki\u00edrt p\u00e1ly\u00e1zatokkal egy\u00fctt t\u00f6rt\u00e9nik. <strong>Minden hallgat\u00f3 2026. szeptember 30-ig t\u00e1j\u00e9koztat\u00e1st kap p\u00e1ly\u00e1zata eredm\u00e9ny\u00e9r\u0151l. <\/strong><\/p>\n<h3>A d\u00edjak \u00e1tad\u00e1sa<\/h3>\n<p>A d\u00edjak \u00e1tad\u00e1s\u00e1ra az SZTNH sz\u00e9kh\u00e1z\u00e1ban ker\u00fcl sor \u00fcnnep\u00e9lyes keretek k\u00f6z\u00f6tt. A p\u00e1ly\u00e1zati d\u00edjak \u00e1tutal\u00e1sa a nyertes p\u00e1ly\u00e1z\u00f3knak a d\u00edj\u00e1tad\u00f3val egy id\u0151ben t\u00f6rt\u00e9nik. A d\u00edj\u00e1tad\u00f3 \u00fcnneps\u00e9gre minden p\u00e1ly\u00e1z\u00f3 hallgat\u00f3 megh\u00edv\u00e1st kap.<\/p>\n<p>A p\u00e1ly\u00e1zatr\u00f3l r\u00e9szletes inform\u00e1ci\u00f3 az SZTNH k\u00e9pz\u00e9si oldal\u00e1n tal\u00e1lhat\u00f3:<\/p>\n<p><a href=\"http:\/\/www.sztnh.gov.hu\/hu\/sztnh\/szellemitulajdon-vedelmi-kepzes\/ujvari-janos-diplomadij-palyazat\">http:\/\/www.sztnh.gov.hu\/hu\/sztnh\/szellemitulajdon-vedelmi-kepzes\/ujvari-janos-diplomadij-palyazat<\/a>\u00a0<\/p>\n<p>Budapest, 2026. m\u00e1rcius<\/p>\n<h1>\n<\/h1>\n<p>&nbsp;<\/p>\n","protected":false},"excerpt":{"rendered":"<p>Ujv\u00e1ri J\u00e1nos diplomad\u00edj-p\u00e1ly\u00e1zat felh\u00edv\u00e1s\u00a0a 2025\/26 tan\u00e9v tavaszi f\u00e9l\u00e9v\u00e9ben v\u00e9gz\u0151s hallgat\u00f3k r\u00e9sz\u00e9re\u00a0 \u00a0 \u00a0 \u00a0\u00a0 A Szellemi Tulajdon Nemzeti Hivatala \u00e1ltal ki\u00edrt Ujv\u00e1ri J\u00e1nos diplomad\u00edj-p\u00e1ly\u00e1zat c\u00e9lja seg\u00edteni a fels\u0151oktat\u00e1si tanulm\u00e1nyaik v\u00e9g\u00e9hez k\u00f6zeled\u0151 hallgat\u00f3kat, hogy diplomadolgozatuk t\u00e9m\u00e1j\u00e1t megfelel\u0151 szakmai t\u00e1mogat\u00e1s mellett szellemitulajdon-v\u00e9delmi szempontb\u00f3l is megvizsg\u00e1lj\u00e1k, \u00e9s felt\u00e9rk\u00e9pezz\u00e9k az \u00e1ltaluk v\u00e1lasztott t\u00e9ma szellemitulajdon-v\u00e9delmi vonatkoz\u00e1sait, illetve oltalmazhat\u00f3s\u00e1gi lehet\u0151s\u00e9geit.\u00a0 A &hellip;<\/p>\n","protected":false},"author":101542,"featured_media":0,"parent":6018,"menu_order":0,"comment_status":"closed","ping_status":"closed","template":"","meta":{"_acf_changed":false,"footnotes":""},"categories":[],"tags":[],"class_list":["post-33636","page","type-page","status-publish","hentry"],"acf":[],"publishpress_future_action":{"enabled":false,"date":"1970-01-01 01:00:00","action":"","terms":[],"taxonomy":"","browser_timezone_offset":0},"_links":{"self":[{"href":"https:\/\/semmelweis.hu\/aok\/wp-json\/wp\/v2\/pages\/33636","targetHints":{"allow":["GET"]}}],"collection":[{"href":"https:\/\/semmelweis.hu\/aok\/wp-json\/wp\/v2\/pages"}],"about":[{"href":"https:\/\/semmelweis.hu\/aok\/wp-json\/wp\/v2\/types\/page"}],"author":[{"embeddable":true,"href":"https:\/\/semmelweis.hu\/aok\/wp-json\/wp\/v2\/users\/101542"}],"replies":[{"embeddable":true,"href":"https:\/\/semmelweis.hu\/aok\/wp-json\/wp\/v2\/comments?post=33636"}],"version-history":[{"count":5,"href":"https:\/\/semmelweis.hu\/aok\/wp-json\/wp\/v2\/pages\/33636\/revisions"}],"predecessor-version":[{"id":33640,"href":"https:\/\/semmelweis.hu\/aok\/wp-json\/wp\/v2\/pages\/33636\/revisions\/33640"}],"up":[{"embeddable":true,"href":"https:\/\/semmelweis.hu\/aok\/wp-json\/wp\/v2\/pages\/6018"}],"wp:attachment":[{"href":"https:\/\/semmelweis.hu\/aok\/wp-json\/wp\/v2\/media?parent=33636"}],"wp:term":[{"taxonomy":"category","embeddable":true,"href":"https:\/\/semmelweis.hu\/aok\/wp-json\/wp\/v2\/categories?post=33636"},{"taxonomy":"post_tag","embeddable":true,"href":"https:\/\/semmelweis.hu\/aok\/wp-json\/wp\/v2\/tags?post=33636"}],"curies":[{"name":"wp","href":"https:\/\/api.w.org\/{rel}","templated":true}]}}