{"id":33352,"date":"2025-04-25T10:48:35","date_gmt":"2025-04-25T08:48:35","guid":{"rendered":"https:\/\/semmelweis.hu\/aok\/?page_id=33352"},"modified":"2025-04-25T10:48:35","modified_gmt":"2025-04-25T08:48:35","slug":"2025-aprilis-16-i-hatarozatok-elektronikus-szavazas","status":"publish","type":"page","link":"https:\/\/semmelweis.hu\/aok\/a-karrol\/kari-tanacs\/a-kari-tanacs-hatarozatai\/2025-aprilis-16-i-hatarozatok-elektronikus-szavazas\/","title":{"rendered":"2025. \u00e1prilis 16-i hat\u00e1rozatok &#8211; elektronikus szavaz\u00e1s"},"content":{"rendered":"<p><a href=\"https:\/\/semmelweis.hu\/aok\/files\/2025\/04\/23_hatarozat_merit_szabalyzat.pdf\" target=\"_blank\" rel=\"noopener\">23\/2025 (2025. \u00e1prilis 16-i) sz\u00e1m\u00fa hat\u00e1rozat az Oktat\u00e1si Merit d\u00edj adom\u00e1nyoz\u00e1s\u00e1r\u00f3l \u00e9s a Kari Kiv\u00e1l\u00f3s\u00e1gi Merit d\u00edj adom\u00e1nyoz\u00e1s\u00e1r\u00f3l sz\u00f3l\u00f3 szab\u00e1lyzatok elfogad\u00e1s\u00e1r\u00f3l<\/a><\/p>\n<p><a href=\"https:\/\/semmelweis.hu\/aok\/files\/2025\/04\/24_hatarozat_vizsgakedvezmeny.pdf\" target=\"_blank\" rel=\"noopener\">24\/2025 (2025. \u00e1prilis 16-i) sz\u00e1m\u00fa hat\u00e1rozat az eg\u00e9szs\u00e9g\u00fcgyi szolg\u00e1lati jogviszony keret\u00e9ben klinikai munk\u00e1t v\u00e9gz\u0151 hallgat\u00f3k vizsgafelv\u00e9teli kedvezm\u00e9ny\u00e9r\u0151l az \u00c1ltal\u00e1nos Orvostudom\u00e1nyi Karon<\/a><\/p>\n","protected":false},"excerpt":{"rendered":"<p><a href=\"https:\/\/semmelweis.hu\/aok\/files\/2025\/04\/23_hatarozat_merit_szabalyzat.pdf\" target=\"_blank\" rel=\"noopener\">23\/2025 (2025. \u00e1prilis 16-i) sz\u00e1m\u00fa hat\u00e1rozat az Oktat\u00e1si Merit d\u00edj adom\u00e1nyoz\u00e1s\u00e1r\u00f3l \u00e9s a Kari Kiv\u00e1l\u00f3s\u00e1gi Merit d\u00edj adom\u00e1nyoz\u00e1s\u00e1r\u00f3l sz\u00f3l\u00f3 szab\u00e1lyzatok elfogad\u00e1s\u00e1r\u00f3l<\/a><br \/>\n<a href=\"https:\/\/semmelweis.hu\/aok\/files\/2025\/04\/24_hatarozat_vizsgakedvezmeny.pdf\" target=\"_blank\" rel=\"noopener\">24\/2025 (2025. \u00e1prilis 16-i) sz\u00e1m\u00fa hat\u00e1rozat az eg\u00e9szs\u00e9g\u00fcgyi szolg\u00e1lati jogviszony keret\u00e9ben klinikai munk\u00e1t v\u00e9gz\u0151 hallgat\u00f3k vizsgafelv\u00e9teli kedvezm\u00e9ny\u00e9r\u0151l az \u00c1ltal\u00e1nos Orvostudom\u00e1nyi Karon<\/a><\/p>\n","protected":false},"author":101862,"featured_media":0,"parent":1141,"menu_order":0,"comment_status":"closed","ping_status":"closed","template":"","meta":{"_acf_changed":false,"footnotes":""},"categories":[],"tags":[],"class_list":["post-33352","page","type-page","status-publish","hentry"],"acf":[],"publishpress_future_action":{"enabled":false,"date":"1970-01-01 01:00:00","action":"","terms":[],"taxonomy":"","browser_timezone_offset":0},"_links":{"self":[{"href":"https:\/\/semmelweis.hu\/aok\/wp-json\/wp\/v2\/pages\/33352","targetHints":{"allow":["GET"]}}],"collection":[{"href":"https:\/\/semmelweis.hu\/aok\/wp-json\/wp\/v2\/pages"}],"about":[{"href":"https:\/\/semmelweis.hu\/aok\/wp-json\/wp\/v2\/types\/page"}],"author":[{"embeddable":true,"href":"https:\/\/semmelweis.hu\/aok\/wp-json\/wp\/v2\/users\/101862"}],"replies":[{"embeddable":true,"href":"https:\/\/semmelweis.hu\/aok\/wp-json\/wp\/v2\/comments?post=33352"}],"version-history":[{"count":1,"href":"https:\/\/semmelweis.hu\/aok\/wp-json\/wp\/v2\/pages\/33352\/revisions"}],"predecessor-version":[{"id":33353,"href":"https:\/\/semmelweis.hu\/aok\/wp-json\/wp\/v2\/pages\/33352\/revisions\/33353"}],"up":[{"embeddable":true,"href":"https:\/\/semmelweis.hu\/aok\/wp-json\/wp\/v2\/pages\/1141"}],"wp:attachment":[{"href":"https:\/\/semmelweis.hu\/aok\/wp-json\/wp\/v2\/media?parent=33352"}],"wp:term":[{"taxonomy":"category","embeddable":true,"href":"https:\/\/semmelweis.hu\/aok\/wp-json\/wp\/v2\/categories?post=33352"},{"taxonomy":"post_tag","embeddable":true,"href":"https:\/\/semmelweis.hu\/aok\/wp-json\/wp\/v2\/tags?post=33352"}],"curies":[{"name":"wp","href":"https:\/\/api.w.org\/{rel}","templated":true}]}}