{"id":30152,"date":"2023-10-12T12:58:33","date_gmt":"2023-10-12T10:58:33","guid":{"rendered":"https:\/\/semmelweis.hu\/aok\/?page_id=30152"},"modified":"2026-04-09T12:31:18","modified_gmt":"2026-04-09T10:31:18","slug":"egyeb-palyazatok","status":"publish","type":"page","link":"https:\/\/semmelweis.hu\/aok\/osztondij-palyazat\/egyeb-palyazatok\/","title":{"rendered":"Egy\u00e9b hallgat\u00f3i p\u00e1ly\u00e1zat"},"content":{"rendered":"<div class=\"responsive-tabs\">\n<h2 class=\"tabtitle\">2026\/2027. \u00e9vi Budapest Roma \u00d6szt\u00f6nd\u00edjprogram<\/h2>\n<div class=\"tabcontent\">\n\n<p>Budapest F\u0151v\u00e1ros \u00d6nkorm\u00e1nyzata id\u00e9n is meghirdeti a Budapest Roma \u00d6szt\u00f6nd\u00edjprogramot (a tov\u00e1bbiakban: Program), melynek c\u00e9lja, hogy el\u0151mozd\u00edtsa a roma fiatalok kompetenci\u00e1inak fejleszt\u00e9se \u00e9s munkatapasztalat-szerz\u00e9s\u00e9nek biztos\u00edt\u00e1sa \u00e1ltal a roma nemzetis\u00e9g\u0171 fiataloknak a k\u00f6zigazgat\u00e1sban, illetve k\u00f6zszolg\u00e1ltat\u00e1s ny\u00fajt\u00e1s\u00e1val foglalkoz\u00f3 munk\u00e1ltat\u00f3kn\u00e1l val\u00f3 elhelyezked\u00e9s\u00e9t.<\/p>\n<p><strong>A Program id\u0151tartama<\/strong>: v\u00e1rhat\u00f3an 2026. szeptember 1. \u00e9s 2027. m\u00e1rcius 31. k\u00f6zt \u00f6sszesen 5 h\u00f3nap.<\/p>\n<p>A Program sor\u00e1n az \u00f6szt\u00f6nd\u00edjasokat mentorok seg\u00edtik.<\/p>\n<p>A Program keret\u00e9ben \u00f6szt\u00f6nd\u00edjban r\u00e9szes\u00edthet\u0151 valamely f\u0151v\u00e1rosi sz\u00e9khelyen vagy telephelyen m\u0171k\u00f6d\u0151 fels\u0151oktat\u00e1si int\u00e9zm\u00e9ny alap-, mester- vagy osztatlan k\u00e9pz\u00e9sben r\u00e9szt vev\u0151, nappali tagozatos hallgat\u00f3ja, aki:<\/p>\n<ul>\n<li>az \u00f6szt\u00f6nd\u00edjas id\u0151szak alatt akt\u00edv hallgat\u00f3i jogviszonyban \u00e1ll a fels\u0151oktat\u00e1si int\u00e9zm\u00e9nnyel, \u00e9s annak f\u0151v\u00e1rosi sz\u00e9khely\u00e9n vagy f\u0151v\u00e1rosi telephely\u00e9n folytatja tanulm\u00e1nyait;<\/li>\n<li>b\u00fcntetlen el\u0151\u00e9let\u0171, cselekv\u0151k\u00e9pes szem\u00e9ly;<\/li>\n<li>a jelentkez\u00e9s\u00e9t megel\u0151z\u0151 k\u00e9t lez\u00e1rt, ennek hi\u00e1ny\u00e1ban egy lez\u00e1rt tanulm\u00e1nyi f\u00e9l\u00e9vben tanulm\u00e1nyi eredm\u00e9ny\u00e9nek \u00e1tlaga f\u00e9l\u00e9venk\u00e9nt el\u00e9ri vagy meghaladja a 3,5 s\u00falyozott tanulm\u00e1nyi \u00e1tlagot,<\/li>\n<li>roma nemzetis\u00e9g\u0171nek vallja mag\u00e1t;<\/li>\n<li>v\u00e1llalja, hogy az \u00f6szt\u00f6nd\u00edjas id\u0151szak alatt a fogad\u00f3 szervezetek valamelyik\u00e9n\u00e9l, a fogad\u00f3 szervezet \u00e1ltal a p\u00e1ly\u00e1zati felh\u00edv\u00e1s mell\u00e9klet\u00e9ben megjel\u00f6lt valamely szakter\u00fcleten, a mentor \u00e1ltal elk\u00e9sz\u00edtett egy\u00e9ni fejleszt\u00e9si tervben foglaltak alapj\u00e1n, havonta legal\u00e1bb 35 \u00f3r\u00e1ban (de legfeljebb 50 \u00f3r\u00e1ban) a r\u00e1b\u00edzott, a fogad\u00f3 szervezet tev\u00e9kenys\u00e9ge szempontj\u00e1b\u00f3l relev\u00e1ns feladatokat ell\u00e1tja;<\/li>\n<li>v\u00e1llalja, hogy havonta legal\u00e1bb 5 \u00f3r\u00e1ban Romano Kher Budapesti Roma M\u0171vel\u0151d\u00e9si H\u00e1z mint k\u00f6zrem\u0171k\u00f6d\u0151 nemzetis\u00e9gi szervezet \u00e1ltal szervezett k\u00e9szs\u00e9gfejleszt\u0151 \u00e9s identit\u00e1st er\u0151s\u00edt\u0151 k\u00e9pz\u00e9seken, foglalkoz\u00e1sokon r\u00e9szt vesz;<\/li>\n<li>v\u00e1llalja, hogy az el\u0151\u00edrt k\u00f6vetelm\u00e9nyek nem teljes\u00edt\u00e9se eset\u00e9n a let\u00f6lt\u00f6tt \u00f6szt\u00f6nd\u00edjas id\u0151szakra vonatkoz\u00f3, kiutalt \u00f6szt\u00f6nd\u00edjat r\u00e9szben vagy eg\u00e9szben, az elsz\u00e1mol\u00e1s f\u00fcggv\u00e9ny\u00e9ben visszafizeti.<\/li>\n<\/ul>\n<p>A Programban r\u00e9szt vev\u0151 hallgat\u00f3k r\u00e9sz\u00e9re nett\u00f3 havi 100.000,-Ft\/f\u0151 \u00f6szt\u00f6nd\u00edj ker\u00fcl kifizet\u00e9sre.<\/p>\n<p>Az \u00f6szt\u00f6nd\u00edjak nyilv\u00e1nos p\u00e1ly\u00e1zat \u00fatj\u00e1n nyerhet\u0151k el. A Program p\u00e1ly\u00e1zata <strong>2026. m\u00e1jus 31-i<\/strong> jelentkez\u00e9si hat\u00e1rid\u0151vel ker\u00fclt meghirdet\u00e9sre a budapest.hu oldalon.<\/p>\n<p>A <strong>p\u00e1ly\u00e1zati felh\u00edv\u00e1s<\/strong> az al\u00e1bbi linken \u00e9rhet\u0151 el: <a href=\"https:\/\/einfoszab.budapest.hu\/ApplicationForm\/HistoryDetails\/18482?key=palyazat-osztondij-view&amp;type=3\">https:\/\/einfoszab.budapest.hu\/ApplicationForm\/HistoryDetails\/18482?key=palyazat-osztondij-view&amp;type=3<\/a><\/p>\n<p>&nbsp;<\/p>\n<\/div><\/div>\n","protected":false},"excerpt":{"rendered":"<p>Tov\u00e1bbi p\u00e1ly\u00e1zati felh\u00edv\u00e1sok<\/p>\n","protected":false},"author":101542,"featured_media":0,"parent":6018,"menu_order":8,"comment_status":"closed","ping_status":"closed","template":"template-fullwidth.php","meta":{"_acf_changed":false,"footnotes":""},"categories":[],"tags":[],"class_list":["post-30152","page","type-page","status-publish","hentry"],"acf":[],"publishpress_future_action":{"enabled":false,"date":"1970-01-01 01:00:00","action":"","terms":[],"taxonomy":"","browser_timezone_offset":0},"_links":{"self":[{"href":"https:\/\/semmelweis.hu\/aok\/wp-json\/wp\/v2\/pages\/30152","targetHints":{"allow":["GET"]}}],"collection":[{"href":"https:\/\/semmelweis.hu\/aok\/wp-json\/wp\/v2\/pages"}],"about":[{"href":"https:\/\/semmelweis.hu\/aok\/wp-json\/wp\/v2\/types\/page"}],"author":[{"embeddable":true,"href":"https:\/\/semmelweis.hu\/aok\/wp-json\/wp\/v2\/users\/101542"}],"replies":[{"embeddable":true,"href":"https:\/\/semmelweis.hu\/aok\/wp-json\/wp\/v2\/comments?post=30152"}],"version-history":[{"count":12,"href":"https:\/\/semmelweis.hu\/aok\/wp-json\/wp\/v2\/pages\/30152\/revisions"}],"predecessor-version":[{"id":34346,"href":"https:\/\/semmelweis.hu\/aok\/wp-json\/wp\/v2\/pages\/30152\/revisions\/34346"}],"up":[{"embeddable":true,"href":"https:\/\/semmelweis.hu\/aok\/wp-json\/wp\/v2\/pages\/6018"}],"wp:attachment":[{"href":"https:\/\/semmelweis.hu\/aok\/wp-json\/wp\/v2\/media?parent=30152"}],"wp:term":[{"taxonomy":"category","embeddable":true,"href":"https:\/\/semmelweis.hu\/aok\/wp-json\/wp\/v2\/categories?post=30152"},{"taxonomy":"post_tag","embeddable":true,"href":"https:\/\/semmelweis.hu\/aok\/wp-json\/wp\/v2\/tags?post=30152"}],"curies":[{"name":"wp","href":"https:\/\/api.w.org\/{rel}","templated":true}]}}

Egyéb hallgatói pályázat

<div class="responsive-tabs">
<h2 class="tabtitle">2026/2027. évi Budapest Roma Ösztöndíjprogram</h2>
<div class="tabcontent">

<p>Budapest Főváros Önkormányzata idén is meghirdeti a Budapest Roma Ösztöndíjprogramot (a továbbiakban: Program), melynek célja, hogy előmozdítsa a roma fiatalok kompetenciáinak fejlesztése és munkatapasztalat-szerzésének biztosítása által a roma nemzetiségű fiataloknak a közigazgatásban, illetve közszolgáltatás nyújtásával foglalkozó munkáltatóknál való elhelyezkedését.</p>
<p><strong>A Program időtartama</strong>: várhatóan 2026. szeptember 1. és 2027. március 31. közt összesen 5 hónap.</p>
<p>A Program során az ösztöndíjasokat mentorok segítik.</p>
<p>A Program keretében ösztöndíjban részesíthető valamely fővárosi székhelyen vagy telephelyen működő felsőoktatási intézmény alap-, mester- vagy osztatlan képzésben részt vevő, nappali tagozatos hallgatója, aki:</p>
<ul>
<li>az ösztöndíjas időszak alatt aktív hallgatói jogviszonyban áll a felsőoktatási intézménnyel, és annak fővárosi székhelyén vagy fővárosi telephelyén folytatja tanulmányait;</li>
<li>büntetlen előéletű, cselekvőképes személy;</li>
<li>a jelentkezését megelőző két lezárt, ennek hiányában egy lezárt tanulmányi félévben tanulmányi eredményének átlaga félévenként eléri vagy meghaladja a 3,5 súlyozott tanulmányi átlagot,</li>
<li>roma nemzetiségűnek vallja magát;</li>
<li>vállalja, hogy az ösztöndíjas időszak alatt a fogadó szervezetek valamelyikénél, a fogadó szervezet által a pályázati felhívás mellékletében megjelölt valamely szakterületen, a mentor által elkészített egyéni fejlesztési tervben foglaltak alapján, havonta legalább 35 órában (de legfeljebb 50 órában) a rábízott, a fogadó szervezet tevékenysége szempontjából releváns feladatokat ellátja;</li>
<li>vállalja, hogy havonta legalább 5 órában Romano Kher Budapesti Roma Művelődési Ház mint közreműködő nemzetiségi szervezet által szervezett készségfejlesztő és identitást erősítő képzéseken, foglalkozásokon részt vesz;</li>
<li>vállalja, hogy az előírt követelmények nem teljesítése esetén a letöltött ösztöndíjas időszakra vonatkozó, kiutalt ösztöndíjat részben vagy egészben, az elszámolás függvényében visszafizeti.</li>
</ul>
<p>A Programban részt vevő hallgatók részére nettó havi 100.000,-Ft/fő ösztöndíj kerül kifizetésre.</p>
<p>Az ösztöndíjak nyilvános pályázat útján nyerhetők el. A Program pályázata <strong>2026. május 31-i</strong> jelentkezési határidővel került meghirdetésre a budapest.hu oldalon.</p>
<p>A <strong>pályázati felhívás</strong> az alábbi linken érhető el: <a href="https://einfoszab.budapest.hu/ApplicationForm/HistoryDetails/18482?key=palyazat-osztondij-view&amp;type=3">https://einfoszab.budapest.hu/ApplicationForm/HistoryDetails/18482?key=palyazat-osztondij-view&amp;type=3</a></p>
<p>&nbsp;</p>
</div></div>

<p>További pályázati felhívások</p>
