{"id":29627,"date":"2023-07-26T09:57:40","date_gmt":"2023-07-26T07:57:40","guid":{"rendered":"https:\/\/semmelweis.hu\/aok\/?page_id=29627"},"modified":"2026-01-29T09:16:36","modified_gmt":"2026-01-29T08:16:36","slug":"demonstratori-osztondij","status":"publish","type":"page","link":"https:\/\/semmelweis.hu\/aok\/osztondij-palyazat\/demonstratori-osztondij\/","title":{"rendered":"Demonstr\u00e1tori \u00f6szt\u00f6nd\u00edj"},"content":{"rendered":"<h3>Demonstr\u00e1tori \u00d6szt\u00f6nd\u00edj<\/h3>\n<p>A 2020\/2021. tan\u00e9vt\u0151l\u00a0kezd\u0151d\u0151en\u00a0a<strong> demonstr\u00e1tori \u00f6szt\u00f6nd\u00edj\u00a0szab\u00e1lyait\u00a0 <\/strong>a Semmelweis Egyetem Szervezeti \u00e9s M\u0171k\u00f6d\u00e9si Szab\u00e1lyzat \u2013 III. K\u00d6NYV Hallgat\u00f3i K\u00f6vetelm\u00e9nyrendszer \u2013 <strong>III.4. R\u00c9SZ T\u00e9r\u00edt\u00e9si \u00e9s Juttat\u00e1si Szab\u00e1lyzata (20\/A. \u00a7-t\u00f3l 20\/D. \u00a7.-ig)<\/strong> szab\u00e1lyozza, mely az al\u00e1bbi linken \u00e9rhet\u0151 el:<\/p>\n<p><a href=\"https:\/\/semmelweis.hu\/jogigfoig\/dokumentumtar\/szabalyzattar\/szervezeti-es-mukodesi-szabalyzat\/iii-konyv-hkr\/\">https:\/\/semmelweis.hu\/jogigfoig\/dokumentumtar\/szabalyzattar\/szervezeti-es-mukodesi-szabalyzat\/iii-konyv-hkr\/<\/a><\/p>\n<p>A kari demonstr\u00e1tori \u00f6szt\u00f6nd\u00edj szab\u00e1lyzat\u00a0a 41\/2020 (2020. \u00e1prilis 14-i) \u00a0sz\u00e1m\u00fa kari tan\u00e1cs hat\u00e1rozattal 2020. \u00e1prilis 15. napj\u00e1n hat\u00e1lyon k\u00edv\u00fcl\u00a0 helyez\u00e9sre ker\u00fclt.<\/p>\n<p>&nbsp;<\/p>\n<ul>\n<li><a href=\"https:\/\/semmelweis.hu\/aok\/files\/2025\/05\/Demonstratori-osztondij-palyazat-formanyomtatvany.pdf\">Demonstr\u00e1tori \u00f6szt\u00f6nd\u00edj p\u00e1ly\u00e1zat formanyomtatv\u00e1ny (pdf)<\/a>\u00a0<\/li>\n<li><a href=\"https:\/\/semmelweis.hu\/aok\/files\/2020\/05\/DEMONSTR\u00c1TORI-\u00d6SZT\u00d6ND\u00cdJ-TELJES\u00cdT\u00c9SIGAZOL\u00c1S.pdf\">Teljes\u00edt\u00e9sigazol\u00e1s formanyomtatv\u00e1ny (pdf)<\/a><\/li>\n<li><a href=\"https:\/\/semmelweis.hu\/aok\/files\/2022\/05\/ADATKEZELESI-TAJEKOZTATO.pdf\">Adatkezel\u00e9si t\u00e1j\u00e9koztat\u00f3 (pdf)<\/a><\/li>\n<\/ul>\n<p>&nbsp;<\/p>\n<div class=\"keretes w-100\">\n<h4><strong>Demonstr\u00e1tori \u00f6szt\u00f6nd\u00edj p\u00e1ly\u00e1zati ki\u00edr\u00e1sok 2025\/2026. tan\u00e9vre PDF form\u00e1tumban:<\/strong><\/h4>\n<ul>\n<li><a href=\"https:\/\/semmelweis.hu\/aok\/files\/2025\/07\/Anatomiai-Szovet-es-Fejlodestani-Intezet_magyar.pdf\">Anat\u00f3miai, Sz\u00f6vet- \u00e9s Fejl\u0151d\u00e9stani Int\u00e9zet<\/a><\/li>\n<li><a href=\"https:\/\/semmelweis.hu\/aok\/files\/2026\/01\/Anatomiai-Szovet-es-Fejlodestani-Intezet_II.-felev.pdf\">Anat\u00f3miai, Sz\u00f6vet- \u00e9s Fejl\u0151d\u00e9stani Int\u00e9zet_II. f\u00e9l\u00e9v<\/a><\/li>\n<li><a href=\"https:\/\/semmelweis.hu\/aok\/files\/2025\/07\/Biofizikai-es-Sugarbiologiai-Intezet_magyar.pdf\">Biofizikai \u00e9s Sug\u00e1rbiol\u00f3giai Int\u00e9zet<\/a><\/li>\n<li><a href=\"https:\/\/semmelweis.hu\/aok\/files\/2025\/07\/Biokemiai-Tanszek_magyar.pdf\">Biok\u00e9miai Tansz\u00e9k<\/a><\/li>\n<li><a href=\"https:\/\/semmelweis.hu\/aok\/files\/2025\/07\/Elettani-Intezet_magyar.pdf\">\u00c9lettani Int\u00e9zet<\/a><\/li>\n<li><a href=\"https:\/\/semmelweis.hu\/aok\/files\/2025\/07\/Ersebeszeti-es-Endovaszkularis-Tanszek_magyar.pdf\">\u00c9rseb\u00e9szeti \u00e9s Endovaszkul\u00e1ris Tansz\u00e9k<\/a><\/li>\n<li><a href=\"https:\/\/semmelweis.hu\/aok\/files\/2025\/07\/Farmakologiai-es-Farmakoterapias-Intezet_magyar.pdf\">Farmakol\u00f3giai \u00e9s Farmakoter\u00e1pi\u00e1s Int\u00e9zet<\/a><\/li>\n<li><a href=\"https:\/\/semmelweis.hu\/aok\/files\/2025\/07\/Ful-Orr-Gegeszeti-es-Fej-Nyaksebeszeti-Klinika_magyar.pdf\">F\u00fcl-Orr-G\u00e9g\u00e9szeti \u00e9s Fej-Nyakseb\u00e9szeti Klinika<\/a><\/li>\n<li><a href=\"https:\/\/semmelweis.hu\/aok\/files\/2025\/07\/Genetikai-Sejt-es-Immunbiologiai-Intezet_magyar.pdf\">Genetikai, Sejt- \u00e9s Immunbiol\u00f3giai Int\u00e9zet<\/a><\/li>\n<li><a href=\"https:\/\/semmelweis.hu\/aok\/files\/2025\/07\/Kiserletes-Kardiologiai-es-Sebeszeti-Mutettani-Tanszek_magyar.pdf\">K\u00eds\u00e9rletes Kardiol\u00f3giai \u00e9s Seb\u00e9szeti M\u0171t\u00e9ttani Tansz\u00e9k<\/a><\/li>\n<li><a href=\"https:\/\/semmelweis.hu\/aok\/files\/2025\/07\/Magatartastudomanyi-Intezet_magyar.pdf\">Magatart\u00e1studom\u00e1nyi Int\u00e9zet<\/a><\/li>\n<li><a href=\"https:\/\/semmelweis.hu\/aok\/files\/2025\/07\/Molekularis-Biologiai-Tanszek_magyar.pdf\">Molekul\u00e1ris Biol\u00f3giai Tansz\u00e9k<\/a><\/li>\n<li><a href=\"https:\/\/semmelweis.hu\/aok\/files\/2025\/07\/Orvosi-Mikrobiologia_magyar.pdf\">Orvosi Mikrobiol\u00f3gia<\/a><\/li>\n<li><a href=\"https:\/\/semmelweis.hu\/aok\/files\/2025\/07\/Patologiai-es-Kiserleti-Rakkutato-Intezet_magyar.pdf\">Patol\u00f3giai \u00e9s K\u00eds\u00e9rleti R\u00e1kkutat\u00f3 Int\u00e9zet<\/a><\/li>\n<li><a href=\"https:\/\/semmelweis.hu\/aok\/files\/2025\/07\/Patologiai-Igazsagugyi-es-Biztositasi-Orvostani-Intezet_magyar.pdf\">Patol\u00f3giai, Igazs\u00e1g\u00fcgyi \u00e9s Biztos\u00edt\u00e1si Orvostani Int\u00e9zet<\/a><\/li>\n<li><a href=\"https:\/\/semmelweis.hu\/aok\/files\/2025\/07\/Pulmonologiai-Klinika_magyar.pdf\">Pulmonol\u00f3giai Klinika<\/a><\/li>\n<li><a href=\"https:\/\/semmelweis.hu\/aok\/files\/2025\/07\/Surgossegi-Orvostani-Klinika_magyar.pdf\">S\u00fcrg\u0151ss\u00e9gi Orvostani Klinika<\/a><\/li>\n<li><a href=\"https:\/\/semmelweis.hu\/aok\/files\/2025\/07\/Szaknyelvi-Intezet_magyar.pdf\">Szaknyelvi Int\u00e9zet<\/a><\/li>\n<li><a href=\"https:\/\/semmelweis.hu\/aok\/files\/2025\/07\/Transzlacios-Medicina-Intezet_magyar.pdf\">Transzl\u00e1ci\u00f3s Medicina Int\u00e9zet<\/a><\/li>\n<\/ul>\n<\/div>\n","protected":false},"excerpt":{"rendered":"<p>Kiemelked\u0151 aktivit\u00e1s\u00fa \u00e9s tanulm\u00e1nyi eredm\u00e9ny\u0171 hallgat\u00f3knak (II. \u00e9vt\u0151l)<\/p>\n","protected":false},"author":102160,"featured_media":0,"parent":6018,"menu_order":3,"comment_status":"closed","ping_status":"closed","template":"","meta":{"_acf_changed":false,"footnotes":""},"categories":[],"tags":[],"class_list":["post-29627","page","type-page","status-publish","hentry"],"acf":[],"publishpress_future_action":{"enabled":false,"date":"1970-01-01 01:00:00","action":"","terms":[],"taxonomy":"","browser_timezone_offset":0},"_links":{"self":[{"href":"https:\/\/semmelweis.hu\/aok\/wp-json\/wp\/v2\/pages\/29627","targetHints":{"allow":["GET"]}}],"collection":[{"href":"https:\/\/semmelweis.hu\/aok\/wp-json\/wp\/v2\/pages"}],"about":[{"href":"https:\/\/semmelweis.hu\/aok\/wp-json\/wp\/v2\/types\/page"}],"author":[{"embeddable":true,"href":"https:\/\/semmelweis.hu\/aok\/wp-json\/wp\/v2\/users\/102160"}],"replies":[{"embeddable":true,"href":"https:\/\/semmelweis.hu\/aok\/wp-json\/wp\/v2\/comments?post=29627"}],"version-history":[{"count":11,"href":"https:\/\/semmelweis.hu\/aok\/wp-json\/wp\/v2\/pages\/29627\/revisions"}],"predecessor-version":[{"id":34174,"href":"https:\/\/semmelweis.hu\/aok\/wp-json\/wp\/v2\/pages\/29627\/revisions\/34174"}],"up":[{"embeddable":true,"href":"https:\/\/semmelweis.hu\/aok\/wp-json\/wp\/v2\/pages\/6018"}],"wp:attachment":[{"href":"https:\/\/semmelweis.hu\/aok\/wp-json\/wp\/v2\/media?parent=29627"}],"wp:term":[{"taxonomy":"category","embeddable":true,"href":"https:\/\/semmelweis.hu\/aok\/wp-json\/wp\/v2\/categories?post=29627"},{"taxonomy":"post_tag","embeddable":true,"href":"https:\/\/semmelweis.hu\/aok\/wp-json\/wp\/v2\/tags?post=29627"}],"curies":[{"name":"wp","href":"https:\/\/api.w.org\/{rel}","templated":true}]}}