{"id":29625,"date":"2023-07-26T09:58:27","date_gmt":"2023-07-26T07:58:27","guid":{"rendered":"https:\/\/semmelweis.hu\/aok\/?page_id=29625"},"modified":"2026-04-09T12:27:48","modified_gmt":"2026-04-09T10:27:48","slug":"szent-gyorgyi-hallgato-osztondij","status":"publish","type":"page","link":"https:\/\/semmelweis.hu\/aok\/osztondij-palyazat\/szent-gyorgyi-hallgato-osztondij\/","title":{"rendered":"Szent-Gy\u00f6rgyi hallgat\u00f3 \u00f6szt\u00f6nd\u00edj"},"content":{"rendered":"<h6>A 2025. \u00e9vi p\u00e1ly\u00e1zati szakasz lez\u00e1rult.<\/h6>\n<h3>P\u00e1ly\u00e1zati felh\u00edv\u00e1s Szent-Gy\u00f6rgyi hallgat\u00f3 \u00f6szt\u00f6nd\u00edjra<\/h3>\n<div class=\"keretes w-100\">\n<p>A Nemzeti Tud\u00f3sk\u00e9pz\u0151 Akad\u00e9mia c\u00e9lja, hogy az orvosbiol\u00f3giai \u00e9s \u00e9lettudom\u00e1nyi kutat\u00e1sok ir\u00e1nt elk\u00f6telezett egyetemist\u00e1kat m\u00e1r az els\u0151 \u00e9vfolyamt\u00f3l kezdve akt\u00edvan seg\u00edtse a tudom\u00e1nyos \u00e9rdekl\u0151d\u00e9s\u00fck kibontakoz\u00e1s\u00e1ban \u00e9s lehet\u0151v\u00e9 tegye sz\u00e1mukra a legmagasabb szint\u0171 tudom\u00e1nyos projektekbe val\u00f3 bekapcsol\u00f3d\u00e1st.<\/p>\n<\/div>\n<p>Szent-Gy\u00f6rgyi hallgat\u00f3 \u00f6szt\u00f6nd\u00edjra a <span style=\"font-size: 1rem\">nappali tagozatos, akt\u00edv st\u00e1tusz\u00fa, I-II. \u00e9ves hallgat\u00f3k p\u00e1ly\u00e1zhatnak.\u00a0<\/span><\/p>\n<ul>\n<li>\n<p style=\"font-weight: 400\"><strong>A Semmelweis Egyetem I-II. \u00e9ves, nappali tagozatos, akt\u00edv st\u00e1tusz\u00fa hallgat\u00f3i p\u00e1ly\u00e1zhatnak, az al\u00e1bbi p\u00e1ly\u00e1zati felh\u00edv\u00e1s szerint <\/strong><strong><u>2025. szeptember 21-ig<\/u><\/strong><u>:<\/u><\/p>\n<p><a href=\"https:\/\/semmelweis.hu\/aok\/files\/2025\/09\/NTA-SE-felveteli-felhivas-I.-es-II.-eves-hallgatok-reszere-2025.pdf\" target=\"_blank\" rel=\"noopener\">P\u00e1ly\u00e1zati felh\u00edv\u00e1s let\u00f6lt\u00e9se<\/a><\/li>\n<\/ul>\n<p>A jelentkez\u00e9sr\u0151l, a felv\u00e9teli id\u0151pontj\u00e1r\u00f3l \u00e9s a program r\u00e9szleteir\u0151l tov\u00e1bbi inform\u00e1ci\u00f3t a <a href=\"https:\/\/www.edu-sci.org\/hirek\/Legyel-Te-is-Szent-Gyorgyi-Hallgato\">http:\/\/www.edu-sci.org\/<\/a> oldalon olvashatnak.\u00a0<\/p>\n","protected":false},"excerpt":{"rendered":"<p>Nappali tagozatos, akt\u00edv st\u00e1tusz\u00fa, I-II. \u00e9ves hallgat\u00f3k sz\u00e1m\u00e1ra<\/p>\n","protected":false},"author":102160,"featured_media":0,"parent":6018,"menu_order":0,"comment_status":"closed","ping_status":"closed","template":"","meta":{"_acf_changed":false,"footnotes":""},"categories":[],"tags":[],"class_list":["post-29625","page","type-page","status-publish","hentry"],"acf":[],"publishpress_future_action":{"enabled":false,"date":"1970-01-01 01:00:00","action":"","terms":[],"taxonomy":"","browser_timezone_offset":0},"_links":{"self":[{"href":"https:\/\/semmelweis.hu\/aok\/wp-json\/wp\/v2\/pages\/29625","targetHints":{"allow":["GET"]}}],"collection":[{"href":"https:\/\/semmelweis.hu\/aok\/wp-json\/wp\/v2\/pages"}],"about":[{"href":"https:\/\/semmelweis.hu\/aok\/wp-json\/wp\/v2\/types\/page"}],"author":[{"embeddable":true,"href":"https:\/\/semmelweis.hu\/aok\/wp-json\/wp\/v2\/users\/102160"}],"replies":[{"embeddable":true,"href":"https:\/\/semmelweis.hu\/aok\/wp-json\/wp\/v2\/comments?post=29625"}],"version-history":[{"count":10,"href":"https:\/\/semmelweis.hu\/aok\/wp-json\/wp\/v2\/pages\/29625\/revisions"}],"predecessor-version":[{"id":29943,"href":"https:\/\/semmelweis.hu\/aok\/wp-json\/wp\/v2\/pages\/29625\/revisions\/29943"}],"up":[{"embeddable":true,"href":"https:\/\/semmelweis.hu\/aok\/wp-json\/wp\/v2\/pages\/6018"}],"wp:attachment":[{"href":"https:\/\/semmelweis.hu\/aok\/wp-json\/wp\/v2\/media?parent=29625"}],"wp:term":[{"taxonomy":"category","embeddable":true,"href":"https:\/\/semmelweis.hu\/aok\/wp-json\/wp\/v2\/categories?post=29625"},{"taxonomy":"post_tag","embeddable":true,"href":"https:\/\/semmelweis.hu\/aok\/wp-json\/wp\/v2\/tags?post=29625"}],"curies":[{"name":"wp","href":"https:\/\/api.w.org\/{rel}","templated":true}]}}

Szent-Györgyi hallgató ösztöndíj

<h6>A 2025. évi pályázati szakasz lezárult.</h6>
<h3>Pályázati felhívás Szent-Györgyi hallgató ösztöndíjra</h3>
<div class="keretes w-100">
<p>A Nemzeti Tudósképző Akadémia célja, hogy az orvosbiológiai és élettudományi kutatások iránt elkötelezett egyetemistákat már az első évfolyamtól kezdve aktívan segítse a tudományos érdeklődésük kibontakozásában és lehetővé tegye számukra a legmagasabb szintű tudományos projektekbe való bekapcsolódást.</p>
</div>
<p>Szent-Györgyi hallgató ösztöndíjra a <span style="font-size: 1rem">nappali tagozatos, aktív státuszú, I-II. éves hallgatók pályázhatnak. </span></p>
<ul>
<li>
<p style="font-weight: 400"><strong>A Semmelweis Egyetem I-II. éves, nappali tagozatos, aktív státuszú hallgatói pályázhatnak, az alábbi pályázati felhívás szerint </strong><strong><u>2025. szeptember 21-ig</u></strong><u>:</u></p>
<p><a href="https://semmelweis.hu/aok/files/2025/09/NTA-SE-felveteli-felhivas-I.-es-II.-eves-hallgatok-reszere-2025.pdf" target="_blank" rel="noopener">Pályázati felhívás letöltése</a></li>
</ul>
<p>A jelentkezésről, a felvételi időpontjáról és a program részleteiről további információt a <a href="https://www.edu-sci.org/hirek/Legyel-Te-is-Szent-Gyorgyi-Hallgato">http://www.edu-sci.org/</a> oldalon olvashatnak. </p>

<p>Nappali tagozatos, aktív státuszú, I-II. éves hallgatók számára</p>
