{"id":29005,"date":"2023-04-13T11:04:24","date_gmt":"2023-04-13T09:04:24","guid":{"rendered":"https:\/\/semmelweis.hu\/aok\/?page_id=29005"},"modified":"2023-04-27T15:04:58","modified_gmt":"2023-04-27T13:04:58","slug":"2023-aprilis-11-i-hatarozatok","status":"publish","type":"page","link":"https:\/\/semmelweis.hu\/aok\/a-karrol\/kari-tanacs\/a-kari-tanacs-hatarozatai\/2023-aprilis-11-i-hatarozatok\/","title":{"rendered":"2023. \u00c1PRILIS 11-I HAT\u00c1ROZATOK"},"content":{"rendered":"<p style=\"text-align: justify\"><a href=\"https:\/\/semmelweis.hu\/aok\/files\/2023\/04\/20_egyetemi_tanari.pdf\" target=\"_blank\" rel=\"noopener\">20\/2023 (2023. \u00e1prilis 11-i) sz\u00e1m\u00fa hat\u00e1rozat\u00a0<\/a>a karon meghirdetett egyetemi tan\u00e1ri \u00e1ll\u00e1sra p\u00e1ly\u00e1z\u00f3r\u00f3l<\/p>\n<p style=\"text-align: justify\"><a href=\"https:\/\/semmelweis.hu\/aok\/files\/2023\/04\/21_kutatoprofesszori.pdf\" target=\"_blank\" rel=\"noopener\">21\/2023 (2023. \u00e1prilis 11-i) sz\u00e1m\u00fa hat\u00e1rozat<\/a> a karon meghirdetett kutat\u00f3professzori \u00e1ll\u00e1sra p\u00e1ly\u00e1z\u00f3r\u00f3l<\/p>\n<p style=\"text-align: justify\"><a href=\"https:\/\/semmelweis.hu\/aok\/files\/2023\/04\/22_SE_kivalo_oktatoja.pdf\" target=\"_blank\" rel=\"noopener\">22\/2023 (2023. \u00e1prilis 11-i) sz\u00e1m\u00fa hat\u00e1rozat<\/a> a \u201eSemmelweis Egyetem Kiv\u00e1l\u00f3 Oktat\u00f3ja\u201d kit\u00fcntet\u00e9s adom\u00e1nyoz\u00e1s\u00e1r\u00f3l<\/p>\n<p style=\"text-align: justify\"><a href=\"https:\/\/semmelweis.hu\/aok\/files\/2023\/04\/23_Professor_emeritus.pdf\" target=\"_blank\" rel=\"noopener\">23\/2023 (2023. \u00e1prilis 11-i) sz\u00e1m\u00fa hat\u00e1rozat<\/a> a Professor Emeritus c\u00edm adom\u00e1nyoz\u00e1s\u00e1ra vonatkoz\u00f3 javaslatokr\u00f3l<\/p>\n<p style=\"text-align: justify\"><a href=\"https:\/\/semmelweis.hu\/aok\/files\/2023\/04\/24_zv_bizottsagok.pdf\" target=\"_blank\" rel=\"noopener\">24\/2023 (2023. \u00e1prilis 11-i) sz\u00e1m\u00fa hat\u00e1rozat<\/a> a 2023. \u00e9vi sz\u00f3beli z\u00e1r\u00f3vizsga-bizotts\u00e1gok eln\u00f6keire \u00e9s tagjaira vonatkoz\u00f3 javaslatr\u00f3l az \u00c1ltal\u00e1nos Orvostudom\u00e1nyi Karon<\/p>\n<p style=\"text-align: justify\"><a href=\"https:\/\/semmelweis.hu\/aok\/files\/2023\/04\/25_hatarozat_Gyermekgyogyaszati_Hemato_onkologiai_Tanszek.pdf\" target=\"_blank\" rel=\"noopener\">25\/2023 (2023. \u00e1prilis 11-i) sz\u00e1m\u00fa hat\u00e1rozat<\/a> a Gyermekgy\u00f3gy\u00e1szati Hemato-onkol\u00f3giai Tansz\u00e9k l\u00e9trehoz\u00e1s\u00e1r\u00f3l a Gyermekgy\u00f3gy\u00e1szati Klinika T\u0171zolt\u00f3 utcai r\u00e9szleg\u00e9n<\/p>\n<p style=\"text-align: justify\"><a href=\"https:\/\/semmelweis.hu\/aok\/files\/2023\/04\/26_hatarozat_Nogyogyaszati_Tanszeki_Csoport_Asklepios_Campus_Hamburgon.pdf\" target=\"_blank\" rel=\"noopener\">26\/2023 (2023. \u00e1prilis 11-i) sz\u00e1m\u00fa hat\u00e1rozat<\/a> az ACH N\u0151gy\u00f3gy\u00e1szati Tansz\u00e9ki Csoport l\u00e9trehoz\u00e1s\u00e1r\u00f3l a Sz\u00fcl\u00e9szeti \u00e9s N\u0151gy\u00f3gy\u00e1szati Klinik\u00e1hoz rendelten, a Semmelweis Egyetem sz\u00e9khelyen k\u00edv\u00fcli k\u00e9pz\u00e9si hely\u00e9n az Asklepios Campus Hamburgon<\/p>\n<p><strong>English version:\u00a0<\/strong><\/p>\n<p><a href=\"https:\/\/semmelweis.hu\/aok\/files\/2023\/04\/20_decision_university_professor.pdf\" target=\"_blank\" rel=\"noopener\">Decision No 20\/2023 (11 April 2023)<\/a> on the candidate for the position of university professor announced at the Faculty<\/p>\n<p><a href=\"https:\/\/semmelweis.hu\/aok\/files\/2023\/04\/21_decision_research_professor.pdf\" target=\"_blank\" rel=\"noopener\">Decision No 21\/2023 (11 April 2023)<\/a> on the candidate for the position of research professor announced at the Faculty<\/p>\n<p><a href=\"https:\/\/semmelweis.hu\/aok\/files\/2023\/04\/22_decision_outstanding_lecturer.pdf\" target=\"_blank\" rel=\"noopener\">Decision No 22\/2023 (11 April 2023)<\/a> on the awarding the Outstanding Lecturer of Semmelweis University<\/p>\n<p><a href=\"https:\/\/semmelweis.hu\/aok\/files\/2023\/04\/23_decision_Professor_Emeritus.pdf\" target=\"_blank\" rel=\"noopener\">Decision No 23\/2023 (11 April 2023)<\/a> on the awarding Professor Emeritus titles<\/p>\n<p><a href=\"https:\/\/semmelweis.hu\/aok\/files\/2023\/04\/24_decision_oral_examination_committees.pdf\" target=\"_blank\" rel=\"noopener\">Decision No 24\/2023 (11 April 2023)<\/a> on the proposal for the chairpersons and members of the oral examination committees of the final exams for the year 2023<\/p>\n<p><a href=\"https:\/\/semmelweis.hu\/aok\/files\/2023\/04\/25_decision_Department_of_Paediatric_Haemato-Oncology.pdf\" target=\"_blank\" rel=\"noopener\">Decision No 25\/2023 (11 April 2023)<\/a> on the establishment of the Department of Paediatric Haemato-Oncology at the Department of Paediatrics, T\u0171zolt\u00f3 Street<\/p>\n<p><a href=\"https:\/\/semmelweis.hu\/aok\/files\/2023\/04\/26_decision_Division-of-Gynaecology.pdf\" target=\"_blank\" rel=\"noopener\">Decision No 26\/2023 (11 April 2023)<\/a> on the establishment of the Division of Gynaecology at the Department of Obstetrics and Gynecology, at the place of off-site programme of Semmelweis University, Asklepios Campus Hamburg<\/p>\n<p>&nbsp;<\/p>\n","protected":false},"excerpt":{"rendered":"<p><a href=\"https:\/\/semmelweis.hu\/aok\/files\/2023\/04\/20_egyetemi_tanari.pdf\" target=\"_blank\" rel=\"noopener\">20\/2023 (2023. \u00e1prilis 11-i) sz\u00e1m\u00fa hat\u00e1rozat\u00a0<\/a> a karon meghirdetett egyetemi tan\u00e1ri \u00e1ll\u00e1sra p\u00e1ly\u00e1z\u00f3r\u00f3l <a href=\"https:\/\/semmelweis.hu\/aok\/files\/2023\/04\/21_kutatoprofesszori.pdf\" target=\"_blank\" rel=\"noopener\">21\/2023 (2023. \u00e1prilis 11-i) sz\u00e1m\u00fa hat\u00e1rozat<\/a> a karon meghirdetett kutat\u00f3professzori \u00e1ll\u00e1sra p\u00e1ly\u00e1z\u00f3r\u00f3l <a href=\"https:\/\/semmelweis.hu\/aok\/files\/2023\/04\/22_SE_kivalo_oktatoja.pdf\" target=\"_blank\" rel=\"noopener\">22\/2023 (2023. \u00e1prilis 11-i) sz\u00e1m\u00fa hat\u00e1rozat<\/a> a \u201eSemmelweis Egyetem Kiv\u00e1l\u00f3 Oktat\u00f3ja\u201d kit\u00fcntet\u00e9s adom\u00e1nyoz\u00e1s\u00e1r\u00f3l <a href=\"https:\/\/semmelweis.hu\/aok\/files\/2023\/04\/23_Professor_emeritus.pdf\" target=\"_blank\" rel=\"noopener\">23\/2023 (2023. \u00e1prilis 11-i) sz\u00e1m\u00fa hat\u00e1rozat<\/a> a Professor Emeritus c\u00edm adom\u00e1nyoz\u00e1s\u00e1ra vonatkoz\u00f3 javaslatokr\u00f3l <a href=\"https:\/\/semmelweis.hu\/aok\/files\/2023\/04\/24_zv_bizottsagok.pdf\" target=\"_blank\" rel=\"noopener\">24\/2023 (2023. \u00e1prilis 11-i) sz\u00e1m\u00fa hat\u00e1rozat<\/a> a 2023. \u00e9vi sz\u00f3beli z\u00e1r\u00f3vizsga-bizotts\u00e1gok eln\u00f6keire \u00e9s tagjaira vonatkoz\u00f3 javaslatr\u00f3l az \u00c1ltal\u00e1nos Orvostudom\u00e1nyi Karon <a href=\"https:\/\/semmelweis.hu\/aok\/files\/2023\/04\/25_hatarozat_Gyermekgyogyaszati_Hemato_onkologiai_Tanszek.pdf\" target=\"_blank\" rel=\"noopener\">25\/2023 (2023. \u00e1prilis 11-i) sz\u00e1m\u00fa hat\u00e1rozat<\/a> a Gyermekgy\u00f3gy\u00e1szati Hemato-onkol\u00f3giai Tansz\u00e9k l\u00e9trehoz\u00e1s\u00e1r\u00f3l a Gyermekgy\u00f3gy\u00e1szati Klinika T\u0171zolt\u00f3 utcai r\u00e9szleg\u00e9n <a href=\"https:\/\/semmelweis.hu\/aok\/files\/2023\/04\/26_hatarozat_Nogyogyaszati_Tanszeki_Csoport_Asklepios_Campus_Hamburgon.pdf\" target=\"_blank\" rel=\"noopener\">26\/2023 (2023. \u00e1prilis 11-i) sz\u00e1m\u00fa hat\u00e1rozat<\/a> az ACH N\u0151gy\u00f3gy\u00e1szati &hellip;<\/p>\n","protected":false},"author":102032,"featured_media":0,"parent":1141,"menu_order":0,"comment_status":"closed","ping_status":"closed","template":"","meta":{"_acf_changed":false,"footnotes":""},"categories":[],"tags":[],"class_list":["post-29005","page","type-page","status-publish","hentry"],"acf":[],"publishpress_future_action":{"enabled":false,"date":"1970-01-01 01:00:00","action":"","terms":[],"taxonomy":"","browser_timezone_offset":0},"_links":{"self":[{"href":"https:\/\/semmelweis.hu\/aok\/wp-json\/wp\/v2\/pages\/29005","targetHints":{"allow":["GET"]}}],"collection":[{"href":"https:\/\/semmelweis.hu\/aok\/wp-json\/wp\/v2\/pages"}],"about":[{"href":"https:\/\/semmelweis.hu\/aok\/wp-json\/wp\/v2\/types\/page"}],"author":[{"embeddable":true,"href":"https:\/\/semmelweis.hu\/aok\/wp-json\/wp\/v2\/users\/102032"}],"replies":[{"embeddable":true,"href":"https:\/\/semmelweis.hu\/aok\/wp-json\/wp\/v2\/comments?post=29005"}],"version-history":[{"count":10,"href":"https:\/\/semmelweis.hu\/aok\/wp-json\/wp\/v2\/pages\/29005\/revisions"}],"predecessor-version":[{"id":29067,"href":"https:\/\/semmelweis.hu\/aok\/wp-json\/wp\/v2\/pages\/29005\/revisions\/29067"}],"up":[{"embeddable":true,"href":"https:\/\/semmelweis.hu\/aok\/wp-json\/wp\/v2\/pages\/1141"}],"wp:attachment":[{"href":"https:\/\/semmelweis.hu\/aok\/wp-json\/wp\/v2\/media?parent=29005"}],"wp:term":[{"taxonomy":"category","embeddable":true,"href":"https:\/\/semmelweis.hu\/aok\/wp-json\/wp\/v2\/categories?post=29005"},{"taxonomy":"post_tag","embeddable":true,"href":"https:\/\/semmelweis.hu\/aok\/wp-json\/wp\/v2\/tags?post=29005"}],"curies":[{"name":"wp","href":"https:\/\/api.w.org\/{rel}","templated":true}]}}