{"id":28468,"date":"2022-12-09T11:07:10","date_gmt":"2022-12-09T10:07:10","guid":{"rendered":"https:\/\/semmelweis.hu\/aok\/?page_id=28468"},"modified":"2022-12-09T11:54:02","modified_gmt":"2022-12-09T10:54:02","slug":"2022-december-6-i-hatarozatok","status":"publish","type":"page","link":"https:\/\/semmelweis.hu\/aok\/a-karrol\/kari-tanacs\/a-kari-tanacs-hatarozatai\/2022-december-6-i-hatarozatok\/","title":{"rendered":"2022. december 6-i hat\u00e1rozatok"},"content":{"rendered":"<p style=\"text-align: justify\"><a href=\"https:\/\/semmelweis.hu\/aok\/files\/2022\/12\/11_egyetemi_tanari.pdf\" target=\"_blank\" rel=\"noopener\">11\/2022 (2022. december 6-i) sz\u00e1m\u00fa hat\u00e1rozat<\/a> a karon meghirdetett egyetemi tan\u00e1ri \u00e1ll\u00e1sokra p\u00e1ly\u00e1z\u00f3kr\u00f3l<\/p>\n<p style=\"text-align: justify\"><a href=\"https:\/\/semmelweis.hu\/aok\/files\/2022\/12\/12_oktato-osztaly_gyakorlo_osztaly.pdf\" target=\"_blank\" rel=\"noopener\">12\/2022 (2022. december 6-i) sz\u00e1m\u00fa hat\u00e1rozat<\/a> az \u201eOktat\u00f3 Oszt\u00e1ly\u201d, valamint \u201eGyakorl\u00f3 Oszt\u00e1ly\u201d c\u00edmek elnyer\u00e9s\u00e9r\u0151l\u00a0<\/p>\n<p style=\"text-align: justify\"><strong>English version:<\/strong><\/p>\n<p style=\"text-align: justify\"><a href=\"https:\/\/semmelweis.hu\/aok\/files\/2022\/12\/11_decision_professor_positions.pdf\" target=\"_blank\" rel=\"noopener\">Decision No. 11\/2022 (6 December 2022)<\/a> on the candidates applying for professor positions announced by the Faculty<\/p>\n<p style=\"text-align: justify\"><a href=\"https:\/\/semmelweis.hu\/aok\/files\/2022\/12\/12_decision_teaching_practising_dep.pdf\" target=\"_blank\" rel=\"noopener\">Decision No. 12\/2022 (6 December 2022)<\/a> on the award of the titles of &#8222;Teaching Department &#8221; and &#8222;Practising Department&#8221;<\/p>\n","protected":false},"excerpt":{"rendered":"<p><a href=\"https:\/\/semmelweis.hu\/aok\/files\/2022\/12\/11_egyetemi_tanari.pdf\" target=\"_blank\" rel=\"noopener\">11\/2022 (2022. december 6-i) sz\u00e1m\u00fa hat\u00e1rozat<\/a> a karon meghirdetett egyetemi tan\u00e1ri \u00e1ll\u00e1sokra p\u00e1ly\u00e1z\u00f3kr\u00f3l<br \/>\n<a href=\"https:\/\/semmelweis.hu\/aok\/files\/2022\/12\/12_oktato-osztaly_gyakorlo_osztaly.pdf\" target=\"_blank\" rel=\"noopener\">12\/2022 (2022. december 6-i) sz\u00e1m\u00fa hat\u00e1rozat<\/a> az \u201eOktat\u00f3 Oszt\u00e1ly\u201d, valamint \u201eGyakorl\u00f3 Oszt\u00e1ly\u201d c\u00edmek elnyer\u00e9s\u00e9r\u0151l\u00a0<br \/>\nEnglish version:<br \/>\n<a href=\"https:\/\/semmelweis.hu\/aok\/files\/2022\/12\/11_decision_professor_positions.pdf\" target=\"_blank\" rel=\"noopener\">Decision No. 11\/2022 (6 December 2022)<\/a> on the candidates applying for professor positions announced by the Faculty<br \/>\n<a href=\"https:\/\/semmelweis.hu\/aok\/files\/2022\/12\/12_decision_teaching_practising_dep.pdf\" target=\"_blank\" rel=\"noopener\">Decision No. 12\/2022 (6 December 2022)<\/a> on the award of the titles of &#8222;Teaching Department &#8221; and &#8222;Practising Department&#8221;<\/p>\n","protected":false},"author":102032,"featured_media":0,"parent":1141,"menu_order":0,"comment_status":"closed","ping_status":"closed","template":"","meta":{"_acf_changed":false,"footnotes":""},"categories":[],"tags":[],"class_list":["post-28468","page","type-page","status-publish","hentry"],"acf":[],"publishpress_future_action":{"enabled":false,"date":"1970-01-01 01:00:00","action":"","terms":[],"taxonomy":"","browser_timezone_offset":0},"_links":{"self":[{"href":"https:\/\/semmelweis.hu\/aok\/wp-json\/wp\/v2\/pages\/28468","targetHints":{"allow":["GET"]}}],"collection":[{"href":"https:\/\/semmelweis.hu\/aok\/wp-json\/wp\/v2\/pages"}],"about":[{"href":"https:\/\/semmelweis.hu\/aok\/wp-json\/wp\/v2\/types\/page"}],"author":[{"embeddable":true,"href":"https:\/\/semmelweis.hu\/aok\/wp-json\/wp\/v2\/users\/102032"}],"replies":[{"embeddable":true,"href":"https:\/\/semmelweis.hu\/aok\/wp-json\/wp\/v2\/comments?post=28468"}],"version-history":[{"count":8,"href":"https:\/\/semmelweis.hu\/aok\/wp-json\/wp\/v2\/pages\/28468\/revisions"}],"predecessor-version":[{"id":28482,"href":"https:\/\/semmelweis.hu\/aok\/wp-json\/wp\/v2\/pages\/28468\/revisions\/28482"}],"up":[{"embeddable":true,"href":"https:\/\/semmelweis.hu\/aok\/wp-json\/wp\/v2\/pages\/1141"}],"wp:attachment":[{"href":"https:\/\/semmelweis.hu\/aok\/wp-json\/wp\/v2\/media?parent=28468"}],"wp:term":[{"taxonomy":"category","embeddable":true,"href":"https:\/\/semmelweis.hu\/aok\/wp-json\/wp\/v2\/categories?post=28468"},{"taxonomy":"post_tag","embeddable":true,"href":"https:\/\/semmelweis.hu\/aok\/wp-json\/wp\/v2\/tags?post=28468"}],"curies":[{"name":"wp","href":"https:\/\/api.w.org\/{rel}","templated":true}]}}