{"id":28212,"date":"2022-10-13T15:22:48","date_gmt":"2022-10-13T13:22:48","guid":{"rendered":"https:\/\/semmelweis.hu\/aok\/?page_id=28212"},"modified":"2023-07-19T13:52:37","modified_gmt":"2023-07-19T11:52:37","slug":"adatvedelem-2","status":"publish","type":"page","link":"https:\/\/semmelweis.hu\/aok\/a-karrol\/adatvedelem-2\/","title":{"rendered":"Adatv\u00e9delem"},"content":{"rendered":"<h2>Az \u00c1ltal\u00e1nos Orvostudom\u00e1nyi Kar \u00e1ltal v\u00e9gzett <br \/>\nszem\u00e9lyes adatkezel\u00e9ssel kapcsolatos inform\u00e1ci\u00f3k<\/h2>\n<p style=\"text-align: justify;\">1. <strong><a href=\"https:\/\/semmelweis.hu\/aok\/files\/2022\/10\/Adatkezelesi-tajekoztato_AOK.pdf\">Az \u00c1ltal\u00e1nos Orvostudom\u00e1nyi Kar adatkezel\u00e9si t\u00e1j\u00e9koztat\u00f3ja (pdf) \u2192<\/a><\/strong><\/p>\n<p style=\"padding-left: 40px;\">1.1. <a href=\"https:\/\/semmelweis.hu\/aok\/files\/2022\/10\/Dekani_Hivatal_ADL_220923-1.xlsx\" target=\"_blank\" rel=\"noopener\">Az adatkezel\u0151 D\u00e9k\u00e1ni Hivatal feladataival (adminisztrat\u00edv, munka\u00fcgyi-p\u00e9nz\u00fcgyi feladatok) \u00f6sszef\u00fcgg\u0151\u00a0 adatkezel\u00e9sekkel kapcsolatos inform\u00e1ci\u00f3i (xlsx) \u2192<\/a><\/p>\n<p style=\"padding-left: 40px;\">1.2. <a href=\"https:\/\/semmelweis.hu\/aok\/files\/2022\/10\/Hallgatoi-ADL_221005-1.xlsx\" target=\"_blank\" rel=\"noopener\">Az adatkezel\u0151 oktat\u00e1si tev\u00e9kenys\u00e9g\u00e9vel \u00f6sszef\u00fcgg\u0151 adatkezel\u00e9sekkel kapcsolatos inform\u00e1ci\u00f3i (xlsx)<\/a>\u00a0\u2192<\/p>\n<p style=\"padding-left: 40px;\">1.3. Az adatkezel\u0151 tudom\u00e1nyos kutat\u00e1si tev\u00e9kenys\u00e9ggel \u00f6sszef\u00fcgg\u0151 adatkezel\u00e9sekkel kapcsolatos inform\u00e1ci\u00f3i\u00a0<br \/>\n<em>Felt\u00f6lt\u00e9s alatt. <span style=\"font-size: 1rem;\">A felt\u00f6lt\u00e9s id\u0151pontja a 103798-16\/AOADH\/2022. iktat\u00f3sz\u00e1m\u00fa \u00f6nellen\u0151rz\u00e9si fel\u00fclvizsg\u00e1lati\u00a0 jegyz\u0151k\u00f6nyv szerint 2022. okt\u00f3ber 30.<\/span><\/em><\/p>\n<hr \/>\n<h4><strong>Adatkezel\u00e9si t\u00e1j\u00e9koztat\u00f3k arch\u00edvuma\u00a0\u00a0<\/strong><\/h4>\n<ul>\n<li><a href=\"https:\/\/semmelweis.hu\/aok\/files\/2021\/10\/4_2021-_adatv_taj_hallgatoioltas.pdf\" target=\"_blank\" rel=\"noopener noreferrer\">ADATKEZEL\u00c9SI T\u00c1J\u00c9KOZTAT\u00d3 a Semmelweis Egyetem \u00c1ltal\u00e1nos Orvostudom\u00e1nyi a koronav\u00edrus okozta pand\u00e9mi\u00e1s helyzetben a v\u00e9dekez\u00e9ssel \u00f6sszef\u00fcgg\u0151 kirendel\u00e9ssel kapcsolatos adatkezel\u00e9s t\u00e1rgy\u00e1ban<\/a> (pdf)<br \/>\nHat\u00e1lyos: 2022. okt\u00f3ber 14-ig<\/li>\n<li style=\"text-align: justify;\"><a href=\"https:\/\/semmelweis.hu\/aok\/files\/2021\/10\/5_2021_Adatv_t\u00e1j_\u00f6nk\u00e9ntes_munk\u00e1ra_jelentkez\u00e9s.pdf\" target=\"_blank\" rel=\"noopener noreferrer\">ADATKEZEL\u00c9SI T\u00c1J\u00c9KOZTAT\u00d3 Covid-19 ell\u00e1t\u00e1sban \u00f6nk\u00e9ntes munk\u00e1ra felh\u00edv\u00e1ssal kapcsolatos adatkezel\u00e9s t\u00e1rgy\u00e1ban<\/a> (pdf)<br \/>\nHat\u00e1lyos: 2022. okt\u00f3ber 14-ig<\/li>\n<li style=\"text-align: justify;\"><a href=\"https:\/\/semmelweis.hu\/aok\/files\/2021\/10\/6_2021_Adatv_t\u00e1j_\u00e1ll\u00e1sp\u00e1ly\u00e1zatok.pdf\" target=\"_blank\" rel=\"noopener noreferrer\">ADATKEZEL\u00c9SI T\u00c1J\u00c9KOZTAT\u00d3 a Semmelweis Egyetem \u00c1ltal\u00e1nos Orvostudom\u00e1nyi Kar vezet\u0151i, oktat\u00f3i \u00e9s kutat\u00f3i \u00e1ll\u00e1sp\u00e1ly\u00e1zatok kari v\u00e9lem\u00e9nyeztet\u00e9si elj\u00e1r\u00e1s\u00e1val kapcsolatos adatkezel\u00e9s t\u00e1rgy\u00e1ban<\/a> (pdf)<br \/>\nHat\u00e1lyos: 2022. okt\u00f3ber 14-ig<\/li>\n<li style=\"text-align: justify;\"><a href=\"https:\/\/semmelweis.hu\/aok\/files\/2021\/10\/7_2021_Adatv_t\u00e1j_DHC.pdf\" target=\"_blank\" rel=\"noopener noreferrer\">ADATKEZEL\u00c9SI T\u00c1J\u00c9KOZTAT\u00d3 a Doctor Honoris Causa kit\u00fcntet\u0151 c\u00edm adom\u00e1nyoz\u00e1s\u00e1val kapcsolatos adatkezel\u00e9s t\u00e1rgy\u00e1ban<\/a> (pdf)<br \/>\nHat\u00e1lyos: 2022. okt\u00f3ber 14-ig<\/li>\n<li style=\"text-align: justify;\"><a href=\"https:\/\/semmelweis.hu\/aok\/files\/2021\/10\/8_2021_Adatv_t\u00e1j_bizottsagitagok.pdf\" target=\"_blank\" rel=\"noopener noreferrer\">ADATKEZEL\u00c9SI T\u00c1J\u00c9KOZTAT\u00d3 a Semmelweis Egyetem \u00c1ltal\u00e1nos Orvostudom\u00e1nyi Kar vezet\u0151i, oktat\u00f3i \u00e9s kutat\u00f3i \u00e1ll\u00e1sp\u00e1ly\u00e1zatok kari v\u00e9lem\u00e9nyeztet\u00e9si elj\u00e1r\u00e1sban r\u00e9sztvev\u0151 \u00e1lland\u00f3 \u00e9s ad-hoc bizotts\u00e1gok tagjainak adatkezel\u00e9se t\u00e1rgy\u00e1ban<\/a> (pdf)<br \/>\nHat\u00e1lyos: 2022. okt\u00f3ber 14-ig<\/li>\n<li style=\"text-align: justify;\"><a href=\"https:\/\/semmelweis.hu\/aok\/files\/2021\/04\/9_2021_Adatv_t\u00e1j_K\u00dcLS\u0150Sbizottsagitagok.pdf\" target=\"_blank\" rel=\"noopener noreferrer\">ADATKEZEL\u00c9SI T\u00c1J\u00c9KOZTAT\u00d3 a Semmelweis Egyetem \u00c1ltal\u00e1nos Orvostudom\u00e1nyi Kar vezet\u0151i \u00e1ll\u00e1sp\u00e1ly\u00e1zatok kari v\u00e9lem\u00e9nyeztet\u00e9si elj\u00e1r\u00e1sban r\u00e9sztvev\u0151 ad-hoc bizotts\u00e1gok k\u00fcls\u0151s tagjainak adatkezel\u00e9se t\u00e1rgy\u00e1ban<\/a> (pdf)<br \/>\nHat\u00e1lyos: 2022. okt\u00f3ber 14-ig<\/li>\n<li style=\"text-align: justify;\"><a href=\"https:\/\/semmelweis.hu\/aok\/files\/2021\/04\/10_2021_Adatv_t\u00e1j_\u00e1ll\u00e1sp\u00e1ly\u00e1zatokK\u00dcLS\u0150Stagnak.pdf\" target=\"_blank\" rel=\"noopener noreferrer\">ADATKEZEL\u00c9SI T\u00c1J\u00c9KOZTAT\u00d3 a Semmelweis Egyetem \u00c1ltal\u00e1nos Orvostudom\u00e1nyi Kar vezet\u0151i (tansz\u00e9kvezet\u0151, klinika\/int\u00e9zetigazgat\u00f3) \u00e1ll\u00e1sp\u00e1ly\u00e1zatainak \u2013 a kari v\u00e9lem\u00e9nyeztet\u00e9si elj\u00e1r\u00e1s keret\u00e9ben\u2013 k\u00fcls\u0151s bizotts\u00e1gi tag \u00e1ltali adatkezel\u00e9s t\u00e1rgy\u00e1ban<\/a> (pdf)<br \/>\nHat\u00e1lyos: 2022. okt\u00f3ber 14-ig<\/li>\n<li style=\"text-align: justify;\"><a href=\"https:\/\/semmelweis.hu\/aok\/files\/2021\/05\/11_2021_ADATKEZEL\u00c9SI_T\u00c1J\u00c9KOZTAT\u00d3-v\u00e9detts\u00e9gi-igazolv\u00e1ny-nyilatkozat.pdf\" target=\"_blank\" rel=\"noopener noreferrer\">ADATKEZEL\u00c9SI T\u00c1J\u00c9KOZTAT\u00d3 a Semmelweis Egyetem valamennyi szervezeti egys\u00e9g \u00e1ltal a v\u00e9detts\u00e9gi igazolv\u00e1ny megl\u00e9t\u00e9r\u0151l, vagy az olt\u00e1sr\u00f3l vagy a koronav\u00edrus fert\u0151z\u00e9sen t\u00f6rt\u00e9n\u0151 3 h\u00f3napon bel\u00fcli \u00e1tesetts\u00e9gr\u0151l sz\u00f3l\u00f3 nyilatkozattal kapcsolatos adatkezel\u00e9sr\u0151l<\/a> (pdf)<br \/>\nHat\u00e1lyos: 2022. okt\u00f3ber 14-ig<\/li>\n<li style=\"text-align: justify;\"><a href=\"https:\/\/semmelweis.hu\/aok\/files\/2022\/03\/12_2021_Adatv_taj_allami_kituntetesek_2022_02_01tol.pdf\" target=\"_blank\" rel=\"noopener\">ADATKEZEL\u00c9SI T\u00c1J\u00c9KOZTAT\u00d3 az \u00e1llami \u00e9s miniszteri kit\u00fcntet\u00e9sek adom\u00e1nyoz\u00e1s\u00e1val kapcsolatos adatkezel\u00e9s t\u00e1rgy\u00e1ban<\/a> (pdf)<br \/>\nHat\u00e1lyos: 2022. okt\u00f3ber 14-ig<\/li>\n<li style=\"text-align: justify;\"><a href=\"https:\/\/semmelweis.hu\/aok\/files\/2021\/10\/13_2021_Adatv_t\u00e1j_Diploma-honos\u00edt\u00e1s.pdf\" target=\"_blank\" rel=\"noopener noreferrer\">ADATKEZEL\u00c9SI T\u00c1J\u00c9KOZTAT\u00d3 a Semmelweis Egyetem \u00c1ltal\u00e1nos Orvostudom\u00e1nyi Kar\u00e1n oktat\u00f3i, vagy tudom\u00e1nyos kutat\u00f3i munkak\u00f6rben foglalkoztatni k\u00edv\u00e1nt szem\u00e9ly k\u00fclf\u00f6ldi k\u00e9pz\u00e9s sikeres elv\u00e9gz\u00e9s\u00e9t tan\u00fas\u00edt\u00f3 okirat\u00e1nak oktat\u00f3 vagy tudom\u00e1nyos kutat\u00f3 k\u00e9pes\u00edt\u00e9sk\u00e9nt t\u00f6rt\u00e9n\u0151 elismer\u00e9s\u00e9vel kapcsolatos adatkezel\u00e9s t\u00e1rgy\u00e1ban<\/a> (pdf)<br \/>\nHat\u00e1lyos: 2022. okt\u00f3ber 14-ig<\/li>\n<li style=\"text-align: justify;\"><a href=\"https:\/\/semmelweis.hu\/aok\/files\/2021\/10\/14_2021-_adatv_taj_hallgat\u00f3i_munk\u00e1k_igazol\u00e1s\u00e1hoz.pdf\" target=\"_blank\" rel=\"noopener noreferrer\">ADATKEZEL\u00c9SI T\u00c1J\u00c9KOZTAT\u00d3 a Semmelweis Egyetem \u00c1ltal\u00e1nos Orvostudom\u00e1nyi Kar\u00e1n, a 2020\/2021. tan\u00e9v tavaszi szemeszter\u00e9ben, a v\u00e9szhelyzet id\u0151tartama alatt, a COVID-19 j\u00e1rv\u00e1ny elleni v\u00e9dekez\u00e9sben \u00f6nk\u00e9ntesen, valamint kirendel\u00e9s alapj\u00e1n r\u00e9szt vett hallgat\u00f3k, tov\u00e1bb\u00e1 az igazoltan COVID-19 fert\u0151z\u00e9sen \u00e1tesett, vagy a kontaktkutat\u00e1s sor\u00e1n igazoltan karant\u00e9nba ker\u00fclt hallgat\u00f3k r\u00e9sz\u00e9re biztos\u00edtott hallgat\u00f3i kedvezm\u00e9nyek meg\u00e1llap\u00edt\u00e1s\u00e1val kapcsolatos adatkezel\u00e9s t\u00e1rgy\u00e1ban<\/a> (pdf)<br \/>\nHat\u00e1lyos: 2022. okt\u00f3ber 14-ig<\/li>\n<li><a href=\"https:\/\/semmelweis.hu\/aok\/files\/2021\/08\/15_2021_Adatv_t\u00e1j_Hungarol\u00f3gia_vizsga.pdf\" target=\"_blank\" rel=\"noopener noreferrer\">ADATKEZEL\u00c9SI T\u00c1J\u00c9KOZTAT\u00d3 a Semmelweis Egyetem \u00c1ltal\u00e1nos Orvostudom\u00e1nyi Kar\u00e1n a Hungarol\u00f3giai vizsg\u00e1ra \u00e9s egy\u00e9b diplomahonos\u00edt\u00e1ssal kapcsolatos vizsg\u00e1ra jelentkez\u0151k adataival kapcsolatos adatkezel\u00e9s t\u00e1rgy\u00e1ban<\/a> (pdf)<br \/>\nHat\u00e1lyos: 2022. okt\u00f3ber 14-ig<\/li>\n<li style=\"text-align: justify;\"><a href=\"https:\/\/semmelweis.hu\/aok\/files\/2021\/09\/2021_Adatv_t\u00e1j_manu\u00e1lter\u00e1pia-vizsga.pdf\" target=\"_blank\" rel=\"noopener noreferrer\">ADATKEZEL\u00c9SI T\u00c1J\u00c9KOZTAT\u00d3 a Semmelweis Egyetem \u00c1ltal\u00e1nos Orvostudom\u00e1nyi Kar \u00e1ltal akkredit\u00e1lt manu\u00e1lis medicina tanfolyam z\u00e1r\u00f3vizsg\u00e1ra jelentkez\u0151k adataival kapcsolatos adatkezel\u00e9s t\u00e1rgy\u00e1ban<\/a> (pdf)<br \/>\nHat\u00e1lyos: 2022. okt\u00f3ber 14-ig<\/li>\n<li style=\"text-align: justify;\"><a href=\"https:\/\/semmelweis.hu\/aok\/files\/2021\/09\/Hallgat\u00f3i-v\u00e9detts\u00e9g_Adatkezel\u00e9si-T\u00e1j.SK_.pdf\" target=\"_blank\" rel=\"noopener noreferrer\">ADATKEZEL\u00c9SI T\u00c1J\u00c9KOZTAT\u00d3 a Semmelweis Egyetem \u00c1ltal\u00e1nos Orvostudom\u00e1nyi Kar hallgat\u00f3i v\u00e9detts\u00e9g\u00e9nek felm\u00e9r\u00e9s\u00e9vel kapcsolatos adatkezel\u00e9sr\u0151l<\/a> (pdf)<br \/>\nHat\u00e1lyos: 2022. okt\u00f3ber 14-ig<\/li>\n<li style=\"text-align: justify;\"><a href=\"https:\/\/semmelweis.hu\/aok\/files\/2021\/10\/19_2021_qr_kod.pdf\" target=\"_blank\" rel=\"noopener noreferrer\">ADATKEZEL\u00c9SI T\u00c1J\u00c9KOZTAT\u00d3 a Semmelweis Egyetem \u00c1ltal\u00e1nos Orvostudom\u00e1nyi Karon a QR-k\u00f3d alap\u00fa elektronikus rendszerben t\u00f6rt\u00e9n\u0151 oktat\u00f3i munka hallgat\u00f3i v\u00e9lem\u00e9nyez\u00e9s\u00e9vel kapcsolatos adatkezel\u00e9s t\u00e1rgy\u00e1ban<\/a> (pdf)<br \/>\nHat\u00e1lyos: 2022. okt\u00f3ber 14-ig<\/li>\n<li style=\"text-align: justify;\"><a href=\"https:\/\/semmelweis.hu\/aok\/files\/2021\/10\/20_2021_adatk_t\u00e1j_rendezv\u00e9nyek_videoeskepkeszites.pdf\" target=\"_blank\" rel=\"noopener noreferrer\">ADATKEZEL\u00c9SI T\u00c1J\u00c9KOZTAT\u00d3 a Semmelweis Egyetem \u00c1ltal\u00e1nos Orvostudom\u00e1nyi Kar \u00e1ltal szervezett rendezv\u00e9nyeken k\u00e9sz\u00fclt f\u00e9nyk\u00e9p, hang- \u00e9s vide\u00f3 felv\u00e9tel k\u00e9sz\u00edt\u00e9s\u00e9vel kapcsolatos adatkezel\u00e9s t\u00e1rgy\u00e1ban<\/a> (pdf)<br \/>\nHat\u00e1lyos: 2022. okt\u00f3ber 14-ig<\/li>\n<li style=\"text-align: justify;\"><a href=\"https:\/\/semmelweis.hu\/aok\/files\/2022\/03\/16_2021_Adatv_taj_allaspalyazattal_kapcs_2022_02_01tol.pdf\" target=\"_blank\" rel=\"noopener\">ADATKEZEL\u00c9SI T\u00c1J\u00c9KOZTAT\u00d3 a Semmelweis Egyetem \u00c1ltal\u00e1nos Orvostudom\u00e1nyi Kar \u00e1ltal meghirdetett \u00e1ll\u00e1sp\u00e1ly\u00e1zatra jelentkez\u0151kkel kapcsolatos adatkezel\u00e9s t\u00e1rgy\u00e1ban<\/a> (pdf)<br \/>\nHat\u00e1lyos: 2022. okt\u00f3ber 14-ig<\/li>\n<li style=\"text-align: justify;\"><a href=\"https:\/\/semmelweis.hu\/aok\/files\/2021\/11\/23_adatv_t\u00e1j_hallgat\u00f3i-olt\u00e1s.pdf\" target=\"_blank\" rel=\"noopener noreferrer\">ADATKEZEL\u00c9SI T\u00c1J\u00c9KOZTAT\u00d3 a Semmelweis Egyetem \u00c1ltal\u00e1nos Orvostudom\u00e1nyi Kar a COVID-19 v\u00edrus elleni oltotts\u00e1gr\u00f3l sz\u00f3l\u00f3 hallgat\u00f3i nyilatkozatokkal kapcsolatos adatkezel\u00e9sr\u0151l<\/a> (pdf)<br \/>\nHat\u00e1lyos: 2022. okt\u00f3ber 14-ig<\/li>\n<li style=\"text-align: justify;\"><a href=\"https:\/\/semmelweis.hu\/aok\/files\/2022\/03\/2_2022_adatk_taj_Professor-Emeritus.pdf\" target=\"_blank\" rel=\"noopener\">ADATKEZEL\u00c9SI T\u00c1J\u00c9KOZTAT\u00d3 a Semmelweis Egyetem \u00c1ltal\u00e1nos Orvostudom\u00e1nyi Kar \u00e1ltal Professor Emeritus c\u00edmre t\u00f6rt\u00e9n\u0151 el\u0151terjeszt\u00e9sekkel kapcsolatos adatkezel\u00e9s t\u00e1rgy\u00e1ban<\/a> (pdf)<br \/>\nHat\u00e1lyos: 2022. okt\u00f3ber 14-ig<\/li>\n<li style=\"text-align: justify;\"><a href=\"https:\/\/semmelweis.hu\/aok\/files\/2022\/03\/3_2022_Adatv_taj_egyetemi_kituntetesek.pdf\" target=\"_blank\" rel=\"noopener\">ADATKEZEL\u00c9SI T\u00c1J\u00c9KOZTAT\u00d3 egyetemi szint\u0171 kit\u00fcntet\u00e9sre felterjesztettekkel kapcsolatos adatkezel\u00e9s t\u00e1rgy\u00e1ban<\/a> (pdf)<br \/>\nHat\u00e1lyos: 2022. okt\u00f3ber 14-ig<\/li>\n<li style=\"text-align: justify;\"><a href=\"https:\/\/semmelweis.hu\/aok\/files\/2022\/03\/4_2022_Adatv_taj_hallgatoikerelmek.pdf\" target=\"_blank\" rel=\"noopener\">ADATKEZEL\u00c9SI T\u00c1J\u00c9KOZTAT\u00d3 v\u00e9gzett hallgat\u00f3k hallgat\u00f3i jogviszony\u00e1val \u00e9s tanulm\u00e1nyaival kapcsolatos k\u00e9relmek adatkezel\u00e9se t\u00e1rgy\u00e1ban<\/a> (pdf)<br \/>\nHat\u00e1lyos: 2022. okt\u00f3ber 14-ig<\/li>\n<li><span style=\"text-align: left;\"><a href=\"https:\/\/semmelweis.hu\/aok\/files\/2022\/01\/5_2022_Adatv_taj_demonstratoripalyazat.pdf\" target=\"_blank\" rel=\"noopener\">ADATKEZEL\u00c9SI T\u00c1J\u00c9KOZTAT\u00d3\u00a0a Semmelweis Egyetem \u00c1ltal\u00e1nos Orvostudom\u00e1nyi Karra beny\u00fajtott demonstr\u00e1tori p\u00e1ly\u00e1zatok adatkezel\u00e9se t\u00e1rgy\u00e1ban<\/a> (pdf)<br \/>\n<\/span>Hat\u00e1lyos: 2022. okt\u00f3ber 14-ig<\/li>\n<li><a href=\"https:\/\/semmelweis.hu\/aok\/files\/2022\/06\/7_2022__.pdf\" target=\"_blank\" rel=\"noopener\">ADATKEZEL\u00c9SI T\u00c1J\u00c9KOZTAT\u00d3 a Semmelweis Egyetem \u00c1ltal\u00e1nos Orvostudom\u00e1nyi Kar munkav\u00e1llal\u00f3ir\u00f3l f\u00e9nyk\u00e9p k\u00e9sz\u00edt\u00e9s\u00e9vel, valamint annak a Kar honlapj\u00e1n t\u00f6rt\u00e9n\u0151 k\u00f6zz\u00e9t\u00e9tel\u00e9vel kapcsolatos adatkezel\u00e9s t\u00e1rgy\u00e1ban<\/a> (pdf)<br \/>\nHat\u00e1lyos: 2022. okt\u00f3ber 14-ig<\/li>\n<li style=\"text-align: justify;\"><a href=\"https:\/\/semmelweis.hu\/aok\/files\/2021\/06\/12_2021_Adatv_t\u00e1j_allami_kituntetesek.pdf\" target=\"_blank\" rel=\"noopener noreferrer\">ADATKEZEL\u00c9SI T\u00c1J\u00c9KOZTAT\u00d3 az \u00e1llami \u00e9s miniszteri kit\u00fcntet\u00e9sek adom\u00e1nyoz\u00e1s\u00e1val kapcsolatos adatkezel\u00e9s t\u00e1rgy\u00e1ban<\/a> (pdf)<br \/>\nHat\u00e1lyos: 2021. 06.03. &#8211; 2022. janu\u00e1r 31.<\/li>\n<li style=\"text-align: justify;\"><a href=\"https:\/\/semmelweis.hu\/aok\/files\/2021\/10\/16_Adatkezelesi_taj_\u00e1ll\u00e1sp\u00e1ly\u00e1zattal-_kapcs.pdf\" target=\"_blank\" rel=\"noopener noreferrer\">ADATKEZEL\u00c9SI T\u00c1J\u00c9KOZTAT\u00d3 a Semmelweis Egyetem \u00c1ltal\u00e1nos Orvostudom\u00e1nyi Kar \u00e1ltal meghirdetett \u00e1ll\u00e1sp\u00e1ly\u00e1zatra jelentkez\u0151kkel kapcsolatos adatkezel\u00e9s t\u00e1rgy\u00e1ban<\/a> (pdf)<br \/>\nHat\u00e1lyos: 2021. 10.08. &#8211; 2022. janu\u00e1r 31.<\/li>\n<\/ul>\n","protected":false},"excerpt":{"rendered":"<p>Az \u00c1ltal\u00e1nos Orvostudom\u00e1nyi Kar \u00e1ltal v\u00e9gzett szem\u00e9lyes adatkezel\u00e9ssel kapcsolatos inform\u00e1ci\u00f3k 1. <a href=\"https:\/\/semmelweis.hu\/aok\/files\/2022\/10\/Adatkezelesi-tajekoztato_AOK.pdf\">Az \u00c1ltal\u00e1nos Orvostudom\u00e1nyi Kar adatkezel\u00e9si t\u00e1j\u00e9koztat\u00f3ja (pdf) \u2192<\/a> 1.1. <a href=\"https:\/\/semmelweis.hu\/aok\/files\/2022\/10\/Dekani_Hivatal_ADL_220923-1.xlsx\" target=\"_blank\" rel=\"noopener\">Az adatkezel\u0151 D\u00e9k\u00e1ni Hivatal feladataival (adminisztrat\u00edv, munka\u00fcgyi-p\u00e9nz\u00fcgyi feladatok) \u00f6sszef\u00fcgg\u0151\u00a0 adatkezel\u00e9sekkel kapcsolatos inform\u00e1ci\u00f3i (xlsx) \u2192<\/a> 1.2. <a href=\"https:\/\/semmelweis.hu\/aok\/files\/2022\/10\/Hallgatoi-ADL_221005-1.xlsx\" target=\"_blank\" rel=\"noopener\">Az adatkezel\u0151 oktat\u00e1si tev\u00e9kenys\u00e9g\u00e9vel \u00f6sszef\u00fcgg\u0151 adatkezel\u00e9sekkel kapcsolatos inform\u00e1ci\u00f3i (xlsx)<\/a> \u00a0\u2192 1.3. Az adatkezel\u0151 tudom\u00e1nyos kutat\u00e1si tev\u00e9kenys\u00e9ggel \u00f6sszef\u00fcgg\u0151 adatkezel\u00e9sekkel kapcsolatos inform\u00e1ci\u00f3i\u00a0 Felt\u00f6lt\u00e9s alatt. A felt\u00f6lt\u00e9s id\u0151pontja a 103798-16\/AOADH\/2022. iktat\u00f3sz\u00e1m\u00fa \u00f6nellen\u0151rz\u00e9si fel\u00fclvizsg\u00e1lati\u00a0 jegyz\u0151k\u00f6nyv szerint 2022. okt\u00f3ber 30. Adatkezel\u00e9si t\u00e1j\u00e9koztat\u00f3k arch\u00edvuma\u00a0\u00a0 <a href=\"https:\/\/semmelweis.hu\/aok\/files\/2021\/10\/4_2021-_adatv_taj_hallgatoioltas.pdf\" target=\"_blank\" rel=\"noopener noreferrer\">ADATKEZEL\u00c9SI T\u00c1J\u00c9KOZTAT\u00d3 a Semmelweis Egyetem \u00c1ltal\u00e1nos Orvostudom\u00e1nyi a koronav\u00edrus okozta pand\u00e9mi\u00e1s helyzetben a v\u00e9dekez\u00e9ssel \u00f6sszef\u00fcgg\u0151 kirendel\u00e9ssel kapcsolatos adatkezel\u00e9s t\u00e1rgy\u00e1ban<\/a> (pdf) Hat\u00e1lyos: 2022. okt\u00f3ber 14-ig <a href=\"https:\/\/semmelweis.hu\/aok\/files\/2021\/10\/5_2021_Adatv_t\u00e1j_\u00f6nk\u00e9ntes_munk\u00e1ra_jelentkez\u00e9s.pdf\" target=\"_blank\" rel=\"noopener noreferrer\">ADATKEZEL\u00c9SI T\u00c1J\u00c9KOZTAT\u00d3 Covid-19 ell\u00e1t\u00e1sban \u00f6nk\u00e9ntes munk\u00e1ra felh\u00edv\u00e1ssal kapcsolatos adatkezel\u00e9s t\u00e1rgy\u00e1ban<\/a> (pdf) Hat\u00e1lyos: 2022. okt\u00f3ber 14-ig <a href=\"https:\/\/semmelweis.hu\/aok\/files\/2021\/10\/6_2021_Adatv_t\u00e1j_\u00e1ll\u00e1sp\u00e1ly\u00e1zatok.pdf\" target=\"_blank\" rel=\"noopener noreferrer\">ADATKEZEL\u00c9SI T\u00c1J\u00c9KOZTAT\u00d3 a Semmelweis Egyetem \u00c1ltal\u00e1nos Orvostudom\u00e1nyi Kar vezet\u0151i, oktat\u00f3i \u00e9s kutat\u00f3i \u00e1ll\u00e1sp\u00e1ly\u00e1zatok kari v\u00e9lem\u00e9nyeztet\u00e9si elj\u00e1r\u00e1s\u00e1val kapcsolatos adatkezel\u00e9s t\u00e1rgy\u00e1ban<\/a> (pdf) Hat\u00e1lyos: 2022. &hellip;<\/p>\n","protected":false},"author":102032,"featured_media":0,"parent":9067,"menu_order":30,"comment_status":"closed","ping_status":"closed","template":"","meta":{"_acf_changed":false,"footnotes":""},"categories":[],"tags":[],"class_list":["post-28212","page","type-page","status-publish","hentry"],"acf":[],"publishpress_future_action":{"enabled":false,"date":"1970-01-01 01:00:00","action":"","terms":[],"taxonomy":"","browser_timezone_offset":0},"_links":{"self":[{"href":"https:\/\/semmelweis.hu\/aok\/wp-json\/wp\/v2\/pages\/28212","targetHints":{"allow":["GET"]}}],"collection":[{"href":"https:\/\/semmelweis.hu\/aok\/wp-json\/wp\/v2\/pages"}],"about":[{"href":"https:\/\/semmelweis.hu\/aok\/wp-json\/wp\/v2\/types\/page"}],"author":[{"embeddable":true,"href":"https:\/\/semmelweis.hu\/aok\/wp-json\/wp\/v2\/users\/102032"}],"replies":[{"embeddable":true,"href":"https:\/\/semmelweis.hu\/aok\/wp-json\/wp\/v2\/comments?post=28212"}],"version-history":[{"count":10,"href":"https:\/\/semmelweis.hu\/aok\/wp-json\/wp\/v2\/pages\/28212\/revisions"}],"predecessor-version":[{"id":29540,"href":"https:\/\/semmelweis.hu\/aok\/wp-json\/wp\/v2\/pages\/28212\/revisions\/29540"}],"up":[{"embeddable":true,"href":"https:\/\/semmelweis.hu\/aok\/wp-json\/wp\/v2\/pages\/9067"}],"wp:attachment":[{"href":"https:\/\/semmelweis.hu\/aok\/wp-json\/wp\/v2\/media?parent=28212"}],"wp:term":[{"taxonomy":"category","embeddable":true,"href":"https:\/\/semmelweis.hu\/aok\/wp-json\/wp\/v2\/categories?post=28212"},{"taxonomy":"post_tag","embeddable":true,"href":"https:\/\/semmelweis.hu\/aok\/wp-json\/wp\/v2\/tags?post=28212"}],"curies":[{"name":"wp","href":"https:\/\/api.w.org\/{rel}","templated":true}]}}