{"id":28193,"date":"2022-10-18T13:35:03","date_gmt":"2022-10-18T11:35:03","guid":{"rendered":"https:\/\/semmelweis.hu\/aok\/?page_id=28193"},"modified":"2022-11-02T15:39:25","modified_gmt":"2022-11-02T14:39:25","slug":"2022-oktober-11-i-hatarozatok","status":"publish","type":"page","link":"https:\/\/semmelweis.hu\/aok\/a-karrol\/kari-tanacs\/a-kari-tanacs-hatarozatai\/2022-oktober-11-i-hatarozatok\/","title":{"rendered":"2022. OKT\u00d3BER 11-i HAT\u00c1ROZATOK"},"content":{"rendered":"<p><a href=\"https:\/\/semmelweis.hu\/aok\/files\/2022\/10\/1_igazgatoi.pdf\" target=\"_blank\" rel=\"noopener\">1\/2022 (2022. okt\u00f3ber 11-i) sz\u00e1m\u00fa hat\u00e1rozat<\/a> a karon meghirdetett igazgat\u00f3i \u00e9s tansz\u00e9kvezet\u0151i \u00e1ll\u00e1sra p\u00e1ly\u00e1z\u00f3kr\u00f3l<\/p>\n<p><a href=\"https:\/\/semmelweis.hu\/aok\/files\/2022\/10\/2_egyetemi_tanari.pdf\" target=\"_blank\" rel=\"noopener\">2\/2022 (2022. okt\u00f3ber 11-i) sz\u00e1m\u00fa hat\u00e1rozat<\/a> a karon meghirdetett egyetemi tan\u00e1ri \u00e1ll\u00e1sra p\u00e1ly\u00e1z\u00f3r\u00f3l<\/p>\n<p style=\"text-align: justify\"><a href=\"https:\/\/semmelweis.hu\/aok\/files\/2022\/11\/3_bizottsagok_szemelyi_osszetetele_.pdf\" target=\"_blank\" rel=\"noopener\">3\/2022 (2022. okt\u00f3ber 11-i) sz\u00e1m\u00fa hat\u00e1rozat<\/a> a Kar \u00e1ltal l\u00e9trehozott Karon m\u0171k\u00f6d\u0151 bizotts\u00e1gok eln\u00f6keinek \u00e9s tagjainak megv\u00e1laszt\u00e1s\u00e1r\u00f3l (Akkredit\u00e1ci\u00f3s Bizotts\u00e1g, Oktat\u00e1si Bizotts\u00e1g, OMHV Bizotts\u00e1g, Tudom\u00e1nyos Bizotts\u00e1g)<\/p>\n<p style=\"text-align: justify\"><a href=\"https:\/\/semmelweis.hu\/aok\/files\/2022\/10\/4_ugyrendek.pdf\" target=\"_blank\" rel=\"noopener\">4\/2022 (2022. okt\u00f3ber 11-i) sz\u00e1m\u00fa hat\u00e1rozat<\/a> a Szen\u00e1tus \u00e1ltal l\u00e9trehozott Karon m\u0171k\u00f6d\u0151 bizotts\u00e1gok \u00fcgyrendjeinek j\u00f3v\u00e1hagy\u00e1s\u00e1r\u00f3l (Etikai \u00e9s Fegyelmi Bizotts\u00e1g, Kredit\u00e1tviteli Bizotts\u00e1g, Tanulm\u00e1nyi \u00e9s Vizsgabizotts\u00e1g)<\/p>\n<p style=\"text-align: justify\"><a href=\"https:\/\/semmelweis.hu\/aok\/files\/2022\/10\/5_OMHV.pdf\" target=\"_blank\" rel=\"noopener\">5\/2022 (2022. okt\u00f3ber 11-i) sz\u00e1m\u00fa hat\u00e1rozat<\/a> a kari Oktat\u00f3i Munka Hallgat\u00f3i V\u00e9lem\u00e9nyez\u00e9s\u00e9nek Rendj\u00e9nek fel\u00fclvizsg\u00e1lat\u00e1r\u00f3l<\/p>\n<p style=\"text-align: justify\"><a href=\"https:\/\/semmelweis.hu\/aok\/files\/2022\/10\/6_haynal_beznak_emlekerem.pdf\" target=\"_blank\" rel=\"noopener\">6\/2022 (2022. okt\u00f3ber 11-i) sz\u00e1m\u00fa hat\u00e1rozat<\/a> a 2021\/2022. tan\u00e9vben meghirdetett Dr. Haynal Imre \u00e9s Dr. Bezn\u00e1k Alad\u00e1r Eml\u00e9k\u00e9rem \u00e9s Jutalomd\u00edjra be\u00e9rkezett p\u00e1lyamunk\u00e1k b\u00edr\u00e1lat\u00e1nak elfogad\u00e1s\u00e1r\u00f3l<\/p>\n<p style=\"text-align: justify\"><a href=\"https:\/\/semmelweis.hu\/aok\/files\/2022\/10\/7_gyakorlo_korhaz.pdf\" target=\"_blank\" rel=\"noopener\">7\/2022 (2022. okt\u00f3ber 11-i) sz\u00e1m\u00fa hat\u00e1rozat<\/a> az \u201eOktat\u00f3 Oszt\u00e1ly\u201d, valamint \u201eGyakorl\u00f3 K\u00f3rh\u00e1z \u00e9s Gyakorl\u00f3 Oszt\u00e1ly\u201d c\u00edmek elnyer\u00e9s\u00e9re, illetve meg\u00faj\u00edt\u00e1s\u00e1r\u00f3l<\/p>\n<p style=\"text-align: justify\"><a href=\"https:\/\/semmelweis.hu\/aok\/files\/2022\/10\/7_hatarozat_melleklet.xlsx\" target=\"_blank\" rel=\"noopener\">mell\u00e9klet<\/a><\/p>\n<p style=\"text-align: justify\"><a href=\"https:\/\/semmelweis.hu\/aok\/files\/2022\/10\/8_kurrikulum.pdf\" target=\"_blank\" rel=\"noopener\">8\/2022 (2022. okt\u00f3ber 11-i) sz\u00e1m\u00fa hat\u00e1rozat<\/a> a 2019\/2020-as tan\u00e9vt\u0151l bevezetett orvosk\u00e9pz\u00e9s kurrikulum\u00e1nak<br \/>\n<span style=\"font-size: 1rem\">m\u00f3dos\u00edt\u00e1s\u00e1r\u00f3l az \u00c1ltal\u00e1nos Orvostudom\u00e1nyi Karon<\/span><\/p>\n<p><a href=\"https:\/\/semmelweis.hu\/aok\/files\/2022\/10\/8_melleklet.pdf\" target=\"_blank\" rel=\"noopener\">mell\u00e9klet<\/a><\/p>\n<p style=\"text-align: justify\"><a href=\"https:\/\/semmelweis.hu\/aok\/files\/2022\/10\/9_kovetelmenyrendszer.pdf\" target=\"_blank\" rel=\"noopener\">9\/2022 (2022. okt\u00f3ber 11-i) sz\u00e1m\u00fa hat\u00e1rozat<\/a> a 2022\/2023-as tan\u00e9v tant\u00e1rgyi k\u00f6vetelm\u00e9nyrendszereinek m\u00f3dos\u00edt\u00e1s\u00e1r\u00f3l az \u00c1ltal\u00e1nos Orvostudom\u00e1nyi Karon<\/p>\n<p><a href=\"https:\/\/semmelweis.hu\/aok\/files\/2022\/10\/9_melleklet.pdf\" target=\"_blank\" rel=\"noopener\">mell\u00e9klet 1<\/a> \u00a0 \u00a0 \u00a0 <a href=\"https:\/\/semmelweis.hu\/aok\/files\/2022\/10\/9_melleklet_2.pdf\" target=\"_blank\" rel=\"noopener\">mell\u00e9klet 2<\/a><\/p>\n<p style=\"text-align: justify\"><a href=\"https:\/\/semmelweis.hu\/aok\/files\/2022\/10\/10_repulo_es_ur_tcs.pdf\" target=\"_blank\" rel=\"noopener\">10\/2022 (2022. okt\u00f3ber 11-i) sz\u00e1m\u00fa hat\u00e1rozat<\/a> a V\u00e1rosmajori Sz\u00edv- \u00e9s \u00c9rgy\u00f3gy\u00e1szati Klinik\u00e1hoz rendelten a Rep\u00fcl\u0151- \u00e9s \u0170rorvostani Tansz\u00e9k l\u00e9trehoz\u00e1s\u00e1r\u00f3l<\/p>\n<p><strong>English version:<\/strong><\/p>\n<p style=\"text-align: justify\"><a href=\"https:\/\/semmelweis.hu\/aok\/files\/2022\/11\/1_decision_directors.pdf\" target=\"_blank\" rel=\"noopener\">Decision No. 1\/2022 (11 October 2022)<\/a> on the candidates for the positions of director and head of departments announced at the Faculty<\/p>\n<p style=\"text-align: justify\"><a href=\"https:\/\/semmelweis.hu\/aok\/files\/2022\/11\/2_decision_professor_position.pdf\" target=\"_blank\" rel=\"noopener\">Decision No. 2\/2022 (11 October 2022)<\/a> on the candidate applying for professor position announced by the Faculty<\/p>\n<p style=\"text-align: justify\"><a href=\"https:\/\/semmelweis.hu\/aok\/files\/2022\/11\/3_decision_chairpersons_members_committees.pdf\" target=\"_blank\" rel=\"noopener\">Decision No. 3\/2022 (11 October 2022)<\/a> on the proposal for the election of the chairpersons and members of the Faculty committees established by the Faculty (Study and Examination Committee, Ethics and Disciplinary Committee, Credit Transfer Committee)<\/p>\n<p style=\"text-align: justify\"><a href=\"https:\/\/semmelweis.hu\/aok\/files\/2022\/11\/4_decision_regulations.pdf\" target=\"_blank\" rel=\"noopener\">Decision No. 4\/2022 (11 October 2022)<\/a> on the approval of the regulations of the Faculty committees established by the Senate (Study and Examination Committee, Ethics and Disciplinary Committee, Credit Transfer Committee)<\/p>\n<p style=\"text-align: justify\"><a href=\"https:\/\/semmelweis.hu\/aok\/files\/2022\/11\/5_decision_OMHV.pdf\" target=\"_blank\" rel=\"noopener\">Decision No. 5\/2022 (11 October 2022)<\/a> on the revision of the OMHV Rules?<\/p>\n<p style=\"text-align: justify\"><a href=\"https:\/\/semmelweis.hu\/aok\/files\/2022\/11\/6_decision_Haynal_Beznak.pdf\" target=\"_blank\" rel=\"noopener\">Decision No. 6\/2022 (11 October 2022)<\/a> on bestowing the Dr. Imre Haynal and Dr. Alad\u00e1r Bezn\u00e1k Memorial Medal and Prize for the academic year 2021\/2022<\/p>\n<p style=\"text-align: justify\"><a href=\"https:\/\/semmelweis.hu\/aok\/files\/2022\/11\/7_decision_teaching_practising_dep_hospital.pdf\" target=\"_blank\" rel=\"noopener\">Decision No. 7\/2022 (11 October 2022)<\/a> on the award and renewal of the titles of &#8222;Teaching Hospital&#8221; and &#8222;Practising Hospital and Practising Department&#8221;<\/p>\n<p style=\"text-align: justify\"><a href=\"https:\/\/semmelweis.hu\/aok\/files\/2022\/11\/8_decision_curriculum.pdf\" target=\"_blank\" rel=\"noopener\">Decision No. 8\/2022 (11 October 2022)<\/a> on the modification of the curriculum of the Faculty of Medicine, introduced from the academic year 2019\/2020<\/p>\n<p style=\"text-align: justify\"><a href=\"https:\/\/semmelweis.hu\/aok\/files\/2022\/11\/9_decision_subject_requirements.pdf\" target=\"_blank\" rel=\"noopener\">Decision No. 9\/2022 (11 October 2022)<\/a> on the modification of the subject requirements of the Faculty of Medicine for the academic year 2022\/2023<\/p>\n<p style=\"text-align: justify\"><a href=\"https:\/\/semmelweis.hu\/aok\/files\/2022\/11\/10_decision_Dep_of_Aero-_and_Space_Medicine.pdf\" target=\"_blank\" rel=\"noopener\">Decision No. 10\/2022 (11 October 2022)<\/a> on the establishment of the Department of Aero- and Space Medicine at the Heart and Vascular Centre of V\u00e1rosmajor<\/p>\n<p>&nbsp;<\/p>\n","protected":false},"excerpt":{"rendered":"<p><a href=\"https:\/\/semmelweis.hu\/aok\/files\/2022\/10\/1_igazgatoi.pdf\" target=\"_blank\" rel=\"noopener\">1\/2022 (2022. okt\u00f3ber 11-i) sz\u00e1m\u00fa hat\u00e1rozat<\/a> a karon meghirdetett igazgat\u00f3i \u00e9s tansz\u00e9kvezet\u0151i \u00e1ll\u00e1sra p\u00e1ly\u00e1z\u00f3kr\u00f3l <a href=\"https:\/\/semmelweis.hu\/aok\/files\/2022\/10\/2_egyetemi_tanari.pdf\" target=\"_blank\" rel=\"noopener\">2\/2022 (2022. okt\u00f3ber 11-i) sz\u00e1m\u00fa hat\u00e1rozat<\/a> a karon meghirdetett egyetemi tan\u00e1ri \u00e1ll\u00e1sra p\u00e1ly\u00e1z\u00f3r\u00f3l <a href=\"https:\/\/semmelweis.hu\/aok\/files\/2022\/11\/3_bizottsagok_szemelyi_osszetetele_.pdf\" target=\"_blank\" rel=\"noopener\">3\/2022 (2022. okt\u00f3ber 11-i) sz\u00e1m\u00fa hat\u00e1rozat<\/a> a Kar \u00e1ltal l\u00e9trehozott Karon m\u0171k\u00f6d\u0151 bizotts\u00e1gok eln\u00f6keinek \u00e9s tagjainak megv\u00e1laszt\u00e1s\u00e1r\u00f3l (Akkredit\u00e1ci\u00f3s Bizotts\u00e1g, Oktat\u00e1si Bizotts\u00e1g, OMHV Bizotts\u00e1g, Tudom\u00e1nyos Bizotts\u00e1g) <a href=\"https:\/\/semmelweis.hu\/aok\/files\/2022\/10\/4_ugyrendek.pdf\" target=\"_blank\" rel=\"noopener\">4\/2022 (2022. okt\u00f3ber 11-i) sz\u00e1m\u00fa hat\u00e1rozat<\/a> a Szen\u00e1tus \u00e1ltal l\u00e9trehozott Karon m\u0171k\u00f6d\u0151 bizotts\u00e1gok \u00fcgyrendjeinek j\u00f3v\u00e1hagy\u00e1s\u00e1r\u00f3l (Etikai \u00e9s Fegyelmi Bizotts\u00e1g, Kredit\u00e1tviteli Bizotts\u00e1g, Tanulm\u00e1nyi \u00e9s Vizsgabizotts\u00e1g) <a href=\"https:\/\/semmelweis.hu\/aok\/files\/2022\/10\/5_OMHV.pdf\" target=\"_blank\" rel=\"noopener\">5\/2022 (2022. okt\u00f3ber 11-i) sz\u00e1m\u00fa hat\u00e1rozat<\/a> a kari Oktat\u00f3i &hellip;<\/p>\n","protected":false},"author":102032,"featured_media":0,"parent":1141,"menu_order":0,"comment_status":"closed","ping_status":"closed","template":"","meta":{"_acf_changed":false,"footnotes":""},"categories":[],"tags":[],"class_list":["post-28193","page","type-page","status-publish","hentry"],"acf":[],"publishpress_future_action":{"enabled":false,"date":"1970-01-01 01:00:00","action":"","terms":[],"taxonomy":"","browser_timezone_offset":0},"_links":{"self":[{"href":"https:\/\/semmelweis.hu\/aok\/wp-json\/wp\/v2\/pages\/28193","targetHints":{"allow":["GET"]}}],"collection":[{"href":"https:\/\/semmelweis.hu\/aok\/wp-json\/wp\/v2\/pages"}],"about":[{"href":"https:\/\/semmelweis.hu\/aok\/wp-json\/wp\/v2\/types\/page"}],"author":[{"embeddable":true,"href":"https:\/\/semmelweis.hu\/aok\/wp-json\/wp\/v2\/users\/102032"}],"replies":[{"embeddable":true,"href":"https:\/\/semmelweis.hu\/aok\/wp-json\/wp\/v2\/comments?post=28193"}],"version-history":[{"count":10,"href":"https:\/\/semmelweis.hu\/aok\/wp-json\/wp\/v2\/pages\/28193\/revisions"}],"predecessor-version":[{"id":28316,"href":"https:\/\/semmelweis.hu\/aok\/wp-json\/wp\/v2\/pages\/28193\/revisions\/28316"}],"up":[{"embeddable":true,"href":"https:\/\/semmelweis.hu\/aok\/wp-json\/wp\/v2\/pages\/1141"}],"wp:attachment":[{"href":"https:\/\/semmelweis.hu\/aok\/wp-json\/wp\/v2\/media?parent=28193"}],"wp:term":[{"taxonomy":"category","embeddable":true,"href":"https:\/\/semmelweis.hu\/aok\/wp-json\/wp\/v2\/categories?post=28193"},{"taxonomy":"post_tag","embeddable":true,"href":"https:\/\/semmelweis.hu\/aok\/wp-json\/wp\/v2\/tags?post=28193"}],"curies":[{"name":"wp","href":"https:\/\/api.w.org\/{rel}","templated":true}]}}