{"id":27914,"date":"2022-07-22T10:06:36","date_gmt":"2022-07-22T08:06:36","guid":{"rendered":"https:\/\/semmelweis.hu\/aok\/?page_id=27914"},"modified":"2022-07-22T10:17:59","modified_gmt":"2022-07-22T08:17:59","slug":"2022-julius-21-i-hatarozatok-elektronikus-szavazas","status":"publish","type":"page","link":"https:\/\/semmelweis.hu\/aok\/a-karrol\/kari-tanacs\/a-kari-tanacs-hatarozatai\/2022-julius-21-i-hatarozatok-elektronikus-szavazas\/","title":{"rendered":"2022. J\u00daLIUS 21-I HAT\u00c1ROZATOK &#8211; ELEKTRONIKUS SZAVAZ\u00c1S"},"content":{"rendered":"<p><a href=\"https:\/\/semmelweis.hu\/aok\/files\/2022\/07\/39_hatarozat_kurrikulum.pdf\" target=\"_blank\" rel=\"noopener\">39\/2022 (2022. j\u00falius 21-i) sz\u00e1m\u00fa KT hat\u00e1rozat<\/a> a 2019\/2020-as tan\u00e9vt\u0151l bevezetett orvosk\u00e9pz\u00e9s kurrikulum\u00e1nak m\u00f3dos\u00edt\u00e1s\u00e1r\u00f3l az \u00c1ltal\u00e1nos Orvostudom\u00e1nyi Karon<\/p>\n<p>\u00a0 \u00a0 \u00a0 <a href=\"https:\/\/semmelweis.hu\/aok\/files\/2022\/07\/KT_2022.-julius_kurrikulum-mod_MELLEKLET_2-VERZIO.pdf\" target=\"_blank\" rel=\"noopener\">mell\u00e9klet<\/a><\/p>\n<p><a href=\"https:\/\/semmelweis.hu\/aok\/files\/2022\/07\/40_hatarozat_kovetelmenyrendszer.pdf\" target=\"_blank\" rel=\"noopener\">40\/2022 (2022. j\u00falius 21-i) sz\u00e1m\u00fa KT hat\u00e1rozat<\/a> a 2022\/2023-as tan\u00e9v tant\u00e1rgyi k\u00f6vetelm\u00e9nyrendszereir\u0151l az \u00c1ltal\u00e1nos Orvostudom\u00e1nyi Karon<\/p>\n<p>\u00a0 \u00a0 \u00a0 <a href=\"https:\/\/semmelweis.hu\/aok\/files\/2022\/07\/40_2022_2022_07_21__melleklet_ujonnan_-valaszthato_kov_rendszer_1.pdf\" target=\"_blank\" rel=\"noopener\">mell\u00e9klet 1<\/a><\/p>\n<p>\u00a0 \u00a0 \u00a0 <a href=\"https:\/\/semmelweis.hu\/aok\/files\/2022\/07\/40_2022_2022_07_21_melleklet_kov_rendszer_1_angol_nemet.pdf\" target=\"_blank\" rel=\"noopener\">mell\u00e9klet 2<\/a><\/p>\n<p>\u00a0 \u00a0 \u00a0 <a href=\"https:\/\/semmelweis.hu\/aok\/files\/2022\/07\/40_2022_2022_07_21_melleklet_kov_rendszer_2.pdf\" target=\"_blank\" rel=\"noopener\">mell\u00e9klet 3<\/a><\/p>\n<p>\u00a0 \u00a0 \u00a0 <a href=\"https:\/\/semmelweis.hu\/aok\/files\/2022\/07\/40_2022_2022_07_21_melleklet_ujonnan_valaszthato_kov_rendszer_2.pdf\" target=\"_blank\" rel=\"noopener\">mell\u00e9klet 4<\/a><\/p>\n<p>&nbsp;<\/p>\n","protected":false},"excerpt":{"rendered":"<p><a href=\"https:\/\/semmelweis.hu\/aok\/files\/2022\/07\/39_hatarozat_kurrikulum.pdf\" target=\"_blank\" rel=\"noopener\">39\/2022 (2022. j\u00falius 21-i) sz\u00e1m\u00fa KT hat\u00e1rozat<\/a> a 2019\/2020-as tan\u00e9vt\u0151l bevezetett orvosk\u00e9pz\u00e9s kurrikulum\u00e1nak m\u00f3dos\u00edt\u00e1s\u00e1r\u00f3l az \u00c1ltal\u00e1nos Orvostudom\u00e1nyi Karon<br \/>\n\u00a0 \u00a0 \u00a0 <a href=\"https:\/\/semmelweis.hu\/aok\/files\/2022\/07\/KT_2022.-julius_kurrikulum-mod_MELLEKLET_2-VERZIO.pdf\" target=\"_blank\" rel=\"noopener\">mell\u00e9klet<\/a><br \/>\n<a href=\"https:\/\/semmelweis.hu\/aok\/files\/2022\/07\/40_hatarozat_kovetelmenyrendszer.pdf\" target=\"_blank\" rel=\"noopener\">40\/2022 (2022. j\u00falius 21-i) sz\u00e1m\u00fa KT hat\u00e1rozat<\/a> a 2022\/2023-as tan\u00e9v tant\u00e1rgyi k\u00f6vetelm\u00e9nyrendszereir\u0151l az \u00c1ltal\u00e1nos Orvostudom\u00e1nyi Karon<br \/>\n\u00a0 \u00a0 \u00a0 <a href=\"https:\/\/semmelweis.hu\/aok\/files\/2022\/07\/40_2022_2022_07_21__melleklet_ujonnan_-valaszthato_kov_rendszer_1.pdf\" target=\"_blank\" rel=\"noopener\">mell\u00e9klet 1<\/a><br \/>\n\u00a0 \u00a0 \u00a0 <a href=\"https:\/\/semmelweis.hu\/aok\/files\/2022\/07\/40_2022_2022_07_21_melleklet_kov_rendszer_1_angol_nemet.pdf\" target=\"_blank\" rel=\"noopener\">mell\u00e9klet 2<\/a><br \/>\n\u00a0 \u00a0 \u00a0 <a href=\"https:\/\/semmelweis.hu\/aok\/files\/2022\/07\/40_2022_2022_07_21_melleklet_kov_rendszer_2.pdf\" target=\"_blank\" rel=\"noopener\">mell\u00e9klet 3<\/a><br \/>\n\u00a0 \u00a0 \u00a0 <a href=\"https:\/\/semmelweis.hu\/aok\/files\/2022\/07\/40_2022_2022_07_21_melleklet_ujonnan_valaszthato_kov_rendszer_2.pdf\" target=\"_blank\" rel=\"noopener\">mell\u00e9klet 4<\/a><br \/>\n&nbsp;<\/p>\n","protected":false},"author":102032,"featured_media":0,"parent":1141,"menu_order":0,"comment_status":"closed","ping_status":"closed","template":"","meta":{"_acf_changed":false,"footnotes":""},"categories":[],"tags":[],"class_list":["post-27914","page","type-page","status-publish","hentry"],"acf":[],"publishpress_future_action":{"enabled":false,"date":"1970-01-01 01:00:00","action":"","terms":[],"taxonomy":"","browser_timezone_offset":0},"_links":{"self":[{"href":"https:\/\/semmelweis.hu\/aok\/wp-json\/wp\/v2\/pages\/27914","targetHints":{"allow":["GET"]}}],"collection":[{"href":"https:\/\/semmelweis.hu\/aok\/wp-json\/wp\/v2\/pages"}],"about":[{"href":"https:\/\/semmelweis.hu\/aok\/wp-json\/wp\/v2\/types\/page"}],"author":[{"embeddable":true,"href":"https:\/\/semmelweis.hu\/aok\/wp-json\/wp\/v2\/users\/102032"}],"replies":[{"embeddable":true,"href":"https:\/\/semmelweis.hu\/aok\/wp-json\/wp\/v2\/comments?post=27914"}],"version-history":[{"count":2,"href":"https:\/\/semmelweis.hu\/aok\/wp-json\/wp\/v2\/pages\/27914\/revisions"}],"predecessor-version":[{"id":27916,"href":"https:\/\/semmelweis.hu\/aok\/wp-json\/wp\/v2\/pages\/27914\/revisions\/27916"}],"up":[{"embeddable":true,"href":"https:\/\/semmelweis.hu\/aok\/wp-json\/wp\/v2\/pages\/1141"}],"wp:attachment":[{"href":"https:\/\/semmelweis.hu\/aok\/wp-json\/wp\/v2\/media?parent=27914"}],"wp:term":[{"taxonomy":"category","embeddable":true,"href":"https:\/\/semmelweis.hu\/aok\/wp-json\/wp\/v2\/categories?post=27914"},{"taxonomy":"post_tag","embeddable":true,"href":"https:\/\/semmelweis.hu\/aok\/wp-json\/wp\/v2\/tags?post=27914"}],"curies":[{"name":"wp","href":"https:\/\/api.w.org\/{rel}","templated":true}]}}