{"id":26740,"date":"2021-11-09T09:24:41","date_gmt":"2021-11-09T08:24:41","guid":{"rendered":"https:\/\/semmelweis.hu\/aok\/?page_id=26740"},"modified":"2021-11-09T09:24:41","modified_gmt":"2021-11-09T08:24:41","slug":"2021-szeptember-14-i-hatarozatok","status":"publish","type":"page","link":"https:\/\/semmelweis.hu\/aok\/a-karrol\/kari-tanacs\/a-kari-tanacs-hatarozatai\/2021-szeptember-14-i-hatarozatok\/","title":{"rendered":"2021. SZEPTEMBER 14-I HAT\u00c1ROZATOK"},"content":{"rendered":"<p style=\"text-align: justify\"><strong><a href=\"https:\/\/semmelweis.hu\/aok\/files\/2021\/11\/1_hatarozat_tansz\u00e9kvezet\u0151i.pdf\" target=\"_blank\" rel=\"noopener noreferrer\">1\/2021 (2021. szeptember 14-i) sz\u00e1m\u00fa KT hat\u00e1rozat<\/a> <\/strong>a karon meghirdetett tansz\u00e9kvezet\u0151i \u00e1ll\u00e1sra p\u00e1ly\u00e1z\u00f3r\u00f3l<\/p>\n<p style=\"text-align: justify\"><strong><a href=\"https:\/\/semmelweis.hu\/aok\/files\/2021\/11\/2_hat\u00e1rozat_docensi.pdf\" target=\"_blank\" rel=\"noopener noreferrer\">2\/2021 (2021. szeptember 14-i) sz\u00e1m\u00fa KT hat\u00e1rozat<\/a> <\/strong>a karon meghirdetett egyetemi docensi \u00e1ll\u00e1sra p\u00e1ly\u00e1z\u00f3r\u00f3l<\/p>\n<p style=\"text-align: justify\"><strong><a href=\"https:\/\/semmelweis.hu\/aok\/files\/2021\/11\/3_hat\u00e1rozat_\u00f3raad\u00f3_oktat\u00f3i_c\u00edmek.pdf\" target=\"_blank\" rel=\"noopener noreferrer\">3\/2021 (2021. szeptember 14-i) sz\u00e1m\u00fa KT hat\u00e1rozat<\/a> <\/strong>c\u00edmzetes egyetemi tan\u00e1ri, c\u00edmzetes egyetemi docensi, mesteroktat\u00f3i, valamint mag\u00e1ntan\u00e1ri c\u00edmek adom\u00e1nyoz\u00e1s\u00e1r\u00f3l<\/p>\n<p style=\"text-align: justify\"><strong><a href=\"https:\/\/semmelweis.hu\/aok\/files\/2021\/11\/4_hatarozat_bizotts\u00e1gok.pdf\" target=\"_blank\" rel=\"noopener noreferrer\">4\/2021(2021. szeptember 14-i) sz\u00e1m\u00fa KT hat\u00e1rozat<\/a> <\/strong>a Szen\u00e1tus \u00e1ltal l\u00e9trehozott \u00e9s az \u00c1ltal\u00e1nos Orvostudom\u00e1nyi Karon m\u0171k\u00f6d\u0151 Etikai \u00e9s Fegyelmi Bizotts\u00e1g \u00e9s a kar \u00e1ltal l\u00e9trehozott karon m\u0171k\u00f6d\u0151 Akkredit\u00e1ci\u00f3s Bizotts\u00e1g hallgat\u00f3 tagjainak, valamint a kar \u00e1ltal l\u00e9trehozott karon m\u0171k\u00f6d\u0151 (Oktat\u00e1si Bizotts\u00e1g, OMHV Bizotts\u00e1g, Tudom\u00e1nyos Bizotts\u00e1g, Akkredit\u00e1ci\u00f3s Bizotts\u00e1g) bizotts\u00e1gok p\u00f3ttagjainak megv\u00e1laszt\u00e1s\u00e1r\u00f3l<\/p>\n<p style=\"text-align: justify\"><strong><a href=\"https:\/\/semmelweis.hu\/aok\/files\/2021\/11\/5_hatarozat_haynal_bezn\u00e1k.pdf\" target=\"_blank\" rel=\"noopener noreferrer\">5\/2021(2021. szeptember 14-i) sz\u00e1m\u00fa KT hat\u00e1rozat<\/a> <\/strong>a Dr. Bezn\u00e1k Alad\u00e1r \u00e9s Dr. Haynal Imre Eml\u00e9k\u00e9rem \u00e9s Jutalomd\u00edj adom\u00e1nyoz\u00e1s\u00e1r\u00f3l<\/p>\n<p style=\"text-align: justify\"><strong><a href=\"https:\/\/semmelweis.hu\/aok\/files\/2021\/11\/6_ACH_tant\u00e1rgy.pdf\" target=\"_blank\" rel=\"noopener noreferrer\">6\/2021(2021. szeptember 14-i) sz\u00e1m\u00fa KT hat\u00e1rozat<\/a> <\/strong>az Asklepios Campus Hamburgon 2021\/2022. tan\u00e9vt\u0151l k\u00f6telez\u0151en v\u00e1laszthat\u00f3 \u201eArtificial Intelligence in Healthcare and Medical Science\u201d c\u00edm\u0171 t\u00e1rgy bevezet\u00e9s\u00e9r\u0151l<\/p>\n<p style=\"text-align: justify\"><strong><a href=\"https:\/\/semmelweis.hu\/aok\/files\/2021\/11\/7_hatarozat_geri\u00e1tria.pdf\" target=\"_blank\" rel=\"noopener noreferrer\">7\/2021(2021. szeptember 14-i) sz\u00e1m\u00fa KT hat\u00e1rozat<\/a><\/strong>\u00a0a Geri\u00e1triai Tansz\u00e9ki Csoport Belgy\u00f3gy\u00e1szati \u00e9s Onkol\u00f3giai Klinika al\u00e1 t\u00f6rt\u00e9n\u0151 \u00e1thelyez\u00e9s\u00e9r\u0151l<\/p>\n<p style=\"text-align: justify\"><strong><a href=\"https:\/\/semmelweis.hu\/aok\/files\/2021\/11\/8_a_hatarozat_oktat\u00f3_oszt\u00e1ly.pdf\" target=\"_blank\" rel=\"noopener noreferrer\">8\/a\/2021(2021. szeptember 14-i) sz\u00e1m\u00fa KT hat\u00e1rozat<\/a> <\/strong>az SE \u00c1OK Oktat\u00f3 Oszt\u00e1ly c\u00edm elnyer\u00e9s\u00e9re, meg\u00faj\u00edt\u00e1s\u00e1ra vonatkoz\u00f3 javaslatr\u00f3l<\/p>\n<p style=\"text-align: justify\"><strong><a href=\"https:\/\/semmelweis.hu\/aok\/files\/2021\/11\/8_b_hatarozat_gyakorl\u00f3_oszt\u00e1ly.pdf\" target=\"_blank\" rel=\"noopener noreferrer\">8\/b\/2021(2021. szeptember 14-i) sz\u00e1m\u00fa KT hat\u00e1rozat<\/a> <\/strong>azSE \u00c1OK Gyakorl\u00f3 K\u00f3rh\u00e1z, Gyakorl\u00f3 Oszt\u00e1ly c\u00edm elnyer\u00e9s\u00e9re vonatkoz\u00f3 javaslatr\u00f3l<\/p>\n<p style=\"padding-left: 40px;text-align: justify\"><a href=\"https:\/\/semmelweis.hu\/aok\/files\/2021\/11\/8_b_hat\u00e1rozat_mell\u00e9klet.xlsx\">mell\u00e9klet<\/a><\/p>\n<p style=\"text-align: justify\"><strong>English version:<\/strong><\/p>\n<p style=\"text-align: justify\"><strong><a href=\"https:\/\/semmelweis.hu\/aok\/files\/2021\/11\/1_hat\u00e1rozat_tansz\u00e9kvezet\u0151i_English.pdf\" target=\"_blank\" rel=\"noopener noreferrer\">Decision No 1\/2021 (14 September 2021)<\/a> <\/strong>on candidate applying for the Head of Department position announced by the faculty<\/p>\n<p style=\"text-align: justify\"><strong><a href=\"https:\/\/semmelweis.hu\/aok\/files\/2021\/11\/2_hatarozat_docensi_English.pdf\" target=\"_blank\" rel=\"noopener noreferrer\">Decision No 2\/2021 (14 September 2021)<\/a> <\/strong>on candidate applying for the Associate Professor position announced by the faculty<\/p>\n<p style=\"text-align: justify\"><strong><a href=\"https:\/\/semmelweis.hu\/aok\/files\/2021\/11\/3_hat\u00e1rozat_\u00f3raad\u00f3_oktat\u00f3i_c\u00edmek_English.pdf\" target=\"_blank\" rel=\"noopener noreferrer\">Decision No 3\/2021 (14 September 2021)<\/a> <\/strong>on awarding the titles university professor, honorary associate professor, master teacher and private tutor<\/p>\n<p style=\"text-align: justify\"><strong><a href=\"https:\/\/semmelweis.hu\/aok\/files\/2021\/11\/4_hat\u00e1rozat_-bizottsagok_English.pdf\" target=\"_blank\" rel=\"noopener noreferrer\">Decision No 4\/2021 (14 September 2021)<\/a> <\/strong>on the election of the student members of the Ethical and Disciplinary Committee, established by the Senate and operating at the Faculty of Medicine, and members of the Accreditation Committee established by the Faculty of Medicine as well as on the election of substitute members of Committees (Educational, Student Assessment, Scientific and Accreditation Committees) of the Faculty established by the Faculty of Medicine<\/p>\n<p style=\"text-align: justify\"><strong><a href=\"https:\/\/semmelweis.hu\/aok\/files\/2021\/11\/5_hat\u00e1rozat_Bezn\u00e1k_Hajnal_English.pdf\" target=\"_blank\" rel=\"noopener noreferrer\">Decision No 5\/2021 (14 September 2021)<\/a> <\/strong>on bestowing Dr. Alad\u00e1r Bezn\u00e1k and Dr. Imre Hajnal Commemorative Medal and Award<\/p>\n<p style=\"text-align: justify\"><strong><a href=\"https:\/\/semmelweis.hu\/aok\/files\/2021\/11\/6_ACH_tant\u00e1rgy_English.pdf\" target=\"_blank\" rel=\"noopener noreferrer\">Decision No 6\/2021 (14 September 2021)<\/a> <\/strong>on introducing a compulsory subject called \u201cArtificial Intelligence in Healthcare and Medical Science\u201d at Asklepios Campus Hamburg<\/p>\n<p style=\"text-align: justify\"><strong><a href=\"https:\/\/semmelweis.hu\/aok\/files\/2021\/11\/7__hat\u00e1rozat_geri\u00e1tria_Eng.pdf\" target=\"_blank\" rel=\"noopener noreferrer\">Decision No 7\/2021 (14 September 2021)<\/a> <\/strong>on transferring the Department of Geriatrics to the Department of Internal Medicine and Oncology<\/p>\n<p style=\"text-align: justify\"><strong><a href=\"https:\/\/semmelweis.hu\/aok\/files\/2021\/11\/8_a__hat\u00e1rozat_oktat\u00f3_oszt\u00e1ly_Eng.pdf\" target=\"_blank\" rel=\"noopener noreferrer\">Decision No 8\/a\/2021 (14 September 2021)<\/a> <\/strong>on a proposal for obtaining and renewing the titles \u201cTeaching Department\u201d of the Faculty of Medicine<\/p>\n<p style=\"text-align: justify\"><strong><a href=\"https:\/\/semmelweis.hu\/aok\/files\/2021\/11\/8_b__hat\u00e1rozat_gyakorl\u00f3_oszt\u00e1ly_Eng.pdf\" target=\"_blank\" rel=\"noopener noreferrer\">Decision No 8\/b\/2021 (14 September 2021)<\/a> <\/strong>on a proposal for obtaining the title \u201cPractice Department\u201d of the Faculty of Medicine<\/p>\n<p style=\"padding-left: 40px;text-align: justify\">\u00a0<\/p>\n","protected":false},"excerpt":{"rendered":"<p><a href=\"https:\/\/semmelweis.hu\/aok\/files\/2021\/11\/1_hatarozat_tansz\u00e9kvezet\u0151i.pdf\" target=\"_blank\" rel=\"noopener noreferrer\">1\/2021 (2021. szeptember 14-i) sz\u00e1m\u00fa KT hat\u00e1rozat<\/a> a karon meghirdetett tansz\u00e9kvezet\u0151i \u00e1ll\u00e1sra p\u00e1ly\u00e1z\u00f3r\u00f3l <a href=\"https:\/\/semmelweis.hu\/aok\/files\/2021\/11\/2_hat\u00e1rozat_docensi.pdf\" target=\"_blank\" rel=\"noopener noreferrer\">2\/2021 (2021. szeptember 14-i) sz\u00e1m\u00fa KT hat\u00e1rozat<\/a> a karon meghirdetett egyetemi docensi \u00e1ll\u00e1sra p\u00e1ly\u00e1z\u00f3r\u00f3l <a href=\"https:\/\/semmelweis.hu\/aok\/files\/2021\/11\/3_hat\u00e1rozat_\u00f3raad\u00f3_oktat\u00f3i_c\u00edmek.pdf\" target=\"_blank\" rel=\"noopener noreferrer\">3\/2021 (2021. szeptember 14-i) sz\u00e1m\u00fa KT hat\u00e1rozat<\/a> c\u00edmzetes egyetemi tan\u00e1ri, c\u00edmzetes egyetemi docensi, mesteroktat\u00f3i, valamint mag\u00e1ntan\u00e1ri c\u00edmek adom\u00e1nyoz\u00e1s\u00e1r\u00f3l <a href=\"https:\/\/semmelweis.hu\/aok\/files\/2021\/11\/4_hatarozat_bizotts\u00e1gok.pdf\" target=\"_blank\" rel=\"noopener noreferrer\">4\/2021(2021. szeptember 14-i) sz\u00e1m\u00fa KT hat\u00e1rozat<\/a> a Szen\u00e1tus \u00e1ltal l\u00e9trehozott \u00e9s az \u00c1ltal\u00e1nos Orvostudom\u00e1nyi Karon m\u0171k\u00f6d\u0151 Etikai \u00e9s Fegyelmi Bizotts\u00e1g \u00e9s a kar \u00e1ltal l\u00e9trehozott karon m\u0171k\u00f6d\u0151 Akkredit\u00e1ci\u00f3s Bizotts\u00e1g hallgat\u00f3 tagjainak, valamint a kar \u00e1ltal l\u00e9trehozott karon &hellip;<\/p>\n","protected":false},"author":101136,"featured_media":0,"parent":1141,"menu_order":0,"comment_status":"closed","ping_status":"closed","template":"","meta":{"_acf_changed":false,"footnotes":""},"categories":[],"tags":[],"class_list":["post-26740","page","type-page","status-publish","hentry"],"acf":[],"publishpress_future_action":{"enabled":false,"date":"1970-01-01 01:00:00","action":"","terms":[],"taxonomy":"","browser_timezone_offset":0},"_links":{"self":[{"href":"https:\/\/semmelweis.hu\/aok\/wp-json\/wp\/v2\/pages\/26740","targetHints":{"allow":["GET"]}}],"collection":[{"href":"https:\/\/semmelweis.hu\/aok\/wp-json\/wp\/v2\/pages"}],"about":[{"href":"https:\/\/semmelweis.hu\/aok\/wp-json\/wp\/v2\/types\/page"}],"author":[{"embeddable":true,"href":"https:\/\/semmelweis.hu\/aok\/wp-json\/wp\/v2\/users\/101136"}],"replies":[{"embeddable":true,"href":"https:\/\/semmelweis.hu\/aok\/wp-json\/wp\/v2\/comments?post=26740"}],"version-history":[{"count":10,"href":"https:\/\/semmelweis.hu\/aok\/wp-json\/wp\/v2\/pages\/26740\/revisions"}],"predecessor-version":[{"id":26769,"href":"https:\/\/semmelweis.hu\/aok\/wp-json\/wp\/v2\/pages\/26740\/revisions\/26769"}],"up":[{"embeddable":true,"href":"https:\/\/semmelweis.hu\/aok\/wp-json\/wp\/v2\/pages\/1141"}],"wp:attachment":[{"href":"https:\/\/semmelweis.hu\/aok\/wp-json\/wp\/v2\/media?parent=26740"}],"wp:term":[{"taxonomy":"category","embeddable":true,"href":"https:\/\/semmelweis.hu\/aok\/wp-json\/wp\/v2\/categories?post=26740"},{"taxonomy":"post_tag","embeddable":true,"href":"https:\/\/semmelweis.hu\/aok\/wp-json\/wp\/v2\/tags?post=26740"}],"curies":[{"name":"wp","href":"https:\/\/api.w.org\/{rel}","templated":true}]}}