{"id":26215,"date":"2021-07-01T13:34:03","date_gmt":"2021-07-01T11:34:03","guid":{"rendered":"https:\/\/semmelweis.hu\/aok\/?page_id=26215"},"modified":"2026-01-08T12:31:37","modified_gmt":"2026-01-08T11:31:37","slug":"tombositett-oktatas-4-5-evfolyam","status":"publish","type":"page","link":"https:\/\/semmelweis.hu\/aok\/oktatas\/tombositett-oktatas-4-5-evfolyam\/","title":{"rendered":"T\u00f6mb\u00f6s\u00edtett oktat\u00e1s IV., V. \u00e9vfolyam"},"content":{"rendered":"<h2>IV. \u00e9vfolyam<\/h2>\n<p><a href=\"https:\/\/semmelweis.hu\/aok\/files\/2025\/08\/Tombositett-oktatas-blokkbeosztas-2025-2026.-tanev-IV.-evfolyam.pdf\">T\u00f6mb\u00f6s\u00edtett oktat\u00e1s blokkbeoszt\u00e1s 2025\/2026. tan\u00e9v IV. \u00e9vfolyam<\/a><\/p>\n<h2>V. \u00e9vfolyam<\/h2>\n<p><a href=\"https:\/\/semmelweis.hu\/aok\/files\/2025\/08\/Tombositett-oktatas-blokkbeosztas-2025-2026.-tanev-V.-evfolyam.pdf\">T\u00f6mb\u00f6s\u00edtett oktat\u00e1s blokkbeoszt\u00e1s 2025\/2026. tan\u00e9v V. \u00e9vfolyam<\/a><\/p>\n<h4>\u00a0<\/h4>\n<h4>a IV-V. \u00e9vfolyam Blokkos t\u00e1rgyainak k\u00fclf\u00f6ldi teljes\u00edt\u00e9se<\/h4>\n<h3>T\u00e1j\u00e9koztat\u00f3 Pann\u00f3nia \u00f6szt\u00f6nd\u00edj keret\u00e9ben megval\u00f3sul\u00f3 k\u00fclf\u00f6ldi gyakorlatr\u00f3l<\/h3>\n<ul>\n<li><a href=\"https:\/\/semmelweis.hu\/aok\/files\/2025\/09\/Pannonia-eljarasrend-1.pdf\">Elj\u00e1r\u00e1srend a Pann\u00f3nia \u00f6szt\u00f6nd\u00edj keret\u00e9ben megval\u00f3sul\u00f3 k\u00fclf\u00f6ldi gyakorlat enged\u00e9lyez\u00e9s\u00e9re<\/a><\/li>\n<li><a href=\"https:\/\/semmelweis.hu\/aok\/files\/2026\/01\/Temavezetoi-befogado-nyilatkozat-Pannonia.docx\">T\u00e9mavezet\u0151i befogad\u00f3 nyilatkozat Pann\u00f3nia \u00f6szt\u00f6nd\u00edjhoz<\/a><\/li>\n<\/ul>\n","protected":false},"excerpt":{"rendered":"<p>IV. \u00e9vfolyam<br \/>\n<a href=\"https:\/\/semmelweis.hu\/aok\/files\/2025\/08\/Tombositett-oktatas-blokkbeosztas-2025-2026.-tanev-IV.-evfolyam.pdf\">T\u00f6mb\u00f6s\u00edtett oktat\u00e1s blokkbeoszt\u00e1s 2025\/2026. tan\u00e9v IV. \u00e9vfolyam<\/a><br \/>\nV. \u00e9vfolyam<br \/>\n<a href=\"https:\/\/semmelweis.hu\/aok\/files\/2025\/08\/Tombositett-oktatas-blokkbeosztas-2025-2026.-tanev-V.-evfolyam.pdf\">T\u00f6mb\u00f6s\u00edtett oktat\u00e1s blokkbeoszt\u00e1s 2025\/2026. tan\u00e9v V. \u00e9vfolyam<\/a><br \/>\n\u00a0<br \/>\na IV-V. \u00e9vfolyam Blokkos t\u00e1rgyainak k\u00fclf\u00f6ldi teljes\u00edt\u00e9se<br \/>\nT\u00e1j\u00e9koztat\u00f3 Pann\u00f3nia \u00f6szt\u00f6nd\u00edj keret\u00e9ben megval\u00f3sul\u00f3 k\u00fclf\u00f6ldi gyakorlatr\u00f3l<\/p>\n<p><a href=\"https:\/\/semmelweis.hu\/aok\/files\/2025\/09\/Pannonia-eljarasrend-1.pdf\">Elj\u00e1r\u00e1srend a Pann\u00f3nia \u00f6szt\u00f6nd\u00edj keret\u00e9ben megval\u00f3sul\u00f3 k\u00fclf\u00f6ldi gyakorlat enged\u00e9lyez\u00e9s\u00e9re<\/a><br \/>\n<a href=\"https:\/\/semmelweis.hu\/aok\/files\/2026\/01\/Temavezetoi-befogado-nyilatkozat-Pannonia.docx\">T\u00e9mavezet\u0151i befogad\u00f3 nyilatkozat Pann\u00f3nia \u00f6szt\u00f6nd\u00edjhoz<\/a><\/p>\n","protected":false},"author":101542,"featured_media":0,"parent":126,"menu_order":7,"comment_status":"closed","ping_status":"closed","template":"","meta":{"_acf_changed":false,"footnotes":""},"categories":[],"tags":[],"class_list":["post-26215","page","type-page","status-publish","hentry"],"acf":[],"publishpress_future_action":{"enabled":false,"date":"1970-01-01 01:00:00","action":"","terms":[],"taxonomy":"","browser_timezone_offset":0},"_links":{"self":[{"href":"https:\/\/semmelweis.hu\/aok\/wp-json\/wp\/v2\/pages\/26215","targetHints":{"allow":["GET"]}}],"collection":[{"href":"https:\/\/semmelweis.hu\/aok\/wp-json\/wp\/v2\/pages"}],"about":[{"href":"https:\/\/semmelweis.hu\/aok\/wp-json\/wp\/v2\/types\/page"}],"author":[{"embeddable":true,"href":"https:\/\/semmelweis.hu\/aok\/wp-json\/wp\/v2\/users\/101542"}],"replies":[{"embeddable":true,"href":"https:\/\/semmelweis.hu\/aok\/wp-json\/wp\/v2\/comments?post=26215"}],"version-history":[{"count":10,"href":"https:\/\/semmelweis.hu\/aok\/wp-json\/wp\/v2\/pages\/26215\/revisions"}],"predecessor-version":[{"id":34100,"href":"https:\/\/semmelweis.hu\/aok\/wp-json\/wp\/v2\/pages\/26215\/revisions\/34100"}],"up":[{"embeddable":true,"href":"https:\/\/semmelweis.hu\/aok\/wp-json\/wp\/v2\/pages\/126"}],"wp:attachment":[{"href":"https:\/\/semmelweis.hu\/aok\/wp-json\/wp\/v2\/media?parent=26215"}],"wp:term":[{"taxonomy":"category","embeddable":true,"href":"https:\/\/semmelweis.hu\/aok\/wp-json\/wp\/v2\/categories?post=26215"},{"taxonomy":"post_tag","embeddable":true,"href":"https:\/\/semmelweis.hu\/aok\/wp-json\/wp\/v2\/tags?post=26215"}],"curies":[{"name":"wp","href":"https:\/\/api.w.org\/{rel}","templated":true}]}}