{"id":26172,"date":"2021-07-26T12:37:54","date_gmt":"2021-07-26T10:37:54","guid":{"rendered":"https:\/\/semmelweis.hu\/aok\/?page_id=26172"},"modified":"2021-07-26T12:37:54","modified_gmt":"2021-07-26T10:37:54","slug":"2021-majus-11-i-hatarozatok","status":"publish","type":"page","link":"https:\/\/semmelweis.hu\/aok\/a-karrol\/kari-tanacs\/a-kari-tanacs-hatarozatai\/2021-majus-11-i-hatarozatok\/","title":{"rendered":"2021. M\u00c1JUS 11-I HAT\u00c1ROZATOK"},"content":{"rendered":"<p style=\"text-align: justify\"><strong><a href=\"https:\/\/semmelweis.hu\/aok\/files\/2021\/06\/26_2021_igazgat\u00f3i.pdf\" target=\"_blank\" rel=\"noopener noreferrer\">26\/2021(2021. m\u00e1jus 11-i) sz\u00e1m\u00fa KT hat\u00e1rozat\u00a0<\/a><\/strong>a karon meghirdetett igazgat\u00f3i \u00e9s tansz\u00e9kvezet\u0151i \u00e1ll\u00e1sokra p\u00e1ly\u00e1z\u00f3kr\u00f3l<\/p>\n<p style=\"text-align: justify\"><strong><a href=\"https:\/\/semmelweis.hu\/aok\/files\/2021\/06\/27_a_hat\u00e1rozat_docensi.docx\" target=\"_blank\" rel=\"noopener noreferrer\">27\/a\/2021(2021. m\u00e1jus 11-i) sz\u00e1m\u00fa KT hat\u00e1rozat<\/a><\/strong> a karon meghirdetett egyetemi docensi \u00e1ll\u00e1sokra p\u00e1ly\u00e1z\u00f3kr\u00f3l<\/p>\n<p style=\"text-align: justify\"><strong><a href=\"https:\/\/semmelweis.hu\/aok\/files\/2021\/06\/27_b_2021_kutatoprofesszor-1.pdf\" target=\"_blank\" rel=\"noopener noreferrer\">27\/b\/2021(2021. m\u00e1jus 11-i) sz\u00e1m\u00fa KT hat\u00e1rozat<\/a> <\/strong>a karon meghirdetett kutat\u00f3professzori \u00e1ll\u00e1sokra p\u00e1ly\u00e1z\u00f3kr\u00f3l<\/p>\n<p style=\"text-align: justify\"><strong><a href=\"https:\/\/semmelweis.hu\/aok\/files\/2021\/06\/28_2021_professoremeritus.pdf\" target=\"_blank\" rel=\"noopener noreferrer\">28\/2021(2021. m\u00e1jus 11-i) sz\u00e1m\u00fa KT hat\u00e1rozat<\/a> <\/strong>a Professor Emeritus c\u00edm adom\u00e1nyoz\u00e1s\u00e1ra vonatkoz\u00f3 javaslatokr\u00f3l<\/p>\n<p style=\"text-align: justify\"><strong><a href=\"https:\/\/semmelweis.hu\/aok\/files\/2021\/06\/29_2021_jubileumidiszoklevel.pdf\" target=\"_blank\" rel=\"noopener noreferrer\">29\/2021(2021. m\u00e1jus 11-i) sz\u00e1m\u00fa KT hat\u00e1rozat<\/a> <\/strong>a jubileumi d\u00edszoklevelek adom\u00e1nyoz\u00e1s\u00e1r\u00f3l<\/p>\n<p style=\"text-align: justify\"><strong><a href=\"https:\/\/semmelweis.hu\/aok\/files\/2021\/06\/30_2021_ACHtantargyfelelos.pdf\" target=\"_blank\" rel=\"noopener noreferrer\">30\/2021(2021. m\u00e1jus 11-i) sz\u00e1m\u00fa KT hat\u00e1rozat<\/a> <\/strong>az Asklepios Campus Hamburgon meghirdetett tant\u00e1rgyfelel\u0151si p\u00e1ly\u00e1zatokr\u00f3l<\/p>\n<p style=\"text-align: justify\"><strong><a href=\"https:\/\/semmelweis.hu\/aok\/files\/2021\/06\/31_2021_hat_ACH_tantargyak.pdf\" target=\"_blank\" rel=\"noopener noreferrer\">31\/2021(2021. m\u00e1jus 11-i) sz\u00e1m\u00fa KT hat\u00e1rozat<\/a> <\/strong>az Asklepios Campus Hamburgon 2021\/2022. tan\u00e9vt\u0151l k\u00f6telez\u0151en v\u00e1laszthat\u00f3 t\u00e1rgyak bevezet\u00e9s\u00e9r\u0151l<\/p>\n<p style=\"text-align: justify\"><strong><a href=\"https:\/\/semmelweis.hu\/aok\/files\/2021\/06\/32_a_2021_oktatoosztaly.pdf\" target=\"_blank\" rel=\"noopener noreferrer\">32\/a\/2021(2021. m\u00e1jus 11-i) sz\u00e1m\u00fa KT hat\u00e1rozat<\/a><\/strong> az SE \u00c1OK Oktat\u00f3 Oszt\u00e1ly c\u00edm elnyer\u00e9s\u00e9re vonatkoz\u00f3 javaslatr\u00f3l<\/p>\n<p><strong><a href=\"https:\/\/semmelweis.hu\/aok\/files\/2021\/06\/32_b_2021_gyakorloosztaly.pdf\" target=\"_blank\" rel=\"noopener noreferrer\">32\/b\/2021(2021. m\u00e1jus 11-i) sz\u00e1m\u00fa KT hat\u00e1rozat<\/a><\/strong> az SE \u00c1OK Gyakorl\u00f3 Oszt\u00e1ly c\u00edm elnyer\u00e9s\u00e9re vonatkoz\u00f3 javaslatr\u00f3l<\/p>\n<p style=\"text-align: justify\"><strong><a href=\"https:\/\/semmelweis.hu\/aok\/files\/2021\/06\/33_2021_hat_kurrikulum.pdf\" target=\"_blank\" rel=\"noopener noreferrer\">33\/2021(2021. m\u00e1jus 11-i) sz\u00e1m\u00fa KT hat\u00e1rozat<\/a> <\/strong>a 2019\/2020-as tan\u00e9vt\u0151l bevezetett orvosk\u00e9pz\u00e9s kurrikulum\u00e1nak m\u00f3dos\u00edt\u00e1s\u00e1ra az \u00c1ltal\u00e1nos Orvostudom\u00e1nyi Karon<\/p>\n<p style=\"text-align: justify\"><strong><a href=\"https:\/\/semmelweis.hu\/aok\/files\/2021\/06\/34_2021_OMHVszabmodositas.pdf\" target=\"_blank\" rel=\"noopener noreferrer\">34\/2021(2021. m\u00e1jus 11-i) sz\u00e1m\u00fa KT hat\u00e1rozat<\/a> <\/strong>a kari Oktat\u00f3i Munka Hallgat\u00f3i V\u00e9lem\u00e9nyez\u00e9s\u00e9nek Rendje fel\u00fclvizsg\u00e1lat\u00e1r\u00f3l<\/p>\n","protected":false},"excerpt":{"rendered":"<p><a href=\"https:\/\/semmelweis.hu\/aok\/files\/2021\/06\/26_2021_igazgat\u00f3i.pdf\" target=\"_blank\" rel=\"noopener noreferrer\">26\/2021(2021. m\u00e1jus 11-i) sz\u00e1m\u00fa KT hat\u00e1rozat\u00a0<\/a> a karon meghirdetett igazgat\u00f3i \u00e9s tansz\u00e9kvezet\u0151i \u00e1ll\u00e1sokra p\u00e1ly\u00e1z\u00f3kr\u00f3l <a href=\"https:\/\/semmelweis.hu\/aok\/files\/2021\/06\/27_a_hat\u00e1rozat_docensi.docx\" target=\"_blank\" rel=\"noopener noreferrer\">27\/a\/2021(2021. m\u00e1jus 11-i) sz\u00e1m\u00fa KT hat\u00e1rozat<\/a> a karon meghirdetett egyetemi docensi \u00e1ll\u00e1sokra p\u00e1ly\u00e1z\u00f3kr\u00f3l <a href=\"https:\/\/semmelweis.hu\/aok\/files\/2021\/06\/27_b_2021_kutatoprofesszor-1.pdf\" target=\"_blank\" rel=\"noopener noreferrer\">27\/b\/2021(2021. m\u00e1jus 11-i) sz\u00e1m\u00fa KT hat\u00e1rozat<\/a> a karon meghirdetett kutat\u00f3professzori \u00e1ll\u00e1sokra p\u00e1ly\u00e1z\u00f3kr\u00f3l <a href=\"https:\/\/semmelweis.hu\/aok\/files\/2021\/06\/28_2021_professoremeritus.pdf\" target=\"_blank\" rel=\"noopener noreferrer\">28\/2021(2021. m\u00e1jus 11-i) sz\u00e1m\u00fa KT hat\u00e1rozat<\/a> a Professor Emeritus c\u00edm adom\u00e1nyoz\u00e1s\u00e1ra vonatkoz\u00f3 javaslatokr\u00f3l <a href=\"https:\/\/semmelweis.hu\/aok\/files\/2021\/06\/29_2021_jubileumidiszoklevel.pdf\" target=\"_blank\" rel=\"noopener noreferrer\">29\/2021(2021. m\u00e1jus 11-i) sz\u00e1m\u00fa KT hat\u00e1rozat<\/a> a jubileumi d\u00edszoklevelek adom\u00e1nyoz\u00e1s\u00e1r\u00f3l <a href=\"https:\/\/semmelweis.hu\/aok\/files\/2021\/06\/30_2021_ACHtantargyfelelos.pdf\" target=\"_blank\" rel=\"noopener noreferrer\">30\/2021(2021. m\u00e1jus 11-i) sz\u00e1m\u00fa KT hat\u00e1rozat<\/a> az Asklepios Campus Hamburgon meghirdetett tant\u00e1rgyfelel\u0151si p\u00e1ly\u00e1zatokr\u00f3l <a href=\"https:\/\/semmelweis.hu\/aok\/files\/2021\/06\/31_2021_hat_ACH_tantargyak.pdf\" target=\"_blank\" rel=\"noopener noreferrer\">31\/2021(2021. m\u00e1jus 11-i) sz\u00e1m\u00fa KT hat\u00e1rozat<\/a> az Asklepios Campus Hamburgon 2021\/2022. tan\u00e9vt\u0151l k\u00f6telez\u0151en v\u00e1laszthat\u00f3 t\u00e1rgyak bevezet\u00e9s\u00e9r\u0151l <a href=\"https:\/\/semmelweis.hu\/aok\/files\/2021\/06\/32_a_2021_oktatoosztaly.pdf\" target=\"_blank\" rel=\"noopener noreferrer\">32\/a\/2021(2021. m\u00e1jus 11-i) sz\u00e1m\u00fa KT hat\u00e1rozat<\/a> az SE \u00c1OK Oktat\u00f3 Oszt\u00e1ly c\u00edm &hellip;<\/p>\n","protected":false},"author":101136,"featured_media":0,"parent":1141,"menu_order":0,"comment_status":"closed","ping_status":"closed","template":"","meta":{"_acf_changed":false,"footnotes":""},"categories":[],"tags":[],"class_list":["post-26172","page","type-page","status-publish","hentry"],"acf":[],"publishpress_future_action":{"enabled":false,"date":"1970-01-01 01:00:00","action":"","terms":[],"taxonomy":"","browser_timezone_offset":0},"_links":{"self":[{"href":"https:\/\/semmelweis.hu\/aok\/wp-json\/wp\/v2\/pages\/26172","targetHints":{"allow":["GET"]}}],"collection":[{"href":"https:\/\/semmelweis.hu\/aok\/wp-json\/wp\/v2\/pages"}],"about":[{"href":"https:\/\/semmelweis.hu\/aok\/wp-json\/wp\/v2\/types\/page"}],"author":[{"embeddable":true,"href":"https:\/\/semmelweis.hu\/aok\/wp-json\/wp\/v2\/users\/101136"}],"replies":[{"embeddable":true,"href":"https:\/\/semmelweis.hu\/aok\/wp-json\/wp\/v2\/comments?post=26172"}],"version-history":[{"count":8,"href":"https:\/\/semmelweis.hu\/aok\/wp-json\/wp\/v2\/pages\/26172\/revisions"}],"predecessor-version":[{"id":26193,"href":"https:\/\/semmelweis.hu\/aok\/wp-json\/wp\/v2\/pages\/26172\/revisions\/26193"}],"up":[{"embeddable":true,"href":"https:\/\/semmelweis.hu\/aok\/wp-json\/wp\/v2\/pages\/1141"}],"wp:attachment":[{"href":"https:\/\/semmelweis.hu\/aok\/wp-json\/wp\/v2\/media?parent=26172"}],"wp:term":[{"taxonomy":"category","embeddable":true,"href":"https:\/\/semmelweis.hu\/aok\/wp-json\/wp\/v2\/categories?post=26172"},{"taxonomy":"post_tag","embeddable":true,"href":"https:\/\/semmelweis.hu\/aok\/wp-json\/wp\/v2\/tags?post=26172"}],"curies":[{"name":"wp","href":"https:\/\/api.w.org\/{rel}","templated":true}]}}