{"id":26163,"date":"2021-06-17T14:51:43","date_gmt":"2021-06-17T12:51:43","guid":{"rendered":"https:\/\/semmelweis.hu\/aok\/?page_id=26163"},"modified":"2021-06-17T14:51:43","modified_gmt":"2021-06-17T12:51:43","slug":"2021-aprilis13-i-hatarozatok","status":"publish","type":"page","link":"https:\/\/semmelweis.hu\/aok\/a-karrol\/kari-tanacs\/a-kari-tanacs-hatarozatai\/2021-aprilis13-i-hatarozatok\/","title":{"rendered":"2021. \u00c1PRILIS13-I HAT\u00c1ROZATOK"},"content":{"rendered":"<p><strong><a href=\"https:\/\/semmelweis.hu\/aok\/files\/2021\/06\/22_hatarozat_tansz\u00e9kvezet\u0151_helyettes.pdf\" target=\"_blank\" rel=\"noopener noreferrer\">22\/2021 (2021. \u00e1prilis 13-i) sz\u00e1m\u00fa KT hat\u00e1rozat<\/a> <\/strong>a karon meghirdetett tansz\u00e9kvezet\u0151-helyettesi \u00e1ll\u00e1sra p\u00e1ly\u00e1z\u00f3r\u00f3l<\/p>\n<p><strong><a href=\"https:\/\/semmelweis.hu\/aok\/files\/2021\/06\/23_hatarozat_ACH_tant\u00e1rgyfelel\u0151s.pdf\" target=\"_blank\" rel=\"noopener noreferrer\">23\/2021(2021. \u00e1prilis 13-i) sz\u00e1m\u00fa KT hat\u00e1rozat<\/a> <\/strong>az Asklepios Campus Hamburgon meghirdetett tant\u00e1rgyfelel\u0151si p\u00e1ly\u00e1zatokr\u00f3l<\/p>\n<p><strong><a href=\"https:\/\/semmelweis.hu\/aok\/files\/2021\/06\/24_hatarozat_z\u00e1r\u00f3vizsga_bizotts\u00e1g.pdf\" target=\"_blank\" rel=\"noopener noreferrer\">24\/2021(2021. \u00e1prilis 13-i) sz\u00e1m\u00fa KT hat\u00e1rozat<\/a> <\/strong>a 2021. \u00e9vi sz\u00f3beli z\u00e1r\u00f3vizsga-bizotts\u00e1gok eln\u00f6keire \u00e9s tagjaira vonatkoz\u00f3 javaslatr\u00f3l<\/p>\n<p><strong><a href=\"https:\/\/semmelweis.hu\/aok\/files\/2021\/06\/25_hatarozat_\u00f6nk\u00f6lts\u00e9g.pdf\" target=\"_blank\" rel=\"noopener noreferrer\">25\/2021 (2021. \u00e1prilis 13-i) sz\u00e1m\u00fa KT hat\u00e1rozat<\/a> <\/strong>a 2022\/2023-as tan\u00e9v hallgat\u00f3i \u00f6nk\u00f6lts\u00e9g (k\u00e9pz\u00e9si) d\u00edjt\u00e9tel\u00e9re vonatkoz\u00f3 javaslatr\u00f3l<\/p>\n<p>&nbsp;<\/p>\n","protected":false},"excerpt":{"rendered":"<p><a href=\"https:\/\/semmelweis.hu\/aok\/files\/2021\/06\/22_hatarozat_tansz\u00e9kvezet\u0151_helyettes.pdf\" target=\"_blank\" rel=\"noopener noreferrer\">22\/2021 (2021. \u00e1prilis 13-i) sz\u00e1m\u00fa KT hat\u00e1rozat<\/a> a karon meghirdetett tansz\u00e9kvezet\u0151-helyettesi \u00e1ll\u00e1sra p\u00e1ly\u00e1z\u00f3r\u00f3l<br \/>\n<a href=\"https:\/\/semmelweis.hu\/aok\/files\/2021\/06\/23_hatarozat_ACH_tant\u00e1rgyfelel\u0151s.pdf\" target=\"_blank\" rel=\"noopener noreferrer\">23\/2021(2021. \u00e1prilis 13-i) sz\u00e1m\u00fa KT hat\u00e1rozat<\/a> az Asklepios Campus Hamburgon meghirdetett tant\u00e1rgyfelel\u0151si p\u00e1ly\u00e1zatokr\u00f3l<br \/>\n<a href=\"https:\/\/semmelweis.hu\/aok\/files\/2021\/06\/24_hatarozat_z\u00e1r\u00f3vizsga_bizotts\u00e1g.pdf\" target=\"_blank\" rel=\"noopener noreferrer\">24\/2021(2021. \u00e1prilis 13-i) sz\u00e1m\u00fa KT hat\u00e1rozat<\/a> a 2021. \u00e9vi sz\u00f3beli z\u00e1r\u00f3vizsga-bizotts\u00e1gok eln\u00f6keire \u00e9s tagjaira vonatkoz\u00f3 javaslatr\u00f3l<br \/>\n<a href=\"https:\/\/semmelweis.hu\/aok\/files\/2021\/06\/25_hatarozat_\u00f6nk\u00f6lts\u00e9g.pdf\" target=\"_blank\" rel=\"noopener noreferrer\">25\/2021 (2021. \u00e1prilis 13-i) sz\u00e1m\u00fa KT hat\u00e1rozat<\/a> a 2022\/2023-as tan\u00e9v hallgat\u00f3i \u00f6nk\u00f6lts\u00e9g (k\u00e9pz\u00e9si) d\u00edjt\u00e9tel\u00e9re vonatkoz\u00f3 javaslatr\u00f3l<br \/>\n&nbsp;<\/p>\n","protected":false},"author":101136,"featured_media":0,"parent":1141,"menu_order":0,"comment_status":"closed","ping_status":"closed","template":"","meta":{"_acf_changed":false,"footnotes":""},"categories":[],"tags":[],"class_list":["post-26163","page","type-page","status-publish","hentry"],"acf":[],"publishpress_future_action":{"enabled":false,"date":"1970-01-01 01:00:00","action":"","terms":[],"taxonomy":"","browser_timezone_offset":0},"_links":{"self":[{"href":"https:\/\/semmelweis.hu\/aok\/wp-json\/wp\/v2\/pages\/26163","targetHints":{"allow":["GET"]}}],"collection":[{"href":"https:\/\/semmelweis.hu\/aok\/wp-json\/wp\/v2\/pages"}],"about":[{"href":"https:\/\/semmelweis.hu\/aok\/wp-json\/wp\/v2\/types\/page"}],"author":[{"embeddable":true,"href":"https:\/\/semmelweis.hu\/aok\/wp-json\/wp\/v2\/users\/101136"}],"replies":[{"embeddable":true,"href":"https:\/\/semmelweis.hu\/aok\/wp-json\/wp\/v2\/comments?post=26163"}],"version-history":[{"count":3,"href":"https:\/\/semmelweis.hu\/aok\/wp-json\/wp\/v2\/pages\/26163\/revisions"}],"predecessor-version":[{"id":26170,"href":"https:\/\/semmelweis.hu\/aok\/wp-json\/wp\/v2\/pages\/26163\/revisions\/26170"}],"up":[{"embeddable":true,"href":"https:\/\/semmelweis.hu\/aok\/wp-json\/wp\/v2\/pages\/1141"}],"wp:attachment":[{"href":"https:\/\/semmelweis.hu\/aok\/wp-json\/wp\/v2\/media?parent=26163"}],"wp:term":[{"taxonomy":"category","embeddable":true,"href":"https:\/\/semmelweis.hu\/aok\/wp-json\/wp\/v2\/categories?post=26163"},{"taxonomy":"post_tag","embeddable":true,"href":"https:\/\/semmelweis.hu\/aok\/wp-json\/wp\/v2\/tags?post=26163"}],"curies":[{"name":"wp","href":"https:\/\/api.w.org\/{rel}","templated":true}]}}

2021. ÁPRILIS13-I HATÁROZATOK

<p><strong><a href="https://semmelweis.hu/aok/files/2021/06/22_hatarozat_tanszékvezető_helyettes.pdf" target="_blank" rel="noopener noreferrer">22/2021 (2021. április 13-i) számú KT határozat</a> </strong>a karon meghirdetett tanszékvezető-helyettesi állásra pályázóról</p>
<p><strong><a href="https://semmelweis.hu/aok/files/2021/06/23_hatarozat_ACH_tantárgyfelelős.pdf" target="_blank" rel="noopener noreferrer">23/2021(2021. április 13-i) számú KT határozat</a> </strong>az Asklepios Campus Hamburgon meghirdetett tantárgyfelelősi pályázatokról</p>
<p><strong><a href="https://semmelweis.hu/aok/files/2021/06/24_hatarozat_záróvizsga_bizottság.pdf" target="_blank" rel="noopener noreferrer">24/2021(2021. április 13-i) számú KT határozat</a> </strong>a 2021. évi szóbeli záróvizsga-bizottságok elnökeire és tagjaira vonatkozó javaslatról</p>
<p><strong><a href="https://semmelweis.hu/aok/files/2021/06/25_hatarozat_önköltség.pdf" target="_blank" rel="noopener noreferrer">25/2021 (2021. április 13-i) számú KT határozat</a> </strong>a 2022/2023-as tanév hallgatói önköltség (képzési) díjtételére vonatkozó javaslatról</p>
<p>&nbsp;</p>

<p><a href="https://semmelweis.hu/aok/files/2021/06/22_hatarozat_tanszékvezető_helyettes.pdf" target="_blank" rel="noopener noreferrer">22/2021 (2021. április 13-i) számú KT határozat</a> a karon meghirdetett tanszékvezető-helyettesi állásra pályázóról<br />
<a href="https://semmelweis.hu/aok/files/2021/06/23_hatarozat_ACH_tantárgyfelelős.pdf" target="_blank" rel="noopener noreferrer">23/2021(2021. április 13-i) számú KT határozat</a> az Asklepios Campus Hamburgon meghirdetett tantárgyfelelősi pályázatokról<br />
<a href="https://semmelweis.hu/aok/files/2021/06/24_hatarozat_záróvizsga_bizottság.pdf" target="_blank" rel="noopener noreferrer">24/2021(2021. április 13-i) számú KT határozat</a> a 2021. évi szóbeli záróvizsga-bizottságok elnökeire és tagjaira vonatkozó javaslatról<br />
<a href="https://semmelweis.hu/aok/files/2021/06/25_hatarozat_önköltség.pdf" target="_blank" rel="noopener noreferrer">25/2021 (2021. április 13-i) számú KT határozat</a> a 2022/2023-as tanév hallgatói önköltség (képzési) díjtételére vonatkozó javaslatról<br />
&nbsp;</p>
