{"id":26149,"date":"2021-06-17T13:56:41","date_gmt":"2021-06-17T11:56:41","guid":{"rendered":"https:\/\/semmelweis.hu\/aok\/?page_id=26149"},"modified":"2021-06-17T13:56:58","modified_gmt":"2021-06-17T11:56:58","slug":"2021-junius-8-i-hatarozatok","status":"publish","type":"page","link":"https:\/\/semmelweis.hu\/aok\/a-karrol\/kari-tanacs\/a-kari-tanacs-hatarozatai\/2021-junius-8-i-hatarozatok\/","title":{"rendered":"2021. J\u00daNIUS 8-I HAT\u00c1ROZATOK"},"content":{"rendered":"<p style=\"text-align: justify\"><strong><a href=\"https:\/\/semmelweis.hu\/aok\/files\/2021\/06\/35_hatarozat_dhc.pdf\" target=\"_blank\" rel=\"noopener noreferrer\">35\/2021 (2021. j\u00fanius 8-i) sz\u00e1m\u00fa KT hat\u00e1rozat<\/a> <\/strong>a \u201eDoctor Honoris Causa\u201d kit\u00fcntet\u0151 c\u00edm adom\u00e1nyoz\u00e1s\u00e1ra vonatkoz\u00f3 javaslatr\u00f3l<\/p>\n<p style=\"text-align: justify\"><strong><a href=\"https:\/\/semmelweis.hu\/aok\/files\/2021\/06\/36_hatarozat_\u00e1llami_miniszteri_kit\u00fcntet\u00e9sek.pdf\" target=\"_blank\" rel=\"noopener noreferrer\">36\/2021 (2021. j\u00fanius 8-i) sz\u00e1m\u00fa KT hat\u00e1rozat<\/a> <\/strong>a 2022. \u00e9vi \u00e1llami \u00e9s miniszteri szint\u0171 kit\u00fcntet\u00e9sek adom\u00e1nyoz\u00e1s\u00e1r\u00f3l<\/p>\n<p style=\"text-align: justify\"><strong><a href=\"https:\/\/semmelweis.hu\/aok\/files\/2021\/06\/37_hatarozat_egyetemi_tan\u00e1ri.pdf\" target=\"_blank\" rel=\"noopener noreferrer\">37\/2021 (2021. j\u00fanius 8-i) sz\u00e1m\u00fa KT hat\u00e1rozat<\/a> <\/strong>a karon meghirdetett egyetemi tan\u00e1ri \u00e1ll\u00e1sra p\u00e1ly\u00e1z\u00f3r\u00f3l<\/p>\n<p style=\"text-align: justify\"><strong><a href=\"https:\/\/semmelweis.hu\/aok\/files\/2021\/06\/38_hatarozat_KSZMR.pdf\" target=\"_blank\" rel=\"noopener noreferrer\">38\/2021 (2021. j\u00fanius 8-i) sz\u00e1m\u00fa KT hat\u00e1rozat<\/a> <\/strong>a kari Szervezeti \u00e9s M\u0171k\u00f6d\u00e9si Rend m\u00f3dos\u00edt\u00e1s\u00e1r\u00f3l<\/p>\n<p style=\"text-align: justify\"><strong><a href=\"https:\/\/semmelweis.hu\/aok\/files\/2021\/06\/39_hatarozat_kurrikulum_mell\u00e9klettel.pdf\" target=\"_blank\" rel=\"noopener noreferrer\">39\/2021 (2021. j\u00fanius 8-i) sz\u00e1m\u00fa KT hat\u00e1rozat<\/a> <\/strong>a 2019\/2020-as tan\u00e9vt\u0151l bevezetett orvosk\u00e9pz\u00e9s kurrikulum\u00e1nak m\u00f3dos\u00edt\u00e1s\u00e1ra az \u00c1ltal\u00e1nos Orvostudom\u00e1nyi Karon<\/p>\n","protected":false},"excerpt":{"rendered":"<p><a href=\"https:\/\/semmelweis.hu\/aok\/files\/2021\/06\/35_hatarozat_dhc.pdf\" target=\"_blank\" rel=\"noopener noreferrer\">35\/2021 (2021. j\u00fanius 8-i) sz\u00e1m\u00fa KT hat\u00e1rozat<\/a> a \u201eDoctor Honoris Causa\u201d kit\u00fcntet\u0151 c\u00edm adom\u00e1nyoz\u00e1s\u00e1ra vonatkoz\u00f3 javaslatr\u00f3l<br \/>\n<a href=\"https:\/\/semmelweis.hu\/aok\/files\/2021\/06\/36_hatarozat_\u00e1llami_miniszteri_kit\u00fcntet\u00e9sek.pdf\" target=\"_blank\" rel=\"noopener noreferrer\">36\/2021 (2021. j\u00fanius 8-i) sz\u00e1m\u00fa KT hat\u00e1rozat<\/a> a 2022. \u00e9vi \u00e1llami \u00e9s miniszteri szint\u0171 kit\u00fcntet\u00e9sek adom\u00e1nyoz\u00e1s\u00e1r\u00f3l<br \/>\n<a href=\"https:\/\/semmelweis.hu\/aok\/files\/2021\/06\/37_hatarozat_egyetemi_tan\u00e1ri.pdf\" target=\"_blank\" rel=\"noopener noreferrer\">37\/2021 (2021. j\u00fanius 8-i) sz\u00e1m\u00fa KT hat\u00e1rozat<\/a> a karon meghirdetett egyetemi tan\u00e1ri \u00e1ll\u00e1sra p\u00e1ly\u00e1z\u00f3r\u00f3l<br \/>\n<a href=\"https:\/\/semmelweis.hu\/aok\/files\/2021\/06\/38_hatarozat_KSZMR.pdf\" target=\"_blank\" rel=\"noopener noreferrer\">38\/2021 (2021. j\u00fanius 8-i) sz\u00e1m\u00fa KT hat\u00e1rozat<\/a> a kari Szervezeti \u00e9s M\u0171k\u00f6d\u00e9si Rend m\u00f3dos\u00edt\u00e1s\u00e1r\u00f3l<br \/>\n<a href=\"https:\/\/semmelweis.hu\/aok\/files\/2021\/06\/39_hatarozat_kurrikulum_mell\u00e9klettel.pdf\" target=\"_blank\" rel=\"noopener noreferrer\">39\/2021 (2021. j\u00fanius 8-i) sz\u00e1m\u00fa KT hat\u00e1rozat<\/a> a 2019\/2020-as tan\u00e9vt\u0151l bevezetett orvosk\u00e9pz\u00e9s kurrikulum\u00e1nak m\u00f3dos\u00edt\u00e1s\u00e1ra az \u00c1ltal\u00e1nos Orvostudom\u00e1nyi Karon<\/p>\n","protected":false},"author":101136,"featured_media":0,"parent":1141,"menu_order":0,"comment_status":"closed","ping_status":"closed","template":"","meta":{"_acf_changed":false,"footnotes":""},"categories":[],"tags":[],"class_list":["post-26149","page","type-page","status-publish","hentry"],"acf":[],"publishpress_future_action":{"enabled":false,"date":"1970-01-01 01:00:00","action":"","terms":[],"taxonomy":"","browser_timezone_offset":0},"_links":{"self":[{"href":"https:\/\/semmelweis.hu\/aok\/wp-json\/wp\/v2\/pages\/26149","targetHints":{"allow":["GET"]}}],"collection":[{"href":"https:\/\/semmelweis.hu\/aok\/wp-json\/wp\/v2\/pages"}],"about":[{"href":"https:\/\/semmelweis.hu\/aok\/wp-json\/wp\/v2\/types\/page"}],"author":[{"embeddable":true,"href":"https:\/\/semmelweis.hu\/aok\/wp-json\/wp\/v2\/users\/101136"}],"replies":[{"embeddable":true,"href":"https:\/\/semmelweis.hu\/aok\/wp-json\/wp\/v2\/comments?post=26149"}],"version-history":[{"count":4,"href":"https:\/\/semmelweis.hu\/aok\/wp-json\/wp\/v2\/pages\/26149\/revisions"}],"predecessor-version":[{"id":26159,"href":"https:\/\/semmelweis.hu\/aok\/wp-json\/wp\/v2\/pages\/26149\/revisions\/26159"}],"up":[{"embeddable":true,"href":"https:\/\/semmelweis.hu\/aok\/wp-json\/wp\/v2\/pages\/1141"}],"wp:attachment":[{"href":"https:\/\/semmelweis.hu\/aok\/wp-json\/wp\/v2\/media?parent=26149"}],"wp:term":[{"taxonomy":"category","embeddable":true,"href":"https:\/\/semmelweis.hu\/aok\/wp-json\/wp\/v2\/categories?post=26149"},{"taxonomy":"post_tag","embeddable":true,"href":"https:\/\/semmelweis.hu\/aok\/wp-json\/wp\/v2\/tags?post=26149"}],"curies":[{"name":"wp","href":"https:\/\/api.w.org\/{rel}","templated":true}]}}

2021. JÚNIUS 8-I HATÁROZATOK

<p style="text-align: justify"><strong><a href="https://semmelweis.hu/aok/files/2021/06/35_hatarozat_dhc.pdf" target="_blank" rel="noopener noreferrer">35/2021 (2021. június 8-i) számú KT határozat</a> </strong>a „Doctor Honoris Causa” kitüntető cím adományozására vonatkozó javaslatról</p>
<p style="text-align: justify"><strong><a href="https://semmelweis.hu/aok/files/2021/06/36_hatarozat_állami_miniszteri_kitüntetések.pdf" target="_blank" rel="noopener noreferrer">36/2021 (2021. június 8-i) számú KT határozat</a> </strong>a 2022. évi állami és miniszteri szintű kitüntetések adományozásáról</p>
<p style="text-align: justify"><strong><a href="https://semmelweis.hu/aok/files/2021/06/37_hatarozat_egyetemi_tanári.pdf" target="_blank" rel="noopener noreferrer">37/2021 (2021. június 8-i) számú KT határozat</a> </strong>a karon meghirdetett egyetemi tanári állásra pályázóról</p>
<p style="text-align: justify"><strong><a href="https://semmelweis.hu/aok/files/2021/06/38_hatarozat_KSZMR.pdf" target="_blank" rel="noopener noreferrer">38/2021 (2021. június 8-i) számú KT határozat</a> </strong>a kari Szervezeti és Működési Rend módosításáról</p>
<p style="text-align: justify"><strong><a href="https://semmelweis.hu/aok/files/2021/06/39_hatarozat_kurrikulum_melléklettel.pdf" target="_blank" rel="noopener noreferrer">39/2021 (2021. június 8-i) számú KT határozat</a> </strong>a 2019/2020-as tanévtől bevezetett orvosképzés kurrikulumának módosítására az Általános Orvostudományi Karon</p>

<p><a href="https://semmelweis.hu/aok/files/2021/06/35_hatarozat_dhc.pdf" target="_blank" rel="noopener noreferrer">35/2021 (2021. június 8-i) számú KT határozat</a> a „Doctor Honoris Causa” kitüntető cím adományozására vonatkozó javaslatról<br />
<a href="https://semmelweis.hu/aok/files/2021/06/36_hatarozat_állami_miniszteri_kitüntetések.pdf" target="_blank" rel="noopener noreferrer">36/2021 (2021. június 8-i) számú KT határozat</a> a 2022. évi állami és miniszteri szintű kitüntetések adományozásáról<br />
<a href="https://semmelweis.hu/aok/files/2021/06/37_hatarozat_egyetemi_tanári.pdf" target="_blank" rel="noopener noreferrer">37/2021 (2021. június 8-i) számú KT határozat</a> a karon meghirdetett egyetemi tanári állásra pályázóról<br />
<a href="https://semmelweis.hu/aok/files/2021/06/38_hatarozat_KSZMR.pdf" target="_blank" rel="noopener noreferrer">38/2021 (2021. június 8-i) számú KT határozat</a> a kari Szervezeti és Működési Rend módosításáról<br />
<a href="https://semmelweis.hu/aok/files/2021/06/39_hatarozat_kurrikulum_melléklettel.pdf" target="_blank" rel="noopener noreferrer">39/2021 (2021. június 8-i) számú KT határozat</a> a 2019/2020-as tanévtől bevezetett orvosképzés kurrikulumának módosítására az Általános Orvostudományi Karon</p>
