{"id":22777,"date":"2019-09-10T12:15:32","date_gmt":"2019-09-10T10:15:32","guid":{"rendered":"http:\/\/semmelweis.hu\/aok\/?page_id=22777"},"modified":"2019-09-10T12:15:32","modified_gmt":"2019-09-10T10:15:32","slug":"2019-augusztus-22-i-hatarozatok","status":"publish","type":"page","link":"https:\/\/semmelweis.hu\/aok\/a-karrol\/kari-tanacs\/a-kari-tanacs-hatarozatai\/2019-augusztus-22-i-hatarozatok\/","title":{"rendered":"2019. AUGUSZTUS 22-I HAT\u00c1ROZATOK"},"content":{"rendered":"<p><strong><a href=\"https:\/\/semmelweis.hu\/aok\/files\/2019\/09\/67_2019_hatarozat_orvoskepzeskurrikuluma.pdf\" target=\"_blank\" rel=\"noopener noreferrer\">67\/2019 (2019. augusztus 22-i) sz\u00e1m\u00fa KT hat\u00e1rozat az orvosk\u00e9pz\u00e9s kurrikulum\u00e1nak korrekci\u00f3j\u00e1r\u00f3l, kieg\u00e9sz\u00edt\u00e9s\u00e9r\u0151l<\/a><\/strong><\/p>\n<p style=\"padding-left: 40px\"><strong><a href=\"https:\/\/semmelweis.hu\/aok\/files\/2019\/09\/67_hat_melleklet.pdf\" target=\"_blank\" rel=\"noopener noreferrer\">mell\u00e9klet<\/a><\/strong><\/p>\n<p><strong><a href=\"https:\/\/semmelweis.hu\/aok\/files\/2019\/09\/68_2019_hatarozat_magyarkurr.pdf\" target=\"_blank\" rel=\"noopener noreferrer\">68\/2019 (2019. augusztus 22-i) sz\u00e1m\u00fa KT hat\u00e1rozat a 2019\/2020-as tan\u00e9v kurrikulum\u00e1nak korrekci\u00f3j\u00e1r\u00f3l (magyar k\u00e9pz\u00e9s)<\/a><\/strong><\/p>\n<p style=\"padding-left: 40px\"><strong><a href=\"https:\/\/semmelweis.hu\/aok\/files\/2019\/09\/68_hat_melleklet.pdf\" target=\"_blank\" rel=\"noopener noreferrer\">mell\u00e9klet<\/a><\/strong><\/p>\n<p><strong><a href=\"https:\/\/semmelweis.hu\/aok\/files\/2019\/09\/69_a_2019_hatarozat_angolkurr.pdf\" target=\"_blank\" rel=\"noopener noreferrer\">69\/a\/2019 (2019. augusztus 22-i) sz\u00e1m\u00fa KT hat\u00e1rozat a 2019\/2020-as tan\u00e9v kurrikulum\u00e1nak korrekci\u00f3j\u00e1r\u00f3l (angol k\u00e9pz\u00e9s)<\/a><\/strong><\/p>\n<p style=\"padding-left: 40px\"><strong><a href=\"https:\/\/semmelweis.hu\/aok\/files\/2019\/09\/69_a_hat_melleklet.pdf\" target=\"_blank\" rel=\"noopener noreferrer\">mell\u00e9klet<\/a><\/strong><\/p>\n<p><strong><a href=\"https:\/\/semmelweis.hu\/aok\/files\/2019\/09\/69_b_2019_hatarozat_nemetkurr.pdf\" target=\"_blank\" rel=\"noopener noreferrer\">69\/b\/2019 (2019. augusztus 22-i) sz\u00e1m\u00fa KT hat\u00e1rozat a 2019\/2020-as tan\u00e9v kurrikulum\u00e1nak korrekci\u00f3j\u00e1r\u00f3l (n\u00e9met k\u00e9pz\u00e9s)<\/a><\/strong><\/p>\n<p style=\"padding-left: 40px\"><strong><a href=\"https:\/\/semmelweis.hu\/aok\/files\/2019\/09\/69_b_hat_melleklet1.pdf\" target=\"_blank\" rel=\"noopener noreferrer\">mell\u00e9klet1<\/a>\u00a0 \u00a0 \u00a0 \u00a0 \u00a0 \u00a0 <a href=\"https:\/\/semmelweis.hu\/aok\/files\/2019\/09\/69_b_hat_mell\u00e9klet2.pdf\" target=\"_blank\" rel=\"noopener noreferrer\">mell\u00e9klet2<\/a>\u00a0 \u00a0 \u00a0 \u00a0 \u00a0 \u00a0 <a href=\"https:\/\/semmelweis.hu\/aok\/files\/2019\/09\/69_b_hat_mell\u00e9klet3.pdf\" target=\"_blank\" rel=\"noopener noreferrer\">mell\u00e9klet3<\/a><\/strong><\/p>\n<p><strong><a href=\"https:\/\/semmelweis.hu\/aok\/files\/2019\/09\/70_2019_hatarozat_tantargyikovrendszer.pdf\" target=\"_blank\" rel=\"noopener noreferrer\">70\/2019 (2019. augusztus 22-i) sz\u00e1m\u00fa KT hat\u00e1rozat a 2019\/2020-as tan\u00e9v korrig\u00e1lt Tant\u00e1rgyi K\u00f6vetelm\u00e9nyrendszereir\u0151l<\/a><\/strong><\/p>\n<p style=\"padding-left: 40px\"><strong><a href=\"https:\/\/semmelweis.hu\/aok\/files\/2019\/08\/KT_K\u00d6VETELM\u00c9NYRENDSZEREK_\u00d6SSZES_JAV\u00cdT\u00c1SOKKAL_FEKETE-1.doc\" target=\"_blank\" rel=\"noopener noreferrer\">k\u00f6vetelm\u00e9nyrendszerek<\/a>\u00a0<\/strong><\/p>\n<p><strong><a href=\"https:\/\/semmelweis.hu\/aok\/files\/2019\/09\/72_2019_transzfuziologiai_tanszek.pdf\" target=\"_blank\" rel=\"noopener noreferrer\">72\/2019 (2019. augusztus 22-i) sz\u00e1m\u00fa KT hat\u00e1rozat Transzf\u00faziol\u00f3giai Tansz\u00e9k l\u00e9trehoz\u00e1s\u00e1r\u00f3l<\/a><\/strong><\/p>\n<p style=\"padding-left: 40px\"><strong><a href=\"https:\/\/semmelweis.hu\/aok\/files\/2019\/09\/transzfuziologia_tanszek_alairt_kari_eloterjesztes_2019.pdf\" target=\"_blank\" rel=\"noopener noreferrer\">mell\u00e9klet<\/a><\/strong><\/p>\n<p><strong><a href=\"https:\/\/semmelweis.hu\/aok\/files\/2019\/09\/73_2019_hatarozat_rehabilitacios_medicina_tanszek.pdf\" target=\"_blank\" rel=\"noopener noreferrer\">73\/2019 (2019. augusztus 22-i) sz\u00e1m\u00fa KT hat\u00e1rozat Rehabilit\u00e1ci\u00f3s Medicina Tansz\u00e9k l\u00e9trehoz\u00e1s\u00e1r\u00f3l<\/a><\/strong><\/p>\n<p style=\"padding-left: 40px\"><strong><a href=\"https:\/\/semmelweis.hu\/aok\/files\/2019\/09\/al\u00e1\u00edrt_kari_el\u0151terjeszt\u00e9s_rehabilit\u00e1ci\u00f3s_medicina_tansz\u00e9k.pdf\" target=\"_blank\" rel=\"noopener noreferrer\">mell\u00e9klet<\/a><\/strong><\/p>\n<p><strong><a href=\"https:\/\/semmelweis.hu\/aok\/files\/2019\/09\/74_2019_hatarozat_bioinformatika_tanszek.pdf\" target=\"_blank\" rel=\"noopener noreferrer\">74\/2019 (2019. augusztus 22-i) sz\u00e1m\u00fa KT hat\u00e1rozat Bioinformatikai Tansz\u00e9k l\u00e9trehoz\u00e1s\u00e1r\u00f3l<\/a><\/strong><\/p>\n<p style=\"padding-left: 40px\"><strong><a href=\"https:\/\/semmelweis.hu\/aok\/files\/2019\/09\/al\u00e1\u00edrt_el\u0151terjeszt\u00e9s_bioinformatika_tansz\u00e9k.pdf\" target=\"_blank\" rel=\"noopener noreferrer\">mell\u00e9klet<\/a><\/strong><\/p>\n<p style=\"text-align: justify\"><strong><a href=\"https:\/\/semmelweis.hu\/aok\/files\/2019\/09\/75_2019_hatarozat_transzlacios_medicina_intezet.pdf\" target=\"_blank\" rel=\"noopener noreferrer\">75\/2019 (2019. augusztus 22-i) sz\u00e1m\u00fa KT hat\u00e1rozat Transzl\u00e1ci\u00f3s Medicina Int\u00e9zet l\u00e9trehoz\u00e1s\u00e1r\u00f3l a K\u00f3r\u00e9lettani Int\u00e9zet, valamint a Klinikai K\u00eds\u00e9rleti Kutat\u00f3 Int\u00e9zet \u00f6sszevon\u00e1s\u00e1val<\/a><\/strong><\/p>\n<p style=\"padding-left: 40px\"><strong><a href=\"https:\/\/semmelweis.hu\/aok\/files\/2019\/09\/al\u00e1\u00edrt_KT_el\u0151terjeszt\u00e9s_transzl\u00e1ci\u00f3s_medicina_int\u00e9zet.pdf\" target=\"_blank\" rel=\"noopener noreferrer\">mell\u00e9klet<\/a><\/strong><\/p>\n<p style=\"text-align: justify\"><strong><a href=\"https:\/\/semmelweis.hu\/aok\/files\/2019\/09\/76_2019_hatarozat_orvosi_kepalkoto_klinika.pdf\" target=\"_blank\" rel=\"noopener noreferrer\">76\/2019 (2019. augusztus 22-i) sz\u00e1m\u00fa KT hat\u00e1rozat Orvosi K\u00e9palkot\u00f3 Klinika l\u00e9trehoz\u00e1s\u00e1r\u00f3l \u00e9s az oktat\u00e1si szervezeti egys\u00e9geinek kialak\u00edt\u00e1s\u00e1r\u00f3l\u00a0 (Radiol\u00f3gia Tansz\u00e9k, Nukle\u00e1ris Medicina Tansz\u00e9k, Neuroradiol\u00f3gia Tansz\u00e9k)<\/a><\/strong><\/p>\n<p style=\"padding-left: 40px\"><strong><a href=\"https:\/\/semmelweis.hu\/aok\/files\/2019\/09\/al\u00e1\u00edrt_kari_el\u0151terjeszt\u00e9s_orvosi_k\u00e9palkot\u00f3_klinika.pdf\" target=\"_blank\" rel=\"noopener noreferrer\">mell\u00e9klet<\/a><\/strong><\/p>\n<p><strong><a href=\"https:\/\/semmelweis.hu\/aok\/files\/2019\/09\/77_2019_hatarozat_intervencios_radiologiai_tanszek.pdf\" target=\"_blank\" rel=\"noopener noreferrer\">77\/2019 (2019. augusztus 22-i) sz\u00e1m\u00fa KT hat\u00e1rozat az Intervenci\u00f3s Radiol\u00f3giai Tansz\u00e9k l\u00e9trehoz\u00e1s\u00e1r\u00f3l a V\u00e1rosmajori Sz\u00edv- \u00e9s \u00c9rgy\u00f3gy\u00e1szati Klinik\u00e1n<\/a><\/strong><\/p>\n<p style=\"padding-left: 40px\"><a href=\"https:\/\/semmelweis.hu\/aok\/files\/2019\/09\/alairt_kari_eloterjesztes_intervencios_rad_tansz_2019.pdf\" target=\"_blank\" rel=\"noopener noreferrer\">mell\u00e9klet<\/a><\/p>\n<p><strong><a href=\"https:\/\/semmelweis.hu\/aok\/files\/2019\/09\/79_2019_hatarozat_ugyrendek.pdf\" target=\"_blank\" rel=\"noopener noreferrer\">79\/2019 (2019. augusztus 22-i) sz\u00e1m\u00fa KT hat\u00e1rozat a Szen\u00e1tus \u00e1ltal l\u00e9trehozott karon m\u0171k\u00f6d\u0151 \u00e1lland\u00f3 bizotts\u00e1gok \u00fcgyrendj\u00e9r\u0151l<\/a><\/strong><\/p>\n<p><strong><a href=\"https:\/\/semmelweis.hu\/aok\/files\/2019\/09\/79_hat_melleklet-1.pdf\" target=\"_blank\" rel=\"noopener noreferrer\">mell\u00e9klet1<\/a> \u00a0 \u00a0 \u00a0 \u00a0 \u00a0 \u00a0 <a href=\"https:\/\/semmelweis.hu\/aok\/files\/2019\/09\/79_hat_melleklet-2.pdf\" target=\"_blank\" rel=\"noopener noreferrer\">mell\u00e9klet2<\/a>\u00a0 \u00a0 \u00a0 \u00a0 \u00a0 \u00a0 \u00a0<a href=\"https:\/\/semmelweis.hu\/aok\/files\/2019\/09\/79_hat_melleklet-3.pdf\" target=\"_blank\" rel=\"noopener noreferrer\">mell\u00e9klet3<\/a><\/strong><\/p>\n<p><strong><a href=\"https:\/\/semmelweis.hu\/aok\/files\/2019\/09\/80_2019_hatarozat_idobeosztas_pontositasara.pdf\" target=\"_blank\" rel=\"noopener noreferrer\">80\/2019 (2019. augusztus 22-i) sz\u00e1m\u00fa KT hat\u00e1rozat 2019\/2020-as tan\u00e9v id\u0151beoszt\u00e1s\u00e1nak pontos\u00edt\u00e1s\u00e1ra vonatkoz\u00f3 javaslatr\u00f3l<\/a><\/strong><\/p>\n<p style=\"padding-left: 40px\"><strong><a href=\"https:\/\/semmelweis.hu\/aok\/files\/2019\/09\/80__hat_melleklet.pdf\" target=\"_blank\" rel=\"noopener noreferrer\">mell\u00e9klet<\/a><\/strong><\/p>\n<p><strong><a href=\"https:\/\/semmelweis.hu\/aok\/files\/2019\/09\/81_2019_hatarozat_gyakorloosztaly.pdf\" target=\"_blank\" rel=\"noopener noreferrer\">81\/2019 (2019. augusztus 22-i) sz\u00e1m\u00fa KT hat\u00e1rozat a \u201eSE \u00c1OK Gyakorl\u00f3 Oszt\u00e1ly\u201d c\u00edm elnyer\u00e9s\u00e9re vonatkoz\u00f3 javaslatr\u00f3l<\/a><\/strong><\/p>\n","protected":false},"excerpt":{"rendered":"<p><a href=\"https:\/\/semmelweis.hu\/aok\/files\/2019\/09\/67_2019_hatarozat_orvoskepzeskurrikuluma.pdf\" target=\"_blank\" rel=\"noopener noreferrer\">67\/2019 (2019. augusztus 22-i) sz\u00e1m\u00fa KT hat\u00e1rozat az orvosk\u00e9pz\u00e9s kurrikulum\u00e1nak korrekci\u00f3j\u00e1r\u00f3l, kieg\u00e9sz\u00edt\u00e9s\u00e9r\u0151l<\/a> <a href=\"https:\/\/semmelweis.hu\/aok\/files\/2019\/09\/67_hat_melleklet.pdf\" target=\"_blank\" rel=\"noopener noreferrer\">mell\u00e9klet<\/a> <a href=\"https:\/\/semmelweis.hu\/aok\/files\/2019\/09\/68_2019_hatarozat_magyarkurr.pdf\" target=\"_blank\" rel=\"noopener noreferrer\">68\/2019 (2019. augusztus 22-i) sz\u00e1m\u00fa KT hat\u00e1rozat a 2019\/2020-as tan\u00e9v kurrikulum\u00e1nak korrekci\u00f3j\u00e1r\u00f3l (magyar k\u00e9pz\u00e9s)<\/a> <a href=\"https:\/\/semmelweis.hu\/aok\/files\/2019\/09\/68_hat_melleklet.pdf\" target=\"_blank\" rel=\"noopener noreferrer\">mell\u00e9klet<\/a> <a href=\"https:\/\/semmelweis.hu\/aok\/files\/2019\/09\/69_a_2019_hatarozat_angolkurr.pdf\" target=\"_blank\" rel=\"noopener noreferrer\">69\/a\/2019 (2019. augusztus 22-i) sz\u00e1m\u00fa KT hat\u00e1rozat a 2019\/2020-as tan\u00e9v kurrikulum\u00e1nak korrekci\u00f3j\u00e1r\u00f3l (angol k\u00e9pz\u00e9s)<\/a> <a href=\"https:\/\/semmelweis.hu\/aok\/files\/2019\/09\/69_a_hat_melleklet.pdf\" target=\"_blank\" rel=\"noopener noreferrer\">mell\u00e9klet<\/a> <a href=\"https:\/\/semmelweis.hu\/aok\/files\/2019\/09\/69_b_2019_hatarozat_nemetkurr.pdf\" target=\"_blank\" rel=\"noopener noreferrer\">69\/b\/2019 (2019. augusztus 22-i) sz\u00e1m\u00fa KT hat\u00e1rozat a 2019\/2020-as tan\u00e9v kurrikulum\u00e1nak korrekci\u00f3j\u00e1r\u00f3l (n\u00e9met k\u00e9pz\u00e9s)<\/a> <a href=\"https:\/\/semmelweis.hu\/aok\/files\/2019\/09\/69_b_hat_melleklet1.pdf\" target=\"_blank\" rel=\"noopener noreferrer\">mell\u00e9klet1<\/a> \u00a0 \u00a0 \u00a0 \u00a0 \u00a0 \u00a0 <a href=\"https:\/\/semmelweis.hu\/aok\/files\/2019\/09\/69_b_hat_mell\u00e9klet2.pdf\" target=\"_blank\" rel=\"noopener noreferrer\">mell\u00e9klet2<\/a> \u00a0 \u00a0 \u00a0 \u00a0 \u00a0 \u00a0 <a href=\"https:\/\/semmelweis.hu\/aok\/files\/2019\/09\/69_b_hat_mell\u00e9klet3.pdf\" target=\"_blank\" rel=\"noopener noreferrer\">mell\u00e9klet3<\/a> <a href=\"https:\/\/semmelweis.hu\/aok\/files\/2019\/09\/70_2019_hatarozat_tantargyikovrendszer.pdf\" target=\"_blank\" rel=\"noopener noreferrer\">70\/2019 (2019. augusztus 22-i) sz\u00e1m\u00fa KT hat\u00e1rozat a 2019\/2020-as tan\u00e9v korrig\u00e1lt Tant\u00e1rgyi K\u00f6vetelm\u00e9nyrendszereir\u0151l<\/a> <a href=\"https:\/\/semmelweis.hu\/aok\/files\/2019\/08\/KT_K\u00d6VETELM\u00c9NYRENDSZEREK_\u00d6SSZES_JAV\u00cdT\u00c1SOKKAL_FEKETE-1.doc\" target=\"_blank\" rel=\"noopener noreferrer\">k\u00f6vetelm\u00e9nyrendszerek<\/a> \u00a0 <a href=\"https:\/\/semmelweis.hu\/aok\/files\/2019\/09\/72_2019_transzfuziologiai_tanszek.pdf\" target=\"_blank\" rel=\"noopener noreferrer\">72\/2019 (2019. augusztus 22-i) sz\u00e1m\u00fa KT hat\u00e1rozat Transzf\u00faziol\u00f3giai Tansz\u00e9k l\u00e9trehoz\u00e1s\u00e1r\u00f3l<\/a> <a href=\"https:\/\/semmelweis.hu\/aok\/files\/2019\/09\/transzfuziologia_tanszek_alairt_kari_eloterjesztes_2019.pdf\" target=\"_blank\" rel=\"noopener noreferrer\">mell\u00e9klet<\/a> <a href=\"https:\/\/semmelweis.hu\/aok\/files\/2019\/09\/73_2019_hatarozat_rehabilitacios_medicina_tanszek.pdf\" target=\"_blank\" rel=\"noopener noreferrer\">73\/2019 (2019. augusztus 22-i) sz\u00e1m\u00fa KT hat\u00e1rozat Rehabilit\u00e1ci\u00f3s Medicina Tansz\u00e9k l\u00e9trehoz\u00e1s\u00e1r\u00f3l<\/a> <a href=\"https:\/\/semmelweis.hu\/aok\/files\/2019\/09\/al\u00e1\u00edrt_kari_el\u0151terjeszt\u00e9s_rehabilit\u00e1ci\u00f3s_medicina_tansz\u00e9k.pdf\" target=\"_blank\" rel=\"noopener noreferrer\">mell\u00e9klet<\/a> <a href=\"https:\/\/semmelweis.hu\/aok\/files\/2019\/09\/74_2019_hatarozat_bioinformatika_tanszek.pdf\" target=\"_blank\" rel=\"noopener noreferrer\">74\/2019 (2019. augusztus 22-i) sz\u00e1m\u00fa KT hat\u00e1rozat Bioinformatikai Tansz\u00e9k l\u00e9trehoz\u00e1s\u00e1r\u00f3l<\/a> <a href=\"https:\/\/semmelweis.hu\/aok\/files\/2019\/09\/al\u00e1\u00edrt_el\u0151terjeszt\u00e9s_bioinformatika_tansz\u00e9k.pdf\" target=\"_blank\" rel=\"noopener noreferrer\">mell\u00e9klet<\/a> <a href=\"https:\/\/semmelweis.hu\/aok\/files\/2019\/09\/75_2019_hatarozat_transzlacios_medicina_intezet.pdf\" target=\"_blank\" rel=\"noopener noreferrer\">75\/2019 (2019. augusztus 22-i) sz\u00e1m\u00fa KT hat\u00e1rozat Transzl\u00e1ci\u00f3s Medicina Int\u00e9zet l\u00e9trehoz\u00e1s\u00e1r\u00f3l a K\u00f3r\u00e9lettani Int\u00e9zet, valamint a Klinikai K\u00eds\u00e9rleti Kutat\u00f3 Int\u00e9zet \u00f6sszevon\u00e1s\u00e1val<\/a> <a href=\"https:\/\/semmelweis.hu\/aok\/files\/2019\/09\/al\u00e1\u00edrt_KT_el\u0151terjeszt\u00e9s_transzl\u00e1ci\u00f3s_medicina_int\u00e9zet.pdf\" target=\"_blank\" rel=\"noopener noreferrer\">mell\u00e9klet<\/a> <a href=\"https:\/\/semmelweis.hu\/aok\/files\/2019\/09\/76_2019_hatarozat_orvosi_kepalkoto_klinika.pdf\" target=\"_blank\" rel=\"noopener noreferrer\">76\/2019 (2019. augusztus 22-i) sz\u00e1m\u00fa KT hat\u00e1rozat Orvosi K\u00e9palkot\u00f3 Klinika l\u00e9trehoz\u00e1s\u00e1r\u00f3l \u00e9s az oktat\u00e1si szervezeti egys\u00e9geinek kialak\u00edt\u00e1s\u00e1r\u00f3l\u00a0 (Radiol\u00f3gia Tansz\u00e9k, Nukle\u00e1ris Medicina Tansz\u00e9k, Neuroradiol\u00f3gia Tansz\u00e9k)<\/a> <a href=\"https:\/\/semmelweis.hu\/aok\/files\/2019\/09\/al\u00e1\u00edrt_kari_el\u0151terjeszt\u00e9s_orvosi_k\u00e9palkot\u00f3_klinika.pdf\" target=\"_blank\" rel=\"noopener noreferrer\">mell\u00e9klet<\/a> <a href=\"https:\/\/semmelweis.hu\/aok\/files\/2019\/09\/77_2019_hatarozat_intervencios_radiologiai_tanszek.pdf\" target=\"_blank\" rel=\"noopener noreferrer\">77\/2019 (2019. augusztus 22-i) sz\u00e1m\u00fa KT hat\u00e1rozat az Intervenci\u00f3s Radiol\u00f3giai Tansz\u00e9k l\u00e9trehoz\u00e1s\u00e1r\u00f3l a V\u00e1rosmajori Sz\u00edv- \u00e9s \u00c9rgy\u00f3gy\u00e1szati Klinik\u00e1n<\/a> <a href=\"https:\/\/semmelweis.hu\/aok\/files\/2019\/09\/alairt_kari_eloterjesztes_intervencios_rad_tansz_2019.pdf\" target=\"_blank\" rel=\"noopener noreferrer\">mell\u00e9klet<\/a> <a href=\"https:\/\/semmelweis.hu\/aok\/files\/2019\/09\/79_2019_hatarozat_ugyrendek.pdf\" target=\"_blank\" rel=\"noopener noreferrer\">79\/2019 (2019. augusztus 22-i) sz\u00e1m\u00fa KT hat\u00e1rozat a Szen\u00e1tus \u00e1ltal l\u00e9trehozott karon m\u0171k\u00f6d\u0151 \u00e1lland\u00f3 bizotts\u00e1gok \u00fcgyrendj\u00e9r\u0151l<\/a> <a href=\"https:\/\/semmelweis.hu\/aok\/files\/2019\/09\/79_hat_melleklet-1.pdf\" target=\"_blank\" rel=\"noopener noreferrer\">mell\u00e9klet1<\/a> \u00a0 \u00a0 \u00a0 \u00a0 \u00a0 \u00a0 <a href=\"https:\/\/semmelweis.hu\/aok\/files\/2019\/09\/79_hat_melleklet-2.pdf\" target=\"_blank\" rel=\"noopener noreferrer\">mell\u00e9klet2<\/a> \u00a0 \u00a0 \u00a0 \u00a0 \u00a0 \u00a0 \u00a0 <a href=\"https:\/\/semmelweis.hu\/aok\/files\/2019\/09\/79_hat_melleklet-3.pdf\" target=\"_blank\" rel=\"noopener noreferrer\">mell\u00e9klet3<\/a> <a href=\"https:\/\/semmelweis.hu\/aok\/files\/2019\/09\/80_2019_hatarozat_idobeosztas_pontositasara.pdf\" target=\"_blank\" rel=\"noopener noreferrer\">80\/2019 (2019. augusztus 22-i) sz\u00e1m\u00fa KT hat\u00e1rozat 2019\/2020-as tan\u00e9v id\u0151beoszt\u00e1s\u00e1nak pontos\u00edt\u00e1s\u00e1ra vonatkoz\u00f3 javaslatr\u00f3l<\/a> <a href=\"https:\/\/semmelweis.hu\/aok\/files\/2019\/09\/80__hat_melleklet.pdf\" target=\"_blank\" rel=\"noopener noreferrer\">mell\u00e9klet<\/a> &hellip;<\/p>\n","protected":false},"author":101136,"featured_media":0,"parent":1141,"menu_order":0,"comment_status":"closed","ping_status":"closed","template":"","meta":{"_acf_changed":false,"footnotes":""},"categories":[],"tags":[],"class_list":["post-22777","page","type-page","status-publish","hentry"],"acf":[],"publishpress_future_action":{"enabled":false,"date":"1970-01-01 01:00:00","action":"","terms":[],"taxonomy":"","browser_timezone_offset":0},"_links":{"self":[{"href":"https:\/\/semmelweis.hu\/aok\/wp-json\/wp\/v2\/pages\/22777","targetHints":{"allow":["GET"]}}],"collection":[{"href":"https:\/\/semmelweis.hu\/aok\/wp-json\/wp\/v2\/pages"}],"about":[{"href":"https:\/\/semmelweis.hu\/aok\/wp-json\/wp\/v2\/types\/page"}],"author":[{"embeddable":true,"href":"https:\/\/semmelweis.hu\/aok\/wp-json\/wp\/v2\/users\/101136"}],"replies":[{"embeddable":true,"href":"https:\/\/semmelweis.hu\/aok\/wp-json\/wp\/v2\/comments?post=22777"}],"version-history":[{"count":8,"href":"https:\/\/semmelweis.hu\/aok\/wp-json\/wp\/v2\/pages\/22777\/revisions"}],"predecessor-version":[{"id":22815,"href":"https:\/\/semmelweis.hu\/aok\/wp-json\/wp\/v2\/pages\/22777\/revisions\/22815"}],"up":[{"embeddable":true,"href":"https:\/\/semmelweis.hu\/aok\/wp-json\/wp\/v2\/pages\/1141"}],"wp:attachment":[{"href":"https:\/\/semmelweis.hu\/aok\/wp-json\/wp\/v2\/media?parent=22777"}],"wp:term":[{"taxonomy":"category","embeddable":true,"href":"https:\/\/semmelweis.hu\/aok\/wp-json\/wp\/v2\/categories?post=22777"},{"taxonomy":"post_tag","embeddable":true,"href":"https:\/\/semmelweis.hu\/aok\/wp-json\/wp\/v2\/tags?post=22777"}],"curies":[{"name":"wp","href":"https:\/\/api.w.org\/{rel}","templated":true}]}}