{"id":22090,"date":"2019-05-16T15:37:25","date_gmt":"2019-05-16T13:37:25","guid":{"rendered":"http:\/\/semmelweis.hu\/aok\/?page_id=22090"},"modified":"2019-05-16T15:37:25","modified_gmt":"2019-05-16T13:37:25","slug":"2019-majus-14-i-hatarozatok","status":"publish","type":"page","link":"https:\/\/semmelweis.hu\/aok\/a-karrol\/kari-tanacs\/a-kari-tanacs-hatarozatai\/2019-majus-14-i-hatarozatok\/","title":{"rendered":"2019. M\u00c1JUS 14-I HAT\u00c1ROZATOK"},"content":{"rendered":"<p><a href=\"https:\/\/semmelweis.hu\/aok\/files\/2019\/05\/39_kt_hat_2019_sportorvostantansz\u00e9k.pdf\" target=\"_blank\" rel=\"noopener noreferrer\">39\/2019 (2019. m\u00e1jus 14-i) sz\u00e1m\u00fa KT hat\u00e1rozat a V\u00e1rosmajori Sz\u00edv- \u00e9s \u00c9rgy\u00f3gy\u00e1szati Klinik\u00e1n Sprotorvostan Tansz\u00e9k l\u00e9trehoz\u00e1s\u00e1r\u00f3l<\/a><\/p>\n<p style=\"padding-left: 40px\"><a href=\"https:\/\/semmelweis.hu\/aok\/files\/2019\/05\/39_mell-1.pdf\" target=\"_blank\" rel=\"noopener noreferrer\">mell\u00e9klet 1.<\/a> \u00a0 \u00a0 \u00a0 <a href=\"https:\/\/semmelweis.hu\/aok\/files\/2019\/05\/39_mell-2.pdf\" target=\"_blank\" rel=\"noopener noreferrer\">mell\u00e9klet 2.<\/a> \u00a0 \u00a0 \u00a0 <a href=\"https:\/\/semmelweis.hu\/aok\/files\/2019\/05\/39_mell-3.pdf\" target=\"_blank\" rel=\"noopener noreferrer\">mell\u00e9klet 3.<\/a><\/p>\n<p><a href=\"https:\/\/semmelweis.hu\/aok\/files\/2019\/05\/44_kt_hat_2019_tanevbeosztas.pdf\" target=\"_blank\" rel=\"noopener noreferrer\">44\/2019 (2019. m\u00e1jus 14-i) sz\u00e1m\u00fa KT hat\u00e1rozat a 2019\/2020-as tan\u00e9v id\u0151beoszt\u00e1s\u00e1ra vonatkoz\u00f3 javaslatr\u00f3l<\/a><\/p>\n<p><a href=\"https:\/\/semmelweis.hu\/aok\/files\/2019\/05\/45_kt_hat_2019_valaszthatotargyak.pdf\" target=\"_blank\" rel=\"noopener noreferrer\">45\/2019 (2019. m\u00e1jus 14-i) sz\u00e1m\u00fa KT hat\u00e1rozat a szabadon \u00e9s k\u00f6telez\u0151en v\u00e1laszthat\u00f3 t\u00e1rgyak meghirdet\u00e9s\u00e9re vonatkoz\u00f3 javaslatr\u00f3l<\/a><\/p>\n<p><a href=\"https:\/\/semmelweis.hu\/aok\/files\/2019\/05\/46_kt_hat_2019_valaszhatotargyak_ach.pdf\" target=\"_blank\" rel=\"noopener noreferrer\">46\/2019 (2019. m\u00e1jus 14-i) sz\u00e1m\u00fa KT hat\u00e1rozat az Asklepios Campus Hamburgon szabadon v\u00e1laszthat\u00f3 t\u00e1rgyak meghirdet\u00e9s\u00e9re vonatkoz\u00f3 javaslatr\u00f3l<\/a><\/p>\n<p><a href=\"https:\/\/semmelweis.hu\/aok\/files\/2019\/05\/47_kt_hat_2019_kmszr.pdf\" target=\"_blank\" rel=\"noopener noreferrer\">47\/2019 (2019. m\u00e1jus 14-i) sz\u00e1m\u00fa KT hat\u00e1rozat a Kari Szervezeti \u00e9s M\u0171k\u00f6d\u00e9si Rend m\u00f3dos\u00edt\u00e1s\u00e1ra vonatkoz\u00f3 javaslatr\u00f3l<\/a><\/p>\n<p><a href=\"https:\/\/semmelweis.hu\/aok\/files\/2019\/05\/48_kt_hat_2019_manualismedicina.pdf\" target=\"_blank\" rel=\"noopener noreferrer\">48\/2019 (2019. m\u00e1jus 14-i) sz\u00e1m\u00fa KT hat\u00e1rozat a manu\u00e1lis medicina tanfolyam akkredit\u00e1l\u00e1s\u00e1nak meghosszabb\u00edt\u00e1s\u00e1r\u00f3l<\/a><\/p>\n<p><a href=\"https:\/\/semmelweis.hu\/aok\/files\/2019\/05\/49_kt_hat_2019_oktatoosztalyelnyerese.pdf\" target=\"_blank\" rel=\"noopener noreferrer\">49\/2019 (2019. m\u00e1jus 14-i) sz\u00e1m\u00fa KT hat\u00e1rozat az &#8222;SE \u00c1OK Oktat\u00f3 Oszt\u00e1ly&#8221; c\u00edm elnyer\u00e9s\u00e9r\u0151l<\/a><\/p>\n<p><a href=\"https:\/\/semmelweis.hu\/aok\/files\/2019\/05\/50_kt_hat_2019_oktatoosztalyhosszabbitas.pdf\" target=\"_blank\" rel=\"noopener noreferrer\">50\/2019 (2019. m\u00e1jus 14-i) sz\u00e1m\u00fa KT hat\u00e1rozat az &#8222;SE \u00c1OK Oktat\u00f3 Oszt\u00e1ly&#8221; c\u00edm meghosszabb\u00edt\u00e1s\u00e1r\u00f3l<\/a><\/p>\n<p style=\"padding-left: 40px\">\u00a0<\/p>\n<p>&nbsp;<\/p>\n<p>&nbsp;<\/p>\n<p>&nbsp;<\/p>\n<p>&nbsp;<\/p>\n<p>&nbsp;<\/p>\n<p>&nbsp;<\/p>\n","protected":false},"excerpt":{"rendered":"<p><a href=\"https:\/\/semmelweis.hu\/aok\/files\/2019\/05\/39_kt_hat_2019_sportorvostantansz\u00e9k.pdf\" target=\"_blank\" rel=\"noopener noreferrer\">39\/2019 (2019. m\u00e1jus 14-i) sz\u00e1m\u00fa KT hat\u00e1rozat a V\u00e1rosmajori Sz\u00edv- \u00e9s \u00c9rgy\u00f3gy\u00e1szati Klinik\u00e1n Sprotorvostan Tansz\u00e9k l\u00e9trehoz\u00e1s\u00e1r\u00f3l<\/a><br \/>\n<a href=\"https:\/\/semmelweis.hu\/aok\/files\/2019\/05\/39_mell-1.pdf\" target=\"_blank\" rel=\"noopener noreferrer\">mell\u00e9klet 1.<\/a> \u00a0 \u00a0 \u00a0 <a href=\"https:\/\/semmelweis.hu\/aok\/files\/2019\/05\/39_mell-2.pdf\" target=\"_blank\" rel=\"noopener noreferrer\">mell\u00e9klet 2.<\/a> \u00a0 \u00a0 \u00a0 <a href=\"https:\/\/semmelweis.hu\/aok\/files\/2019\/05\/39_mell-3.pdf\" target=\"_blank\" rel=\"noopener noreferrer\">mell\u00e9klet 3.<\/a><br \/>\n<a href=\"https:\/\/semmelweis.hu\/aok\/files\/2019\/05\/44_kt_hat_2019_tanevbeosztas.pdf\" target=\"_blank\" rel=\"noopener noreferrer\">44\/2019 (2019. m\u00e1jus 14-i) sz\u00e1m\u00fa KT hat\u00e1rozat a 2019\/2020-as tan\u00e9v id\u0151beoszt\u00e1s\u00e1ra vonatkoz\u00f3 javaslatr\u00f3l<\/a><br \/>\n<a href=\"https:\/\/semmelweis.hu\/aok\/files\/2019\/05\/45_kt_hat_2019_valaszthatotargyak.pdf\" target=\"_blank\" rel=\"noopener noreferrer\">45\/2019 (2019. m\u00e1jus 14-i) sz\u00e1m\u00fa KT hat\u00e1rozat a szabadon \u00e9s k\u00f6telez\u0151en v\u00e1laszthat\u00f3 t\u00e1rgyak meghirdet\u00e9s\u00e9re vonatkoz\u00f3 javaslatr\u00f3l<\/a><br \/>\n<a href=\"https:\/\/semmelweis.hu\/aok\/files\/2019\/05\/46_kt_hat_2019_valaszhatotargyak_ach.pdf\" target=\"_blank\" rel=\"noopener noreferrer\">46\/2019 (2019. m\u00e1jus 14-i) sz\u00e1m\u00fa KT hat\u00e1rozat az Asklepios Campus Hamburgon szabadon v\u00e1laszthat\u00f3 t\u00e1rgyak meghirdet\u00e9s\u00e9re vonatkoz\u00f3 javaslatr\u00f3l<\/a><br \/>\n<a href=\"https:\/\/semmelweis.hu\/aok\/files\/2019\/05\/47_kt_hat_2019_kmszr.pdf\" target=\"_blank\" rel=\"noopener noreferrer\">47\/2019 (2019. m\u00e1jus 14-i) sz\u00e1m\u00fa KT hat\u00e1rozat a Kari Szervezeti \u00e9s M\u0171k\u00f6d\u00e9si Rend m\u00f3dos\u00edt\u00e1s\u00e1ra vonatkoz\u00f3 javaslatr\u00f3l<\/a><br \/>\n<a href=\"https:\/\/semmelweis.hu\/aok\/files\/2019\/05\/48_kt_hat_2019_manualismedicina.pdf\" target=\"_blank\" rel=\"noopener noreferrer\">48\/2019 (2019. m\u00e1jus 14-i) sz\u00e1m\u00fa KT hat\u00e1rozat a manu\u00e1lis medicina tanfolyam akkredit\u00e1l\u00e1s\u00e1nak meghosszabb\u00edt\u00e1s\u00e1r\u00f3l<\/a><br \/>\n<a href=\"https:\/\/semmelweis.hu\/aok\/files\/2019\/05\/49_kt_hat_2019_oktatoosztalyelnyerese.pdf\" target=\"_blank\" rel=\"noopener noreferrer\">49\/2019 (2019. m\u00e1jus 14-i) sz\u00e1m\u00fa KT hat\u00e1rozat az &#8222;SE \u00c1OK Oktat\u00f3 Oszt\u00e1ly&#8221; c\u00edm elnyer\u00e9s\u00e9r\u0151l<\/a><br \/>\n<a href=\"https:\/\/semmelweis.hu\/aok\/files\/2019\/05\/50_kt_hat_2019_oktatoosztalyhosszabbitas.pdf\" target=\"_blank\" rel=\"noopener noreferrer\">50\/2019 (2019. m\u00e1jus 14-i) sz\u00e1m\u00fa KT hat\u00e1rozat az &#8222;SE \u00c1OK Oktat\u00f3 Oszt\u00e1ly&#8221; c\u00edm meghosszabb\u00edt\u00e1s\u00e1r\u00f3l<\/a><br \/>\n\u00a0<br \/>\n&nbsp;<br \/>\n&nbsp;<br \/>\n&nbsp;<br \/>\n&nbsp;<br \/>\n&nbsp;<br \/>\n&nbsp;<\/p>\n","protected":false},"author":101136,"featured_media":0,"parent":1141,"menu_order":0,"comment_status":"closed","ping_status":"closed","template":"","meta":{"_acf_changed":false,"footnotes":""},"categories":[],"tags":[],"class_list":["post-22090","page","type-page","status-publish","hentry"],"acf":[],"publishpress_future_action":{"enabled":false,"date":"1970-01-01 01:00:00","action":"","terms":[],"taxonomy":"","browser_timezone_offset":0},"_links":{"self":[{"href":"https:\/\/semmelweis.hu\/aok\/wp-json\/wp\/v2\/pages\/22090","targetHints":{"allow":["GET"]}}],"collection":[{"href":"https:\/\/semmelweis.hu\/aok\/wp-json\/wp\/v2\/pages"}],"about":[{"href":"https:\/\/semmelweis.hu\/aok\/wp-json\/wp\/v2\/types\/page"}],"author":[{"embeddable":true,"href":"https:\/\/semmelweis.hu\/aok\/wp-json\/wp\/v2\/users\/101136"}],"replies":[{"embeddable":true,"href":"https:\/\/semmelweis.hu\/aok\/wp-json\/wp\/v2\/comments?post=22090"}],"version-history":[{"count":5,"href":"https:\/\/semmelweis.hu\/aok\/wp-json\/wp\/v2\/pages\/22090\/revisions"}],"predecessor-version":[{"id":22110,"href":"https:\/\/semmelweis.hu\/aok\/wp-json\/wp\/v2\/pages\/22090\/revisions\/22110"}],"up":[{"embeddable":true,"href":"https:\/\/semmelweis.hu\/aok\/wp-json\/wp\/v2\/pages\/1141"}],"wp:attachment":[{"href":"https:\/\/semmelweis.hu\/aok\/wp-json\/wp\/v2\/media?parent=22090"}],"wp:term":[{"taxonomy":"category","embeddable":true,"href":"https:\/\/semmelweis.hu\/aok\/wp-json\/wp\/v2\/categories?post=22090"},{"taxonomy":"post_tag","embeddable":true,"href":"https:\/\/semmelweis.hu\/aok\/wp-json\/wp\/v2\/tags?post=22090"}],"curies":[{"name":"wp","href":"https:\/\/api.w.org\/{rel}","templated":true}]}}