{"id":20427,"date":"2018-11-06T08:35:55","date_gmt":"2018-11-06T07:35:55","guid":{"rendered":"http:\/\/semmelweis.hu\/aok\/?page_id=20427"},"modified":"2019-04-01T08:11:42","modified_gmt":"2019-04-01T06:11:42","slug":"2018-szeptember-18-i-hatarozatok","status":"publish","type":"page","link":"https:\/\/semmelweis.hu\/aok\/a-karrol\/kari-tanacs\/a-kari-tanacs-hatarozatai\/2018-szeptember-18-i-hatarozatok\/","title":{"rendered":"2018. szeptember 18-i hat\u00e1rozatok"},"content":{"rendered":"<p><a href=\"https:\/\/semmelweis.hu\/aok\/files\/2018\/11\/2_2018-KT-hat\u00e1rozat-sz\u00fcl\u00e9szeti-klinik\u00e1k-\u00f6sszeolvad\u00e1sa-1.pdf\">2\/2018 (2018. szeptember 18-i)\u00a0KT sz\u00e1m\u00fa hat\u00e1rozata\u00a0\u00a0az I. Sz. Sz\u00fcl\u00e9szeti \u00e9s N\u0151gy\u00f3gy\u00e1szati Klinika \u00e9s a II. Sz. Sz\u00fcl\u00e9szeti \u00e9s N\u0151gy\u00f3gy\u00e1szati Klinika \u00f6sszeolvad\u00e1s\u00e1r\u00f3l \u00a0vonatkoz\u00f3 javaslatr\u00f3l\u00a0<\/a><\/p>\n<p>&nbsp;<\/p>\n","protected":false},"excerpt":{"rendered":"<p><a href=\"https:\/\/semmelweis.hu\/aok\/files\/2018\/11\/2_2018-KT-hat\u00e1rozat-sz\u00fcl\u00e9szeti-klinik\u00e1k-\u00f6sszeolvad\u00e1sa-1.pdf\">2\/2018 (2018. szeptember 18-i)\u00a0KT sz\u00e1m\u00fa hat\u00e1rozata\u00a0\u00a0az I. Sz. Sz\u00fcl\u00e9szeti \u00e9s N\u0151gy\u00f3gy\u00e1szati Klinika \u00e9s a II. Sz. Sz\u00fcl\u00e9szeti \u00e9s N\u0151gy\u00f3gy\u00e1szati Klinika \u00f6sszeolvad\u00e1s\u00e1r\u00f3l \u00a0vonatkoz\u00f3 javaslatr\u00f3l\u00a0<\/a><br \/>\n&nbsp;<\/p>\n","protected":false},"author":101462,"featured_media":0,"parent":1141,"menu_order":0,"comment_status":"closed","ping_status":"closed","template":"","meta":{"_acf_changed":false,"footnotes":""},"categories":[],"tags":[],"class_list":["post-20427","page","type-page","status-publish","hentry"],"acf":[],"publishpress_future_action":{"enabled":false,"date":"1970-01-01 01:00:00","action":"","terms":[],"taxonomy":"","browser_timezone_offset":0},"_links":{"self":[{"href":"https:\/\/semmelweis.hu\/aok\/wp-json\/wp\/v2\/pages\/20427","targetHints":{"allow":["GET"]}}],"collection":[{"href":"https:\/\/semmelweis.hu\/aok\/wp-json\/wp\/v2\/pages"}],"about":[{"href":"https:\/\/semmelweis.hu\/aok\/wp-json\/wp\/v2\/types\/page"}],"author":[{"embeddable":true,"href":"https:\/\/semmelweis.hu\/aok\/wp-json\/wp\/v2\/users\/101462"}],"replies":[{"embeddable":true,"href":"https:\/\/semmelweis.hu\/aok\/wp-json\/wp\/v2\/comments?post=20427"}],"version-history":[{"count":3,"href":"https:\/\/semmelweis.hu\/aok\/wp-json\/wp\/v2\/pages\/20427\/revisions"}],"predecessor-version":[{"id":20432,"href":"https:\/\/semmelweis.hu\/aok\/wp-json\/wp\/v2\/pages\/20427\/revisions\/20432"}],"up":[{"embeddable":true,"href":"https:\/\/semmelweis.hu\/aok\/wp-json\/wp\/v2\/pages\/1141"}],"wp:attachment":[{"href":"https:\/\/semmelweis.hu\/aok\/wp-json\/wp\/v2\/media?parent=20427"}],"wp:term":[{"taxonomy":"category","embeddable":true,"href":"https:\/\/semmelweis.hu\/aok\/wp-json\/wp\/v2\/categories?post=20427"},{"taxonomy":"post_tag","embeddable":true,"href":"https:\/\/semmelweis.hu\/aok\/wp-json\/wp\/v2\/tags?post=20427"}],"curies":[{"name":"wp","href":"https:\/\/api.w.org\/{rel}","templated":true}]}}