{"id":19530,"date":"2018-06-27T11:19:34","date_gmt":"2018-06-27T09:19:34","guid":{"rendered":"http:\/\/semmelweis.hu\/aok\/?page_id=19530"},"modified":"2019-04-01T08:12:53","modified_gmt":"2019-04-01T06:12:53","slug":"2018-junius-12-i-hatarozatok","status":"publish","type":"page","link":"https:\/\/semmelweis.hu\/aok\/a-karrol\/kari-tanacs\/a-kari-tanacs-hatarozatai\/2018-junius-12-i-hatarozatok\/","title":{"rendered":"2018. j\u00fanius 12-i hat\u00e1rozatok"},"content":{"rendered":"<p><strong><a href=\"https:\/\/semmelweis.hu\/aok\/files\/2018\/06\/52a.pdf\">52\/a\/2018 (2018. j\u00fanius 12-i) KT sz\u00e1m\u00fa hat\u00e1rozata szabadon v\u00e1laszthat\u00f3 t\u00e1rgy meghirdet\u00e9s\u00e9re vonatkoz\u00f3 javaslatr\u00f3l<\/a><\/strong><strong><br \/>\n<\/strong><\/p>\n<p><a href=\"https:\/\/semmelweis.hu\/aok\/files\/2018\/06\/52b.pdf\"><strong>52\/b\/2018 (2018. j\u00fanius 12-i) KT sz\u00e1m\u00fa hat\u00e1rozata szabadon v\u00e1laszthat\u00f3 t\u00e1rgy meghirdet\u00e9s\u00e9re vonatkoz\u00f3 javaslatr\u00f3l<\/strong><\/a><\/p>\n<p><strong><a href=\"https:\/\/semmelweis.hu\/aok\/files\/2018\/06\/52c.pdf\">52\/c\/2018 (2018. j\u00fanius 12-i) KT sz\u00e1m\u00fa hat\u00e1rozata szabadon v\u00e1laszthat\u00f3 t\u00e1rgy meghirdet\u00e9s\u00e9re vonatkoz\u00f3 javaslatr\u00f3l<\/a><\/strong><\/p>\n<p><strong><a href=\"https:\/\/semmelweis.hu\/aok\/files\/2018\/06\/52d.pdf\">52\/d\/2018 (2018. j\u00fanius 12-i) KT sz\u00e1m\u00fa hat\u00e1rozata szabadon v\u00e1laszthat\u00f3 t\u00e1rgy meghirdet\u00e9s\u00e9re vonatkoz\u00f3 javaslatr\u00f3l<\/a><\/strong><\/p>\n<p><strong><a href=\"https:\/\/semmelweis.hu\/aok\/files\/2018\/06\/52e-1.pdf\">52\/e\/2018 (2018. j\u00fanius 12-i) KT sz\u00e1m\u00fa hat\u00e1rozata szabadon v\u00e1laszthat\u00f3 t\u00e1rgy meghirdet\u00e9s\u00e9re vonatkoz\u00f3 javaslatr\u00f3l<\/a><\/strong><\/p>\n<p><strong><a href=\"https:\/\/semmelweis.hu\/aok\/files\/2018\/06\/52f.pdf\">52\/f\/2018 (2018. j\u00fanius 12-i) KT sz\u00e1m\u00fa hat\u00e1rozata szabadon v\u00e1laszthat\u00f3 t\u00e1rgyak meghirdet\u00e9s\u00e9re vonatkoz\u00f3 javaslatr\u00f3l<\/a><\/strong><strong><br \/>\n<\/strong><\/p>\n<p><a href=\"https:\/\/semmelweis.hu\/aok\/files\/2018\/06\/52g.pdf\"><strong>52\/g\/2018 (2018. j\u00fanius 12-i) KT sz\u00e1m\u00fa hat\u00e1rozata szabadon v\u00e1laszthat\u00f3 t\u00e1rgyak meghirdet\u00e9s\u00e9re vonatkoz\u00f3 javaslatr\u00f3l<\/strong><\/a><\/p>\n<p><strong><a href=\"https:\/\/semmelweis.hu\/aok\/files\/2018\/06\/52h-1.pdf\">52\/h\/2018 (2018. j\u00fanius 12-i) KT sz\u00e1m\u00fa hat\u00e1rozata k\u00f6telez\u0151en v\u00e1laszthat\u00f3 t\u00e1rgy meghirdet\u00e9s\u00e9re vonatkoz\u00f3 javaslatr\u00f3l<\/a><\/strong><\/p>\n<p><strong><a href=\"https:\/\/semmelweis.hu\/aok\/files\/2018\/06\/52i-1.pdf\">52\/i\/2018 (2018. j\u00fanius 12-i) KT sz\u00e1m\u00fa hat\u00e1rozata szabadon v\u00e1laszthat\u00f3 t\u00e1rgy meghirdet\u00e9s\u00e9re vonatkoz\u00f3 javaslatr\u00f3l<\/a><\/strong><\/p>\n<p><strong><a href=\"https:\/\/semmelweis.hu\/aok\/files\/2018\/06\/52j.pdf\">52\/j\/2018 (2018. j\u00fanius 12-i) KT sz\u00e1m\u00fa hat\u00e1rozata szabadon v\u00e1laszthat\u00f3 t\u00e1rgy meghirdet\u00e9s\u00e9re vonatkoz\u00f3 javaslatr\u00f3l<\/a><\/strong><\/p>\n<p><a href=\"https:\/\/semmelweis.hu\/aok\/files\/2018\/06\/52k.pdf\"><strong>52\/k\/2018 (2018. j\u00fanius 12-i) KT sz\u00e1m\u00fa hat\u00e1rozata k\u00f6telez\u0151en v\u00e1laszthat\u00f3 t\u00e1rgy meghirdet\u00e9s\u00e9re vonatkoz\u00f3 javaslatr\u00f3l<\/strong><\/a><\/p>\n<p><strong><a href=\"https:\/\/semmelweis.hu\/aok\/files\/2018\/06\/52L.pdf\">52\/L\/2018 (2018. j\u00fanius 12-i) KT sz\u00e1m\u00fa hat\u00e1rozata szabadon v\u00e1laszthat\u00f3 t\u00e1rgy meghirdet\u00e9s\u00e9re vonatkoz\u00f3 javaslatr\u00f3l<\/a><\/strong><strong><br \/>\n<\/strong><\/p>\n<p><strong><a href=\"https:\/\/semmelweis.hu\/aok\/files\/2018\/06\/52m.pdf\">52\/m\/2018 (2018. j\u00fanius 12-i) KT sz\u00e1m\u00fa hat\u00e1rozata v\u00e1laszthat\u00f3 kurzusok meghirdet\u00e9s\u00e9re vonatkoz\u00f3 javaslatr\u00f3l<\/a><\/strong><strong><br \/>\n<\/strong><\/p>\n<p><strong><a href=\"https:\/\/semmelweis.hu\/aok\/files\/2018\/06\/52n.pdf\">52\/n\/2018 (2018. j\u00fanius 12-i) KT sz\u00e1m\u00fa hat\u00e1rozata k\u00f6telez\u0151en v\u00e1laszthat\u00f3 t\u00e1rgy meghirdet\u00e9s\u00e9re vonatkoz\u00f3 javaslatr\u00f3l<\/a><\/strong><strong><br \/>\n<\/strong><\/p>\n<p><strong><a href=\"https:\/\/semmelweis.hu\/aok\/files\/2018\/06\/53a.pdf\">53\/a\/2018 (2018. j\u00fanius 12-i) KT sz\u00e1m\u00fa hat\u00e1rozata az \u201eInfektol\u00f3gia \u00e9s fert\u0151z\u0151 betegs\u00e9gek\u201d c. t\u00e1rgy n\u00e9vv\u00e1ltoztat\u00e1s\u00e1ra vonatkoz\u00f3 javaslatr\u00f3l<\/a><\/strong><strong><br \/>\n<\/strong><\/p>\n<p><strong><a href=\"https:\/\/semmelweis.hu\/aok\/files\/2018\/06\/53b.pdf\">53\/b\/2018 (2018. j\u00fanius 12-i) KT sz\u00e1m\u00fa hat\u00e1rozata a Tanulm\u00e1nyi K\u00f6vetelm\u00e9nyrendszerr\u0151l <\/a><\/strong><strong><br \/>\n<\/strong><\/p>\n<p><a href=\"https:\/\/semmelweis.hu\/aok\/files\/2018\/06\/56_2018_KT-hat\u00e1rozat_Neurol\u00f3giai-szakgy\u00f3gytorn\u00e1sz.pdf\"><strong>56\/2018 (2018. j\u00fanius 12-i) KT sz\u00e1m\u00fa hat\u00e1rozata a Neurol\u00f3giai Szakgy\u00f3gytorn\u00e1sz szakir\u00e1ny\u00fa tov\u00e1bbk\u00e9pz\u00e9s ind\u00edt\u00e1s\u00e1ra vonatkoz\u00f3 javaslatr\u00f3l<\/strong><\/a><\/p>\n<p style=\"padding-left: 30px\"><strong><a href=\"https:\/\/semmelweis.hu\/aok\/files\/2018\/06\/56_2018_KT-hat\u00e1rozat_mell\u00e9klet_K\u00e9pz\u00e9si-\u00e9s-Kimeneti-K\u00f6vetelm\u00e9ny.pdf\">mell\u00e9klet<\/a><\/strong><\/p>\n<p><strong><a href=\"https:\/\/semmelweis.hu\/aok\/files\/2018\/06\/57_32018_KT-hat\u00e1rozat_kari-szervezeti-\u00e9s-m\u0171k\u00f6d\u00e9si-rend-1.pdf\">57\/2018 (2018. j\u00fanius 12-i) KT sz\u00e1m\u00fa hat\u00e1rozata a kar Szervezeti \u00e9s M\u0171k\u00f6d\u00e9si Rendj\u00e9nek m\u00f3dos\u00edt\u00e1s\u00e1r\u00f3l<\/a><\/strong><strong><br \/>\n<\/strong><\/p>\n<p style=\"padding-left: 30px\"><strong><a href=\"https:\/\/semmelweis.hu\/aok\/files\/2018\/06\/57_2018_hat_mell\u00e9klet.pdf\">mell\u00e9klet<\/a><\/strong><\/p>\n<p><strong><a href=\"https:\/\/semmelweis.hu\/aok\/files\/2018\/06\/58_2018-KT-hat\u00e1rozat-_Neurotraumatol\u00f3giai-Tansz\u00e9ki-Csoport.pdf\">58\/2018 (2018. j\u00fanius 12-i) KT sz\u00e1m\u00fa hat\u00e1rozata Neurotraumatol\u00f3giai Tansz\u00e9ki Csoport l\u00e9trehoz\u00e1s\u00e1r\u00f3l <\/a><\/strong><\/p>\n<p style=\"padding-left: 30px\"><a href=\"https:\/\/semmelweis.hu\/aok\/files\/2018\/06\/58_2018_KT-hat\u00e1rozat_mell\u00e9klet.pdf\"><strong>mell\u00e9klet<\/strong><\/a><\/p>\n<p><strong><a href=\"https:\/\/semmelweis.hu\/aok\/files\/2018\/06\/59_2018_\u00c1OK_EKK-egy\u00fcttm\u0171k\u00f6d\u00e9s.pdf\">59\/2018 (2018. j\u00fanius 12-i) KT sz\u00e1m\u00fa hat\u00e1rozata az \u00c1OK \u00e9s az EKK k\u00f6z\u00f6tti egy\u00fcttm\u0171k\u00f6d\u00e9si meg\u00e1llapod\u00e1s kieg\u00e9sz\u00edt\u00e9s\u00e9re vonatkoz\u00f3 javaslatr\u00f3l<\/a><\/strong><strong><br \/>\n<\/strong><\/p>\n<p style=\"padding-left: 30px\"><strong><a href=\"https:\/\/semmelweis.hu\/aok\/files\/2018\/06\/59_2018_KT-hat\u00e1rozat_mell\u00e9klet.pdf\">mell\u00e9klet<\/a><\/strong><\/p>\n<p>&nbsp;<\/p>\n<p>&nbsp;<\/p>\n","protected":false},"excerpt":{"rendered":"<p><a href=\"https:\/\/semmelweis.hu\/aok\/files\/2018\/06\/52a.pdf\">52\/a\/2018 (2018. j\u00fanius 12-i) KT sz\u00e1m\u00fa hat\u00e1rozata szabadon v\u00e1laszthat\u00f3 t\u00e1rgy meghirdet\u00e9s\u00e9re vonatkoz\u00f3 javaslatr\u00f3l<\/a><\/p>\n<p><a href=\"https:\/\/semmelweis.hu\/aok\/files\/2018\/06\/52b.pdf\">52\/b\/2018 (2018. j\u00fanius 12-i) KT sz\u00e1m\u00fa hat\u00e1rozata szabadon v\u00e1laszthat\u00f3 t\u00e1rgy meghirdet\u00e9s\u00e9re vonatkoz\u00f3 javaslatr\u00f3l<\/a><br \/>\n<a href=\"https:\/\/semmelweis.hu\/aok\/files\/2018\/06\/52c.pdf\">52\/c\/2018 (2018. j\u00fanius 12-i) KT sz\u00e1m\u00fa hat\u00e1rozata szabadon v\u00e1laszthat\u00f3 t\u00e1rgy meghirdet\u00e9s\u00e9re vonatkoz\u00f3 javaslatr\u00f3l<\/a><br \/>\n<a href=\"https:\/\/semmelweis.hu\/aok\/files\/2018\/06\/52d.pdf\">52\/d\/2018 (2018. j\u00fanius 12-i) KT sz\u00e1m\u00fa hat\u00e1rozata szabadon v\u00e1laszthat\u00f3 t\u00e1rgy meghirdet\u00e9s\u00e9re vonatkoz\u00f3 javaslatr\u00f3l<\/a><br \/>\n<a href=\"https:\/\/semmelweis.hu\/aok\/files\/2018\/06\/52e-1.pdf\">52\/e\/2018 (2018. j\u00fanius 12-i) KT sz\u00e1m\u00fa hat\u00e1rozata szabadon v\u00e1laszthat\u00f3 t\u00e1rgy meghirdet\u00e9s\u00e9re vonatkoz\u00f3 javaslatr\u00f3l<\/a><br \/>\n<a href=\"https:\/\/semmelweis.hu\/aok\/files\/2018\/06\/52f.pdf\">52\/f\/2018 (2018. j\u00fanius 12-i) KT sz\u00e1m\u00fa hat\u00e1rozata szabadon v\u00e1laszthat\u00f3 t\u00e1rgyak meghirdet\u00e9s\u00e9re vonatkoz\u00f3 javaslatr\u00f3l<\/a><\/p>\n<p><a href=\"https:\/\/semmelweis.hu\/aok\/files\/2018\/06\/52g.pdf\">52\/g\/2018 (2018. j\u00fanius 12-i) KT sz\u00e1m\u00fa hat\u00e1rozata szabadon v\u00e1laszthat\u00f3 t\u00e1rgyak meghirdet\u00e9s\u00e9re vonatkoz\u00f3 javaslatr\u00f3l<\/a><br \/>\n<a href=\"https:\/\/semmelweis.hu\/aok\/files\/2018\/06\/52h-1.pdf\">52\/h\/2018 (2018. j\u00fanius 12-i) KT sz\u00e1m\u00fa hat\u00e1rozata k\u00f6telez\u0151en v\u00e1laszthat\u00f3 t\u00e1rgy meghirdet\u00e9s\u00e9re vonatkoz\u00f3 javaslatr\u00f3l<\/a><br \/>\n<a href=\"https:\/\/semmelweis.hu\/aok\/files\/2018\/06\/52i-1.pdf\">52\/i\/2018 (2018. j\u00fanius 12-i) KT sz\u00e1m\u00fa hat\u00e1rozata szabadon v\u00e1laszthat\u00f3 t\u00e1rgy meghirdet\u00e9s\u00e9re vonatkoz\u00f3 javaslatr\u00f3l<\/a><br \/>\n<a href=\"https:\/\/semmelweis.hu\/aok\/files\/2018\/06\/52j.pdf\">52\/j\/2018 (2018. j\u00fanius 12-i) KT sz\u00e1m\u00fa hat\u00e1rozata szabadon v\u00e1laszthat\u00f3 t\u00e1rgy meghirdet\u00e9s\u00e9re vonatkoz\u00f3 javaslatr\u00f3l<\/a><br \/>\n<a href=\"https:\/\/semmelweis.hu\/aok\/files\/2018\/06\/52k.pdf\">52\/k\/2018 (2018. j\u00fanius 12-i) KT sz\u00e1m\u00fa hat\u00e1rozata k\u00f6telez\u0151en v\u00e1laszthat\u00f3 t\u00e1rgy meghirdet\u00e9s\u00e9re vonatkoz\u00f3 javaslatr\u00f3l<\/a><br \/>\n<a href=\"https:\/\/semmelweis.hu\/aok\/files\/2018\/06\/52L.pdf\">52\/L\/2018 (2018. j\u00fanius 12-i) KT sz\u00e1m\u00fa hat\u00e1rozata szabadon v\u00e1laszthat\u00f3 t\u00e1rgy meghirdet\u00e9s\u00e9re vonatkoz\u00f3 javaslatr\u00f3l<\/a><\/p>\n<p><a href=\"https:\/\/semmelweis.hu\/aok\/files\/2018\/06\/52m.pdf\">52\/m\/2018 (2018. j\u00fanius 12-i) KT sz\u00e1m\u00fa hat\u00e1rozata v\u00e1laszthat\u00f3 kurzusok meghirdet\u00e9s\u00e9re vonatkoz\u00f3 javaslatr\u00f3l<\/a><\/p>\n<p><a href=\"https:\/\/semmelweis.hu\/aok\/files\/2018\/06\/52n.pdf\">52\/n\/2018 (2018. j\u00fanius 12-i) KT sz\u00e1m\u00fa hat\u00e1rozata k\u00f6telez\u0151en v\u00e1laszthat\u00f3 t\u00e1rgy meghirdet\u00e9s\u00e9re vonatkoz\u00f3 javaslatr\u00f3l<\/a><\/p>\n<p><a href=\"https:\/\/semmelweis.hu\/aok\/files\/2018\/06\/53a.pdf\">53\/a\/2018 (2018. j\u00fanius 12-i) KT sz\u00e1m\u00fa hat\u00e1rozata az \u201eInfektol\u00f3gia \u00e9s fert\u0151z\u0151 betegs\u00e9gek\u201d c. t\u00e1rgy n\u00e9vv\u00e1ltoztat\u00e1s\u00e1ra vonatkoz\u00f3 javaslatr\u00f3l<\/a><\/p>\n<p><a href=\"https:\/\/semmelweis.hu\/aok\/files\/2018\/06\/53b.pdf\">53\/b\/2018 (2018. j\u00fanius 12-i) KT sz\u00e1m\u00fa hat\u00e1rozata a Tanulm\u00e1nyi K\u00f6vetelm\u00e9nyrendszerr\u0151l <\/a><\/p>\n<p><a href=\"https:\/\/semmelweis.hu\/aok\/files\/2018\/06\/56_2018_KT-hat\u00e1rozat_Neurol\u00f3giai-szakgy\u00f3gytorn\u00e1sz.pdf\">56\/2018 (2018. j\u00fanius 12-i) KT sz\u00e1m\u00fa hat\u00e1rozata a Neurol\u00f3giai Szakgy\u00f3gytorn\u00e1sz szakir\u00e1ny\u00fa tov\u00e1bbk\u00e9pz\u00e9s ind\u00edt\u00e1s\u00e1ra vonatkoz\u00f3 javaslatr\u00f3l<\/a><br \/>\n<a href=\"https:\/\/semmelweis.hu\/aok\/files\/2018\/06\/56_2018_KT-hat\u00e1rozat_mell\u00e9klet_K\u00e9pz\u00e9si-\u00e9s-Kimeneti-K\u00f6vetelm\u00e9ny.pdf\">mell\u00e9klet<\/a><br \/>\n<a href=\"https:\/\/semmelweis.hu\/aok\/files\/2018\/06\/57_32018_KT-hat\u00e1rozat_kari-szervezeti-\u00e9s-m\u0171k\u00f6d\u00e9si-rend-1.pdf\">57\/2018 (2018. j\u00fanius 12-i) KT sz\u00e1m\u00fa hat\u00e1rozata a kar Szervezeti \u00e9s M\u0171k\u00f6d\u00e9si Rendj\u00e9nek m\u00f3dos\u00edt\u00e1s\u00e1r\u00f3l<\/a><\/p>\n<p><a href=\"https:\/\/semmelweis.hu\/aok\/files\/2018\/06\/57_2018_hat_mell\u00e9klet.pdf\">mell\u00e9klet<\/a><br \/>\n<a href=\"https:\/\/semmelweis.hu\/aok\/files\/2018\/06\/58_2018-KT-hat\u00e1rozat-_Neurotraumatol\u00f3giai-Tansz\u00e9ki-Csoport.pdf\">58\/2018 (2018. j\u00fanius 12-i) KT sz\u00e1m\u00fa hat\u00e1rozata Neurotraumatol\u00f3giai Tansz\u00e9ki Csoport l\u00e9trehoz\u00e1s\u00e1r\u00f3l <\/a><br \/>\n<a href=\"https:\/\/semmelweis.hu\/aok\/files\/2018\/06\/58_2018_KT-hat\u00e1rozat_mell\u00e9klet.pdf\">mell\u00e9klet<\/a><br \/>\n<a href=\"https:\/\/semmelweis.hu\/aok\/files\/2018\/06\/59_2018_\u00c1OK_EKK-egy\u00fcttm\u0171k\u00f6d\u00e9s.pdf\">59\/2018 (2018. j\u00fanius 12-i) KT sz\u00e1m\u00fa hat\u00e1rozata az \u00c1OK \u00e9s az EKK k\u00f6z\u00f6tti egy\u00fcttm\u0171k\u00f6d\u00e9si meg\u00e1llapod\u00e1s kieg\u00e9sz\u00edt\u00e9s\u00e9re vonatkoz\u00f3 javaslatr\u00f3l<\/a><\/p>\n<p><a href=\"https:\/\/semmelweis.hu\/aok\/files\/2018\/06\/59_2018_KT-hat\u00e1rozat_mell\u00e9klet.pdf\">mell\u00e9klet<\/a><br \/>\n&nbsp;<br \/>\n&nbsp;<\/p>\n","protected":false},"author":151,"featured_media":0,"parent":1141,"menu_order":0,"comment_status":"closed","ping_status":"closed","template":"","meta":{"_acf_changed":false,"footnotes":""},"categories":[],"tags":[],"class_list":["post-19530","page","type-page","status-publish","hentry"],"acf":[],"publishpress_future_action":{"enabled":false,"date":"1970-01-01 01:00:00","action":"","terms":[],"taxonomy":"","browser_timezone_offset":0},"_links":{"self":[{"href":"https:\/\/semmelweis.hu\/aok\/wp-json\/wp\/v2\/pages\/19530","targetHints":{"allow":["GET"]}}],"collection":[{"href":"https:\/\/semmelweis.hu\/aok\/wp-json\/wp\/v2\/pages"}],"about":[{"href":"https:\/\/semmelweis.hu\/aok\/wp-json\/wp\/v2\/types\/page"}],"author":[{"embeddable":true,"href":"https:\/\/semmelweis.hu\/aok\/wp-json\/wp\/v2\/users\/151"}],"replies":[{"embeddable":true,"href":"https:\/\/semmelweis.hu\/aok\/wp-json\/wp\/v2\/comments?post=19530"}],"version-history":[{"count":10,"href":"https:\/\/semmelweis.hu\/aok\/wp-json\/wp\/v2\/pages\/19530\/revisions"}],"predecessor-version":[{"id":19578,"href":"https:\/\/semmelweis.hu\/aok\/wp-json\/wp\/v2\/pages\/19530\/revisions\/19578"}],"up":[{"embeddable":true,"href":"https:\/\/semmelweis.hu\/aok\/wp-json\/wp\/v2\/pages\/1141"}],"wp:attachment":[{"href":"https:\/\/semmelweis.hu\/aok\/wp-json\/wp\/v2\/media?parent=19530"}],"wp:term":[{"taxonomy":"category","embeddable":true,"href":"https:\/\/semmelweis.hu\/aok\/wp-json\/wp\/v2\/categories?post=19530"},{"taxonomy":"post_tag","embeddable":true,"href":"https:\/\/semmelweis.hu\/aok\/wp-json\/wp\/v2\/tags?post=19530"}],"curies":[{"name":"wp","href":"https:\/\/api.w.org\/{rel}","templated":true}]}}