{"id":18380,"date":"2018-02-20T09:14:46","date_gmt":"2018-02-20T08:14:46","guid":{"rendered":"http:\/\/semmelweis.hu\/aok\/?page_id=18380"},"modified":"2020-10-26T11:11:59","modified_gmt":"2020-10-26T10:11:59","slug":"2018-februar-13-i-hatarozatok","status":"publish","type":"page","link":"https:\/\/semmelweis.hu\/aok\/a-karrol\/kari-tanacs\/a-kari-tanacs-hatarozatai\/2018-februar-13-i-hatarozatok\/","title":{"rendered":"2018. febru\u00e1r 13-i hat\u00e1rozatok"},"content":{"rendered":"<p><strong><a href=\"https:\/\/semmelweis.hu\/aok\/files\/2018\/02\/23_2018_hat\u00e1rozat_gyakorl\u00f3-kh_oszt\u00e1ly.pdf\">23\/2018 (2018. febru\u00e1r 13-i) KT sz\u00e1m\u00fa hat\u00e1rozata a Gyakorl\u00f3 Oszt\u00e1ly \u00e9s Gyakorl\u00f3 K\u00f3rh\u00e1z c\u00edm elnyer\u00e9s\u00e9re vonatkoz\u00f3 Kari Szab\u00e1lyzat m\u00f3dos\u00edt\u00e1s\u00e1r\u00f3l sz\u00f3l\u00f3 javaslatr\u00f3l<\/a><\/strong><strong><br \/>\n<\/strong><\/p>\n<p style=\"padding-left: 60px\"><a href=\"https:\/\/semmelweis.hu\/aok\/files\/2018\/02\/Szab\u00e1lyzat.pdf\" target=\"_blank\" rel=\"noopener noreferrer\">mell\u00e9klet<\/a><\/p>\n<p><strong><a href=\"https:\/\/semmelweis.hu\/aok\/files\/2018\/02\/24_2018_hat\u00e1rozat_oktat\u00f3-oszt\u00e1ly.pdf\">24\/2018 (2018. febru\u00e1r 13-i) KT sz\u00e1m\u00fa hat\u00e1rozata a \u201eSE \u00c1OK Oktat\u00f3 Oszt\u00e1ly\u201d c\u00edm elnyer\u00e9s\u00e9r\u0151l sz\u00f3l\u00f3 javaslatr\u00f3l<\/a><\/strong><strong><br \/>\n<\/strong><\/p>\n<p><strong><a href=\"https:\/\/semmelweis.hu\/aok\/files\/2018\/02\/25_2018_hat\u00e1rozat_gyakorl\u00f3-oszt\u00e1ly.pdf\">25\/2018 (2018. febru\u00e1r 13-i) KT sz\u00e1m\u00fa hat\u00e1rozata a \u201eSE \u00c1OK Gyakorl\u00f3 Oszt\u00e1ly\u201d c\u00edm elnyer\u00e9s\u00e9r\u0151l sz\u00f3l\u00f3 javaslatr\u00f3l<\/a><\/strong><strong><br \/>\n<\/strong><\/p>\n<p><strong><a href=\"https:\/\/semmelweis.hu\/aok\/files\/2018\/02\/26_2018_hat\u00e1rozat_kiv\u00e1l\u00f3-oktat\u00f3-szempontrendszer.pdf\">26\/2018 (2018. febru\u00e1r 13-i) KT sz\u00e1m\u00fa hat\u00e1rozata a Semmelweis Egyetem Kiv\u00e1l\u00f3 Oktat\u00f3ja kit\u00fcntet\u00e9s elb\u00edr\u00e1l\u00e1s\u00e1ra vonatkoz\u00f3 kari szempontrendszerre vonatkoz\u00f3 javaslatr\u00f3l<\/a><\/strong><strong><br \/>\n<\/strong><\/p>\n<p><strong><a href=\"https:\/\/semmelweis.hu\/aok\/files\/2018\/02\/27_2018_hat\u00e1rozat_agybank.pdf\">27\/2018 (2018. febru\u00e1r 13-i) KT sz\u00e1m\u00fa hat\u00e1rozata a Hum\u00e1n Agyminta Bank \u00e9s Laborat\u00f3rium (kor\u00e1bban: Hum\u00e1n Agysz\u00f6vet Bank) karhoz t\u00f6rt\u00e9n\u0151 l\u00e9trehoz\u00e1s\u00e1ra vonatkoz\u00f3 javaslatr\u00f3l<\/a><\/strong><strong><br \/>\n<\/strong><\/p>\n<p><strong><a href=\"https:\/\/semmelweis.hu\/aok\/files\/2018\/02\/28_2018_hat\u00e1rozat_kurrikulum-m\u00f3dos\u00edt\u00e1sa.pdf\">28\/2018 (2018. febru\u00e1r 13-i) KT sz\u00e1m\u00fa hat\u00e1rozata a kurrikulum m\u00f3dos\u00edt\u00e1s\u00e1ra vonatkoz\u00f3 javaslatr\u00f3l a 2018\/2019-es tan\u00e9vt\u0151l kezd\u0151d\u0151en<\/a><\/strong><\/p>\n<p style=\"padding-left: 60px\"><a href=\"https:\/\/semmelweis.hu\/aok\/files\/2018\/02\/28_mell\u00e9klet_kurrikulum-m\u00f3dos\u00edt\u00e1s.pdf\"><strong>mell\u00e9klet<\/strong><\/a><\/p>\n<p>&nbsp;<\/p>\n","protected":false},"excerpt":{"rendered":"<p><a href=\"https:\/\/semmelweis.hu\/aok\/files\/2018\/02\/23_2018_hat\u00e1rozat_gyakorl\u00f3-kh_oszt\u00e1ly.pdf\">23\/2018 (2018. febru\u00e1r 13-i) KT sz\u00e1m\u00fa hat\u00e1rozata a Gyakorl\u00f3 Oszt\u00e1ly \u00e9s Gyakorl\u00f3 K\u00f3rh\u00e1z c\u00edm elnyer\u00e9s\u00e9re vonatkoz\u00f3 Kari Szab\u00e1lyzat m\u00f3dos\u00edt\u00e1s\u00e1r\u00f3l sz\u00f3l\u00f3 javaslatr\u00f3l<\/a><\/p>\n<p><a href=\"https:\/\/semmelweis.hu\/aok\/files\/2018\/02\/Szab\u00e1lyzat.pdf\" target=\"_blank\" rel=\"noopener noreferrer\">mell\u00e9klet<\/a><br \/>\n<a href=\"https:\/\/semmelweis.hu\/aok\/files\/2018\/02\/24_2018_hat\u00e1rozat_oktat\u00f3-oszt\u00e1ly.pdf\">24\/2018 (2018. febru\u00e1r 13-i) KT sz\u00e1m\u00fa hat\u00e1rozata a \u201eSE \u00c1OK Oktat\u00f3 Oszt\u00e1ly\u201d c\u00edm elnyer\u00e9s\u00e9r\u0151l sz\u00f3l\u00f3 javaslatr\u00f3l<\/a><\/p>\n<p><a href=\"https:\/\/semmelweis.hu\/aok\/files\/2018\/02\/25_2018_hat\u00e1rozat_gyakorl\u00f3-oszt\u00e1ly.pdf\">25\/2018 (2018. febru\u00e1r 13-i) KT sz\u00e1m\u00fa hat\u00e1rozata a \u201eSE \u00c1OK Gyakorl\u00f3 Oszt\u00e1ly\u201d c\u00edm elnyer\u00e9s\u00e9r\u0151l sz\u00f3l\u00f3 javaslatr\u00f3l<\/a><\/p>\n<p><a href=\"https:\/\/semmelweis.hu\/aok\/files\/2018\/02\/26_2018_hat\u00e1rozat_kiv\u00e1l\u00f3-oktat\u00f3-szempontrendszer.pdf\">26\/2018 (2018. febru\u00e1r 13-i) KT sz\u00e1m\u00fa hat\u00e1rozata a Semmelweis Egyetem Kiv\u00e1l\u00f3 Oktat\u00f3ja kit\u00fcntet\u00e9s elb\u00edr\u00e1l\u00e1s\u00e1ra vonatkoz\u00f3 kari szempontrendszerre vonatkoz\u00f3 javaslatr\u00f3l<\/a><\/p>\n<p><a href=\"https:\/\/semmelweis.hu\/aok\/files\/2018\/02\/27_2018_hat\u00e1rozat_agybank.pdf\">27\/2018 (2018. febru\u00e1r 13-i) KT sz\u00e1m\u00fa hat\u00e1rozata a Hum\u00e1n Agyminta Bank \u00e9s Laborat\u00f3rium (kor\u00e1bban: Hum\u00e1n Agysz\u00f6vet Bank) karhoz t\u00f6rt\u00e9n\u0151 l\u00e9trehoz\u00e1s\u00e1ra vonatkoz\u00f3 javaslatr\u00f3l<\/a><\/p>\n<p><a href=\"https:\/\/semmelweis.hu\/aok\/files\/2018\/02\/28_2018_hat\u00e1rozat_kurrikulum-m\u00f3dos\u00edt\u00e1sa.pdf\">28\/2018 (2018. febru\u00e1r 13-i) KT sz\u00e1m\u00fa hat\u00e1rozata a kurrikulum m\u00f3dos\u00edt\u00e1s\u00e1ra vonatkoz\u00f3 javaslatr\u00f3l a 2018\/2019-es tan\u00e9vt\u0151l kezd\u0151d\u0151en<\/a><br \/>\n<a href=\"https:\/\/semmelweis.hu\/aok\/files\/2018\/02\/28_mell\u00e9klet_kurrikulum-m\u00f3dos\u00edt\u00e1s.pdf\">mell\u00e9klet<\/a><br \/>\n&nbsp;<\/p>\n","protected":false},"author":151,"featured_media":0,"parent":1141,"menu_order":0,"comment_status":"closed","ping_status":"closed","template":"","meta":{"_acf_changed":false,"footnotes":""},"categories":[],"tags":[],"class_list":["post-18380","page","type-page","status-publish","hentry"],"acf":[],"publishpress_future_action":{"enabled":false,"date":"1970-01-01 01:00:00","action":"","terms":[],"taxonomy":"","browser_timezone_offset":0},"_links":{"self":[{"href":"https:\/\/semmelweis.hu\/aok\/wp-json\/wp\/v2\/pages\/18380","targetHints":{"allow":["GET"]}}],"collection":[{"href":"https:\/\/semmelweis.hu\/aok\/wp-json\/wp\/v2\/pages"}],"about":[{"href":"https:\/\/semmelweis.hu\/aok\/wp-json\/wp\/v2\/types\/page"}],"author":[{"embeddable":true,"href":"https:\/\/semmelweis.hu\/aok\/wp-json\/wp\/v2\/users\/151"}],"replies":[{"embeddable":true,"href":"https:\/\/semmelweis.hu\/aok\/wp-json\/wp\/v2\/comments?post=18380"}],"version-history":[{"count":10,"href":"https:\/\/semmelweis.hu\/aok\/wp-json\/wp\/v2\/pages\/18380\/revisions"}],"predecessor-version":[{"id":25271,"href":"https:\/\/semmelweis.hu\/aok\/wp-json\/wp\/v2\/pages\/18380\/revisions\/25271"}],"up":[{"embeddable":true,"href":"https:\/\/semmelweis.hu\/aok\/wp-json\/wp\/v2\/pages\/1141"}],"wp:attachment":[{"href":"https:\/\/semmelweis.hu\/aok\/wp-json\/wp\/v2\/media?parent=18380"}],"wp:term":[{"taxonomy":"category","embeddable":true,"href":"https:\/\/semmelweis.hu\/aok\/wp-json\/wp\/v2\/categories?post=18380"},{"taxonomy":"post_tag","embeddable":true,"href":"https:\/\/semmelweis.hu\/aok\/wp-json\/wp\/v2\/tags?post=18380"}],"curies":[{"name":"wp","href":"https:\/\/api.w.org\/{rel}","templated":true}]}}