{"id":16716,"date":"2017-06-07T09:39:20","date_gmt":"2017-06-07T07:39:20","guid":{"rendered":"http:\/\/semmelweis.hu\/aok\/?page_id=16716"},"modified":"2026-01-05T13:35:12","modified_gmt":"2026-01-05T12:35:12","slug":"felveteli-tajekoztato","status":"publish","type":"page","link":"https:\/\/semmelweis.hu\/aok\/felveteli\/felveteli-tajekoztato\/","title":{"rendered":"Felv\u00e9teli t\u00e1j\u00e9koztat\u00f3"},"content":{"rendered":"<p style=\"text-align: justify\">A Semmelweis Egyetem legnagyobb kar\u00e1n, az \u00c1ltal\u00e1nos Orvostudom\u00e1nyi Karon \u00f6sszesen csaknem hatezren tanulnak magyar, angol \u00e9s n\u00e9met nyelven. Az <strong>\u00e1ltal\u00e1nos orvos szakon<\/strong> a k\u00e9pz\u00e9s m\u00e1s\u00a0alapszakokt\u00f3l elt\u00e9r\u0151en <strong>osztatlan <\/strong>k\u00e9pz\u00e9sben t\u00f6rt\u00e9nik, a k\u00e9pz\u00e9si id\u0151 12 f\u00e9l\u00e9v.<\/p>\n<div class=\"keretes w-100\">\n<h5>Tartalomjegyz\u00e9k<\/h5>\n<ul>\n<li><a href=\"#szakleiras\">\u00c1ltal\u00e1nos t\u00e1j\u00e9koztat\u00f3 a szakr\u00f3l<\/a><\/li>\n<li><a href=\"#eljaras\">Felv\u00e9teli elj\u00e1r\u00e1s<\/a><\/li>\n<li><a href=\"#osztondij\">\u00d6szt\u00f6nd\u00edj, \u00f6nk\u00f6lts\u00e9g<\/a><\/li>\n<li><a href=\"#szakkepzes\">Szakk\u00e9pz\u00e9s<\/a><\/li>\n<\/ul>\n<\/div>\n<h1><a id=\"szakleiras\"><\/a>Az \u00e1ltal\u00e1nos orvos szak<\/h1>\n<p style=\"text-align: justify\">C\u00e9lunk olyan \u00e1ltal\u00e1nos orvosok k\u00e9pz\u00e9se, akik elsaj\u00e1t\u00edtott tud\u00e1suk, ismeretanyaguk, szakmai k\u00e9szs\u00e9geik \u00e9s k\u00e9pess\u00e9geik, tov\u00e1bb\u00e1 orvosi szeml\u00e9let\u00fck, attit\u0171dj\u00fck, felel\u0151ss\u00e9gtudatuk \u00e9s magatart\u00e1suk alapj\u00e1n a szakma szab\u00e1lyai szerint r\u00e9szt vehetnek az eg\u00e9szs\u00e9g\u00fcgyi ell\u00e1t\u00e1sban (fel\u00fcgyelettel). Ezen tev\u00e9kenys\u00e9g\u00fck sor\u00e1n messzemen\u0151en figyelembe veszik a betegek saj\u00e1toss\u00e1gait, emberi m\u00e9lt\u00f3s\u00e1g\u00e1t, jogait \u00e9s ennek megfelel\u0151en d\u00f6ntenek, illetve cselekszenek; kell\u0151 ismeretanyaggal \u00e9s k\u00e9szs\u00e9gekkel rendelkeznek ahhoz, hogy az els\u0151, majd az esetleges r\u00e1\u00e9p\u00edtett szakorvosk\u00e9pz\u00e9si programba bekapcsol\u00f3dhassanak \u00e9s ezt k\u00f6vet\u0151en &#8211; sikeres szakvizsga birtok\u00e1ban &#8211; v\u00e1lasztott szakter\u00fclet\u00fck\u00f6n \u00f6n\u00e1ll\u00f3 szakorvosi munk\u00e1t v\u00e9gezzenek. Felk\u00e9sz\u00fcltek tanulm\u00e1nyaik doktori k\u00e9pz\u00e9sben t\u00f6rt\u00e9n\u0151 folytat\u00e1s\u00e1ra.<\/p>\n<p style=\"text-align: center\"><iframe loading=\"lazy\" title=\"\u00c1ltal\u00e1nos Orvostudom\u00e1nyi Kar (\u00c1OK) Semmelweis Egyetem - Showtime\" width=\"753\" height=\"424\" src=\"https:\/\/www.youtube.com\/embed\/PwsmI_d-Zbw?feature=oembed\" frameborder=\"0\" allow=\"accelerometer; autoplay; clipboard-write; encrypted-media; gyroscope; picture-in-picture; web-share\" referrerpolicy=\"strict-origin-when-cross-origin\" allowfullscreen><\/iframe><\/p>\n<div class=\"keretes w-100\">\n<h4>A mesterk\u00e9pz\u00e9si szak megnevez\u00e9se:\u00a0<strong>\u00e1ltal\u00e1nos orvos (Medicine)<\/strong><\/h4>\n<p>A mesterk\u00e9pz\u00e9si szakon szerezhet\u0151 v\u00e9gzetts\u00e9gi szint \u00e9s a szakk\u00e9pzetts\u00e9g oklev\u00e9lben szerepl\u0151 megjel\u00f6l\u00e9se:<\/p>\n<ul style=\"list-style-type: square\">\n<li>v\u00e9gzetts\u00e9gi szint:\u00a0<strong>mester- (magister, master; r\u00f6vid\u00edtve: MSc-) fokozat\u00a0\u00a0 <\/strong>\u200b<\/li>\n<li>szakk\u00e9pzetts\u00e9g:\u00a0<strong>okleveles orvosdoktor <\/strong><\/li>\n<li>\u200ba szakk\u00e9pzetts\u00e9g angol nyelv\u0171 megjel\u00f6l\u00e9se:\u00a0<strong>Doctor of Medicine<\/strong><\/li>\n<li>Az oklev\u00e9l doktori c\u00edmet tan\u00fas\u00edt, r\u00f6vid\u00edtett jel\u00f6l\u00e9se: <strong style=\"font-size: 1rem\">med.<\/strong><\/li>\n<li>K\u00e9pz\u00e9si ter\u00fclet:\u00a0<strong>orvos- \u00e9s eg\u00e9szs\u00e9gtudom\u00e1ny<\/strong><\/li>\n<li>K\u00e9pz\u00e9si id\u0151 f\u00e9l\u00e9vekben:\u00a0<strong>12 f\u00e9l\u00e9v<\/strong><strong>\u00a0<\/strong><\/li>\n<li>Munkarend:<strong> Nappali<\/strong><\/li>\n<li>\u00c9retts\u00e9gi vizsgak\u00f6vetelm\u00e9nyek: <strong>biol\u00f3gia (E) \u00e9s fizika (E) vagy k\u00e9mia (E)<\/strong><\/li>\n<\/ul>\n<h5>Finansz\u00edroz\u00e1siforma:<\/h5>\n<p><strong>\u00c1llami \u00f6szt\u00f6nd\u00edjas (t\u00e1mogatott) \u00e9s\u00a0<\/strong><strong>\u00d6nk\u00f6lts\u00e9ges<\/strong><\/p>\n<p>\u00d6nk\u00f6lts\u00e9g \u00f6sszege: <strong>1.950.000\u00a0Ft \/f\u00e9l\u00e9v<\/strong><\/p>\n<\/div>\n<h2>\u00a0A k\u00e9pz\u00e9s:<\/h2>\n<p style=\"text-align: justify\">A k\u00e9pz\u00e9s alatt a hallgat\u00f3k elsaj\u00e1t\u00edtj\u00e1k az eg\u00e9szs\u00e9g fogalm\u00e1t \u00e9s ennek krit\u00e9riumait, az egy\u00e9n \u00e9s a t\u00e1rsadalom eg\u00e9szs\u00e9gv\u00e9delm\u00e9nek \u00e9s az eg\u00e9szs\u00e9g helyre\u00e1ll\u00edt\u00e1s\u00e1nak tudom\u00e1nyos alapjait; az eg\u00e9szs\u00e9ges emberi szervezet m\u0171k\u00f6d\u00e9si mechanizmusait, az eg\u00e9szs\u00e9gre vesz\u00e9lyes \u00e1rtalmakat \u00e9s forr\u00e1sokat, a gyakrabban el\u0151fordul\u00f3 betegs\u00e9gek okait, t\u00fcneteit. Megismerkednek a prevenci\u00f3, a diagnosztika, a ter\u00e1pia \u00e9s a rehabilit\u00e1ci\u00f3 elm\u00e9leti \u00e9s gyakorlati alapjaival, az \u00e1ltal\u00e1nos vizsg\u00e1lathoz sz\u00fcks\u00e9ges klinikai \u00e9s m\u0171szeres vizsg\u00e1l\u00f3m\u00f3dszerekkel, valamint e vizsg\u00e1l\u00f3m\u00f3dszerek javallataival, ellenjavallataival \u00e9s a vizsg\u00e1lati eredm\u00e9nyekb\u0151l levonhat\u00f3 k\u00f6vetkeztet\u00e9seivel, diagnosztikai \u00e9rt\u00e9k\u00e9vel.<i>\u00a0<\/i>Felismerik a gyakori betegs\u00e9geket, \u00e9s a meg\u00e1llap\u00edtott k\u00f3risme birtok\u00e1ban d\u00f6nteni tudnak a s\u00fcrg\u0151s int\u00e9zked\u00e9sr\u0151l vagy beavatkoz\u00e1sr\u00f3l; kell\u0151 j\u00e1rtass\u00e1ggal rendelkeznek az \u00e9letment\u00e9sben; megfelel\u0151 ismerettel rendelkeznek a rehabilit\u00e1ci\u00f3 lehet\u0151s\u00e9geir\u0151l \u00e9s m\u00f3dszereir\u0151l.<\/p>\n<div class=\"fontos_div\">\n<p><a href=\"https:\/\/www.felvi.hu\/felveteli\/szakok_kepzesek\/szakleirasok\/!Szakleirasok\/index.php\/szak\/78\/szakleiras\" target=\"_blank\" rel=\"noopener\"><strong>A szakle\u00edr\u00e1s a felvi.hu weboldalon olvashat\u00f3 \u2192<\/strong><\/a><\/p>\n<\/div>\n<h2>A szakmai gyakorlat k\u00f6vetelm\u00e9nyei:<\/h2>\n<p style=\"text-align: justify\">A szakmai gyakorlat mag\u00e1ban foglalja a ny\u00e1ri gyakorlatokat (\u00e1pol\u00e1stan, belgy\u00f3gy\u00e1szat, seb\u00e9szet) valamint a szigorl\u00f3 \u00e9ves tematikus szakmai gyakorlatokat: belgy\u00f3gy\u00e1szat, seb\u00e9szet, gyermekgy\u00f3gy\u00e1szat, sz\u00fcl\u00e9szet, n\u0151gy\u00f3gy\u00e1szat, ideggy\u00f3gy\u00e1szat, elmegy\u00f3gy\u00e1szat. Az int\u00e9zm\u00e9ny tanterve tov\u00e1bbi k\u00f6telez\u0151 gyakorlatot is el\u0151\u00edrhat. A szakmai gyakorlatok id\u0151tartam\u00e1t \u00e9s k\u00f6vetelm\u00e9nyeit a szak tanterve hat\u00e1rozza meg.<a id=\"eljaras\"><\/a><\/p>\n<h1 style=\"text-align: left\">Felv\u00e9teli elj\u00e1r\u00e1s<\/h1>\n<div class=\"fontos_div\">\n<p style=\"text-align: left\"><span style=\"color: #ff0000\"><strong>A teljes k\u00f6r\u0171 t\u00e1j\u00e9koztat\u00f3 a hivatalos fels\u0151oktat\u00e1si felv\u00e9teli port\u00e1lon (felvi.hu) \u00e9rhet\u0151 el. <\/strong><\/span><strong><span style=\"color: #ff0000\">\u00a0<\/span><\/strong><strong>K\u00e9rj\u00fck, annak \u00e9rdek\u00e9ben, hogy a felv\u00e9teli elj\u00e1r\u00e1sban val\u00f3 r\u00e9szv\u00e9tele z\u00f6kken\u0151mentes legyen t\u00e1j\u00e9koz\u00f3djon alaposan az al\u00e1bbi linken el\u00e9rhet\u0151 fel\u00fcleten<\/strong><\/p>\n<\/div>\n<p style=\"text-align: center\"><a class=\"btn btn-secondary\" href=\"https:\/\/www.felvi.hu\/felveteli\" target=\"_blank\" rel=\"noopener\">FELVI.HU<\/a><\/p>\n<p style=\"text-align: justify\">A felv\u00e9teli elj\u00e1r\u00e1ssal kapcsolatos tudnival\u00f3kat (munkarend, finansz\u00edroz\u00e1si forma, k\u00e9pz\u00e9s id\u0151tartama, pontsz\u00e1m\u00edt\u00e1si m\u00f3dszerek, jelentkez\u0151k rangsorol\u00e1s\u00e1nak elvei, a rangsorol\u00e1s m\u00f3dj\u00e1val kapcsolatos inform\u00e1ci\u00f3k, jogszab\u00e1lyi h\u00e1tt\u00e9r, fogalomt\u00e1r, legfontosabb t\u00e1bl\u00e1zatok) az Emberi Er\u0151forr\u00e1sok Miniszt\u00e9riuma (EMMI) <strong>hivatalos k\u00f6zlem\u00e9nyk\u00e9nt<\/strong> minden \u00e9v december k\u00f6zep\u00e9t\u0151l a fels\u0151oktat\u00e1si felv\u00e9teli t\u00e1j\u00e9koztat\u00f3 form\u00e1j\u00e1ban &#8211; a felv\u00e9teli elj\u00e1r\u00e1s hivatalos honlapj\u00e1n a<a href=\"https:\/\/www.felvi.hu\/\"><strong> felvi.hu-n<\/strong><\/a>.<\/p>\n<p style=\"text-align: justify\">A felv\u00e9teli elj\u00e1r\u00e1sra \u00e9s a tov\u00e1bbtanul\u00e1s felt\u00e9teleire vonatkoz\u00f3 legfontosabb rendelkez\u00e9seket \u00a0a nemzeti fels\u0151oktat\u00e1sr\u00f3l sz\u00f3l\u00f3 2011. \u00e9vi CCIV. t\u00f6rv\u00e9ny, valamint a fels\u0151oktat\u00e1si felv\u00e9teli elj\u00e1r\u00e1sr\u00f3l sz\u00f3l\u00f3, 423\/2012. (XII. 29.) Korm\u00e1nyrendelet tartalmazza.<\/p>\n<p style=\"text-align: justify\">A fels\u0151oktat\u00e1si felv\u00e9teli elj\u00e1r\u00e1s sor\u00e1n a jogszab\u00e1lyok betart\u00e1sa a fels\u0151oktat\u00e1si int\u00e9zm\u00e9nyeknek \u00e9s a jelentkez\u0151knek egyar\u00e1nt k\u00f6telez\u0151, ez\u00e9rt ismeret\u00fck elengedhetetlen\u00fcl fontos. A jogszab\u00e1lyban foglaltak nem megfelel\u0151 ismerete senkit sem mentes\u00edthet a jogszab\u00e1lyban foglaltak betart\u00e1sa al\u00f3l! <a id=\"jelentkezes\"><\/a><\/p>\n<h1>A FELV\u00c9TELI ELJ\u00c1R\u00c1S V\u00c1LTOZ\u00c1SA A SEMMELWEIS EGYETEMEN<\/h1>\n<p>A\u00a0<strong><a href=\"https:\/\/magyarkozlony.hu\/dokumentumok\/55d12b6b97f2a3f774fda4e14f06f5b44a5f26a7\/megtekintes\" target=\"_blank\" rel=\"noopener\">339\/2022. (IX. 7.) korm\u00e1nyrendelet<\/a>\u00a0<\/strong>t\u00f6bb szempontb\u00f3l m\u00f3dos\u00edtotta a Semmelweis Egyetem felv\u00e9teli rendszer\u00e9t. A rendelet 2024-t\u0151l nagyobb lehet\u0151s\u00e9get biztos\u00edt az egyetemeknek arra, hogy meghat\u00e1rozz\u00e1k, milyen tant\u00e1rgyak k\u00f6z\u00e9piskolai, \u00e9retts\u00e9gi eredm\u00e9nyei \u00e9s milyen tov\u00e1bbi teljes\u00edtm\u00e9nyek sz\u00e1m\u00edtanak majd bele a felv\u00e9telin el\u00e9rhet\u0151 500 pontba.<\/p>\n<p>B\u0151vebb inform\u00e1ci\u00f3 az Oktat\u00e1sigazgat\u00e1si Hivatal <a href=\"https:\/\/semmelweis.hu\/oktatasigazgatas\/felveteli\/\" target=\"_blank\" rel=\"noopener\">Felv\u00e9teli elj\u00e1r\u00e1s a Semmelweis Egyetemen<\/a> oldalon tal\u00e1lhat\u00f3, ahol t\u00e1j\u00e9koz\u00f3dhat az:\u00a0<\/p>\n<div class=\"fontos_div\">\n<p style=\"text-align: left\">\u00a0<\/p>\n<ul>\n<li>Az \u00e9rv\u00e9nyes tanulm\u00e1nyi \u00e9s \u00e9retts\u00e9gi pontsz\u00e1m\u00edt\u00e1sr\u00f3l a Semmelweis Egyetemen\u00a0<\/li>\n<li>Az \u00e9rv\u00e9nyes int\u00e9zm\u00e9nyi pontsz\u00e1m\u00edt\u00e1sr\u00f3l a Semmelweis Egyetemen\u00a0<\/li>\n<li>A Sz\u00f3beli meghallgat\u00e1sr\u00f3l.<\/li>\n<\/ul>\n<\/div>\n<h1>Fels\u0151fok\u00fa v\u00e9gzetts\u00e9g\u0171 jelentkez\u0151 pontsz\u00e1m\u00edt\u00e1sa\u200b\u00a0<\/h1>\n<p style=\"text-align: justify\">Amennyiben a jelentkez\u0151 fogorvos vagy gy\u00f3gyszer\u00e9sz szakon szerzett oklev\u00e9l alapj\u00e1n k\u00e9ri felv\u00e9tel\u00e9t, \u00fagy felv\u00e9teli pontsz\u00e1m\u00e1t a \u200b<strong>fels\u0151fok\u00fa oklev\u00e9l min\u0151s\u00edt\u00e9se alapj\u00e1n <\/strong>\u200bmaximum \u200b<strong>400 pontos \u00e9rt\u00e9kel\u00e9ssel<\/strong>\u200b (a kor\u00e1bbi fels\u0151oktat\u00e1si tanulm\u00e1nyaik figyelembev\u00e9tel\u00e9vel (ebben az esetben az emelt szint\u0171 \u00e9retts\u00e9gi nem k\u00f6telez\u0151!) rangsorolja az al\u00e1bbiak szerint.<\/p>\n<p><strong>Pontsz\u00e1m\u00edt\u00e1s<\/strong><strong>\u200b\u200b<\/strong><strong> fogorvos, gy\u00f3gyszer\u00e9sz<\/strong> <strong>oklev\u00e9l min\u0151s\u00edt\u00e9s alapj\u00e1n<\/strong><strong>\u200b<\/strong><strong>:\u00a0 <\/strong><\/p>\n<ul style=\"list-style-type: square\">\n<li>summa cum laude (4,51-5,00) min\u0151s\u00edt\u00e9s eset\u00e9n: 400 pont;\u00a0<\/li>\n<li>cum laude (3,51-4,50) min\u0151s\u00edt\u00e9s eset\u00e9n: 390 pont;\u00a0<\/li>\n<li>rite (2,00-3,50) min\u0151s\u00edt\u00e9s eset\u00e9n: 350 pont.<strong style=\"font-size: 1rem\">\u00a0<\/strong><\/li>\n<\/ul>\n<p style=\"text-align: justify\"><strong>Fels\u0151fok\u00fa diploma alapj\u00e1n sz\u00e1m\u00edtott \u00f6sszpontsz\u00e1m meghat\u00e1roz\u00e1sakor<\/strong>,<strong> a <\/strong>kapott pontsz\u00e1mhoz hozz\u00e1 kell adni azokat a t\u00f6bbletpontokat, amelyekre a jelentkez\u0151 jogosult. (nyelvvizsga, es\u00e9lyegyenl\u0151s\u00e9g).<a id=\"ponthatar\"><\/a><\/p>\n<p style=\"text-align: justify\">\u00a0<\/p>\n<h4><strong>Nem vehet\u0151 fel a fels\u0151oktat\u00e1si int\u00e9zm\u00e9nybe<\/strong><\/h4>\n<div class=\"fontos_div\">\n<p style=\"text-align: justify\">Egyetlen jelentkez\u00e9si helyre sem vehet\u0151 fel, akinek felv\u00e9teli \u00f6sszpontsz\u00e1ma nem \u00e9ri el a felv\u00e9teli ponthat\u00e1rt vagy nem rendelkezik a tov\u00e1bbtanul\u00e1shoz sz\u00fcks\u00e9ges megfelel\u0151 v\u00e9gzetts\u00e9ggel. <a id=\"osztondij\"><\/a><\/p>\n<\/div>\n<h1>\u00c1LLAMI \u00d6SZT\u00d6ND\u00cdJAS \u00c9S \u00d6NK\u00d6LTS\u00c9GES K\u00c9PZ\u00c9S<\/h1>\n<div class=\"fontos_div\">\n<p><strong>Az \u00e1llami \u00f6szt\u00f6nd\u00edjas \u00e9s \u00f6nk\u00f6lts\u00e9ges k\u00e9pz\u00e9sr\u0151l az Oktat\u00e1si Hivatal \u00e1ltal k\u00e9sz\u00edtett r\u00e9szletes t\u00e1j\u00e9koztat\u00f3 a <a href=\"https:\/\/www.felvi.hu\/felveteli\/jelentkezes\" target=\"_blank\" rel=\"noopener\">felvi.hu weboldalon <\/a><\/strong><strong>\u00e9rhet\u0151 el.<\/strong> <a id=\"szakkepzes\"><\/a><\/p>\n<\/div>\n<h1>Szakk\u00e9pz\u00e9s<\/h1>\n<p style=\"text-align: justify\">Az orvosi diploma megszerz\u00e9se ut\u00e1n k\u00e9tf\u00e9le posztgradu\u00e1lis k\u00e9pz\u00e9s k\u00f6z\u00fcl lehet v\u00e1lasztani. A <a href=\"https:\/\/semmelweis.hu\/szak-es-tovabbkepzes\/\" target=\"_blank\" rel=\"noopener\">szakorvosk\u00e9pz\u00e9s<\/a> a betegell\u00e1t\u00e1sban magas szinten \u00f6n\u00e1ll\u00f3an tev\u00e9kenykedni k\u00e9pes szakembereket, m\u00edg a <a href=\"https:\/\/semmelweis.hu\/phd\/\" target=\"_blank\" rel=\"noopener\">PhD k\u00e9pz\u00e9s<\/a> sor\u00e1n \u00f6n\u00e1ll\u00f3 kutat\u00f3munk\u00e1ra k\u00e9pes tudom\u00e1nyos kutat\u00f3kat k\u00e9peznek. A betegell\u00e1t\u00e1s ter\u00fclet\u00e9n tev\u00e9kenykedni k\u00edv\u00e1n\u00f3k r\u00e9sz\u00e9r\u0151l elengedhetetlen a szakvizsga megszerz\u00e9se, amit a rezidensk\u00e9pz\u00e9s keret\u00e9ben val\u00f3s\u00edthatnak meg. A v\u00e1lasztott szakt\u00f3l f\u00fcgg\u0151en 4-5 \u00e9v alatt kell elsaj\u00e1t\u00edtani a gy\u00f3gy\u00edt\u00f3 munk\u00e1hoz sz\u00fcks\u00e9ges szaktud\u00e1st.<\/p>\n<p>&nbsp;<\/p>\n<p>&nbsp;<\/p>\n","protected":false},"excerpt":{"rendered":"<p>A Semmelweis Egyetem legnagyobb kar\u00e1n, az \u00c1ltal\u00e1nos Orvostudom\u00e1nyi Karon \u00f6sszesen csaknem hatezren tanulnak magyar, angol \u00e9s n\u00e9met nyelven. Az \u00e1ltal\u00e1nos orvos szakon a k\u00e9pz\u00e9s m\u00e1s\u00a0alapszakokt\u00f3l elt\u00e9r\u0151en osztatlan k\u00e9pz\u00e9sben t\u00f6rt\u00e9nik, a k\u00e9pz\u00e9si id\u0151 12 f\u00e9l\u00e9v. Tartalomjegyz\u00e9k <a href=\"#szakleiras\">\u00c1ltal\u00e1nos t\u00e1j\u00e9koztat\u00f3 a szakr\u00f3l<\/a> <a href=\"#eljaras\">Felv\u00e9teli elj\u00e1r\u00e1s<\/a> <a href=\"#osztondij\">\u00d6szt\u00f6nd\u00edj, \u00f6nk\u00f6lts\u00e9g<\/a> <a href=\"#szakkepzes\">Szakk\u00e9pz\u00e9s<\/a> <a id=\"szakleiras\"><\/a> Az \u00e1ltal\u00e1nos orvos szak C\u00e9lunk olyan \u00e1ltal\u00e1nos orvosok k\u00e9pz\u00e9se, akik elsaj\u00e1t\u00edtott tud\u00e1suk, ismeretanyaguk, szakmai k\u00e9szs\u00e9geik \u00e9s k\u00e9pess\u00e9geik, tov\u00e1bb\u00e1 orvosi szeml\u00e9let\u00fck, &hellip;<\/p>\n","protected":false},"author":101136,"featured_media":0,"parent":9192,"menu_order":0,"comment_status":"closed","ping_status":"closed","template":"template-fullwidth.php","meta":{"_acf_changed":false,"footnotes":""},"categories":[],"tags":[],"class_list":["post-16716","page","type-page","status-publish","hentry"],"acf":[],"publishpress_future_action":{"enabled":false,"date":"1970-01-01 01:00:00","action":"","terms":[],"taxonomy":"","browser_timezone_offset":0},"_links":{"self":[{"href":"https:\/\/semmelweis.hu\/aok\/wp-json\/wp\/v2\/pages\/16716","targetHints":{"allow":["GET"]}}],"collection":[{"href":"https:\/\/semmelweis.hu\/aok\/wp-json\/wp\/v2\/pages"}],"about":[{"href":"https:\/\/semmelweis.hu\/aok\/wp-json\/wp\/v2\/types\/page"}],"author":[{"embeddable":true,"href":"https:\/\/semmelweis.hu\/aok\/wp-json\/wp\/v2\/users\/101136"}],"replies":[{"embeddable":true,"href":"https:\/\/semmelweis.hu\/aok\/wp-json\/wp\/v2\/comments?post=16716"}],"version-history":[{"count":14,"href":"https:\/\/semmelweis.hu\/aok\/wp-json\/wp\/v2\/pages\/16716\/revisions"}],"predecessor-version":[{"id":34073,"href":"https:\/\/semmelweis.hu\/aok\/wp-json\/wp\/v2\/pages\/16716\/revisions\/34073"}],"up":[{"embeddable":true,"href":"https:\/\/semmelweis.hu\/aok\/wp-json\/wp\/v2\/pages\/9192"}],"wp:attachment":[{"href":"https:\/\/semmelweis.hu\/aok\/wp-json\/wp\/v2\/media?parent=16716"}],"wp:term":[{"taxonomy":"category","embeddable":true,"href":"https:\/\/semmelweis.hu\/aok\/wp-json\/wp\/v2\/categories?post=16716"},{"taxonomy":"post_tag","embeddable":true,"href":"https:\/\/semmelweis.hu\/aok\/wp-json\/wp\/v2\/tags?post=16716"}],"curies":[{"name":"wp","href":"https:\/\/api.w.org\/{rel}","templated":true}]}}