{"id":16,"date":"2012-01-24T07:28:27","date_gmt":"2012-01-24T07:28:27","guid":{"rendered":"http:\/\/semmelweis-egyetem.hu\/aok\/?page_id=16"},"modified":"2024-09-05T15:05:13","modified_gmt":"2024-09-05T13:05:13","slug":"kari-vezetok","status":"publish","type":"page","link":"https:\/\/semmelweis.hu\/aok\/a-karrol\/kari-vezetok\/","title":{"rendered":"Kari vezet\u0151k"},"content":{"rendered":"<h1>Az \u00c1ltal\u00e1nos Orvostudom\u00e1nyi Kar vezet\u0151 tiszts\u00e9gvisel\u0151i<\/h1>\n<div class=\"keretes w-100\">\n<p style=\"text-align: left\"><strong>A kari vezet\u0151knek c\u00edmzett leveleket k\u00e9rem, hogy az <a href=\"mailto:titkarsag.aokdekani@semmelweis.hu\">titkarsag.aokdekani@semmelweis.hu<\/a> e-mail c\u00edmre sz\u00edveskedj\u00e9k eljuttatni.<\/strong><\/p>\n<\/div>\n<h4><strong>d\u00e9k\u00e1n<\/strong><\/h4>\n<p><strong>Dr. Nyir\u00e1dy P\u00e9ter egyetemi tan\u00e1r\u00a0<br \/>\n<\/strong>1085 Budapest, \u00dcll\u0151i \u00fat 26. II.\/201.\u00a0<br \/>\n+36 (1) 317-9057<br \/>\n<a href=\"https:\/\/semmelweis.hu\/az-egyetemrol\/vezeto-tisztsegviselok\/dekan-aok\/\" target=\"_blank\" rel=\"noopener\">Tov\u00e1bb a szakmai \u00e9letrajzhoz \u2192<\/a><\/p>\n<h4><strong>\u00e1ltal\u00e1nos d\u00e9k\u00e1nhelyettes<\/strong><\/h4>\n<p><strong>Dr. M\u00fcller Veronika egyetemi tan\u00e1r<br \/>\n<\/strong>1085 Budapest, \u00dcll\u0151i \u00fat 26. II.\/201.\u00a0<br \/>\n+36 (1) 317-9057<\/p>\n<h4><strong>oktat\u00e1si d\u00e9k\u00e1nhelyettes<\/strong><\/h4>\n<p><strong>Dr. Purebl Gy\u00f6rgy egyetemi tan\u00e1r<br \/>\n<\/strong>1085 Budapest, \u00dcll\u0151i \u00fat 26. II.\/201.\u00a0<br \/>\n+36 (1) 317-9057<strong><br \/>\n<\/strong><\/p>\n<h4><strong>strat\u00e9giai \u00e9s fejleszt\u00e9si d\u00e9k\u00e1nhelyettes<\/strong><\/h4>\n<p><strong>Dr. M\u00f3csai Attila egyetemi tan\u00e1r<br \/>\n<\/strong>1085 Budapest, \u00dcll\u0151i \u00fat 26. II.\/201.\u00a0<br \/>\n+36 (1) 317-9057<\/p>\n<h4><strong>kari gazdas\u00e1gi igazgat\u00f3<\/strong><\/h4>\n<p style=\"text-align: justify\"><strong>P\u00e1sztrai Ilona\u00a0<br \/>\n<\/strong>1085 Budapest, \u00dcll\u0151i \u00fat 26. fszt.\/18.<br \/>\n<span style=\"font-size: 1rem\">+36 (1) 459-1500 \/ 55252\u00a0<\/span><\/p>\n<p><a href=\"https:\/\/semmelweis.hu\/aok\/a-karrol\/kari-tanacs\/\">A kari tan\u00e1cs tagjai \u2192<\/a><\/p>\n<p>&nbsp;<\/p>\n","protected":false},"excerpt":{"rendered":"<p>Az \u00c1ltal\u00e1nos Orvostudom\u00e1nyi Kar vezet\u0151 tiszts\u00e9gvisel\u0151i A kari vezet\u0151knek c\u00edmzett leveleket k\u00e9rem, hogy az <a href=\"mailto:titkarsag.aokdekani@semmelweis.hu\">titkarsag.aokdekani@semmelweis.hu<\/a> e-mail c\u00edmre sz\u00edveskedj\u00e9k eljuttatni. d\u00e9k\u00e1n Dr. Nyir\u00e1dy P\u00e9ter egyetemi tan\u00e1r\u00a0 1085 Budapest, \u00dcll\u0151i \u00fat 26. II.\/201.\u00a0 +36 (1) 317-9057 <a href=\"https:\/\/semmelweis.hu\/az-egyetemrol\/vezeto-tisztsegviselok\/dekan-aok\/\" target=\"_blank\" rel=\"noopener\">Tov\u00e1bb a szakmai \u00e9letrajzhoz \u2192<\/a> \u00e1ltal\u00e1nos d\u00e9k\u00e1nhelyettes Dr. M\u00fcller Veronika egyetemi tan\u00e1r 1085 Budapest, \u00dcll\u0151i \u00fat 26. II.\/201.\u00a0 +36 (1) 317-9057 oktat\u00e1si d\u00e9k\u00e1nhelyettes Dr. Purebl Gy\u00f6rgy egyetemi &hellip;<\/p>\n","protected":false},"author":8,"featured_media":0,"parent":9067,"menu_order":2,"comment_status":"closed","ping_status":"closed","template":"","meta":{"_acf_changed":false,"footnotes":""},"categories":[],"tags":[],"class_list":["post-16","page","type-page","status-publish","hentry"],"acf":[],"publishpress_future_action":{"enabled":false,"date":"1970-01-01 01:00:00","action":"","terms":[],"taxonomy":"","browser_timezone_offset":0},"_links":{"self":[{"href":"https:\/\/semmelweis.hu\/aok\/wp-json\/wp\/v2\/pages\/16","targetHints":{"allow":["GET"]}}],"collection":[{"href":"https:\/\/semmelweis.hu\/aok\/wp-json\/wp\/v2\/pages"}],"about":[{"href":"https:\/\/semmelweis.hu\/aok\/wp-json\/wp\/v2\/types\/page"}],"author":[{"embeddable":true,"href":"https:\/\/semmelweis.hu\/aok\/wp-json\/wp\/v2\/users\/8"}],"replies":[{"embeddable":true,"href":"https:\/\/semmelweis.hu\/aok\/wp-json\/wp\/v2\/comments?post=16"}],"version-history":[{"count":15,"href":"https:\/\/semmelweis.hu\/aok\/wp-json\/wp\/v2\/pages\/16\/revisions"}],"predecessor-version":[{"id":27659,"href":"https:\/\/semmelweis.hu\/aok\/wp-json\/wp\/v2\/pages\/16\/revisions\/27659"}],"up":[{"embeddable":true,"href":"https:\/\/semmelweis.hu\/aok\/wp-json\/wp\/v2\/pages\/9067"}],"wp:attachment":[{"href":"https:\/\/semmelweis.hu\/aok\/wp-json\/wp\/v2\/media?parent=16"}],"wp:term":[{"taxonomy":"category","embeddable":true,"href":"https:\/\/semmelweis.hu\/aok\/wp-json\/wp\/v2\/categories?post=16"},{"taxonomy":"post_tag","embeddable":true,"href":"https:\/\/semmelweis.hu\/aok\/wp-json\/wp\/v2\/tags?post=16"}],"curies":[{"name":"wp","href":"https:\/\/api.w.org\/{rel}","templated":true}]}}

Kari vezetők

<h1>Az Általános Orvostudományi Kar vezető tisztségviselői</h1>
<div class="keretes w-100">
<p style="text-align: left"><strong>A kari vezetőknek címzett leveleket kérem, hogy az <a href="mailto:titkarsag.aokdekani@semmelweis.hu">titkarsag.aokdekani@semmelweis.hu</a> e-mail címre szíveskedjék eljuttatni.</strong></p>
</div>
<h4><strong>dékán</strong></h4>
<p><strong>Dr. Nyirády Péter egyetemi tanár <br />
</strong>1085 Budapest, Üllői út 26. II./201. <br />
+36 (1) 317-9057<br />
<a href="https://semmelweis.hu/az-egyetemrol/vezeto-tisztsegviselok/dekan-aok/" target="_blank" rel="noopener">Tovább a szakmai életrajzhoz →</a></p>
<h4><strong>általános dékánhelyettes</strong></h4>
<p><strong>Dr. Müller Veronika egyetemi tanár<br />
</strong>1085 Budapest, Üllői út 26. II./201. <br />
+36 (1) 317-9057</p>
<h4><strong>oktatási dékánhelyettes</strong></h4>
<p><strong>Dr. Purebl György egyetemi tanár<br />
</strong>1085 Budapest, Üllői út 26. II./201. <br />
+36 (1) 317-9057<strong><br />
</strong></p>
<h4><strong>stratégiai és fejlesztési dékánhelyettes</strong></h4>
<p><strong>Dr. Mócsai Attila egyetemi tanár<br />
</strong>1085 Budapest, Üllői út 26. II./201. <br />
+36 (1) 317-9057</p>
<h4><strong>kari gazdasági igazgató</strong></h4>
<p style="text-align: justify"><strong>Pásztrai Ilona <br />
</strong>1085 Budapest, Üllői út 26. fszt./18.<br />
<span style="font-size: 1rem">+36 (1) 459-1500 / 55252 </span></p>
<p><a href="https://semmelweis.hu/aok/a-karrol/kari-tanacs/">A kari tanács tagjai →</a></p>
<p>&nbsp;</p>

<p>Az Általános Orvostudományi Kar vezető tisztségviselői A kari vezetőknek címzett leveleket kérem, hogy az <a href="mailto:titkarsag.aokdekani@semmelweis.hu">titkarsag.aokdekani@semmelweis.hu</a> e-mail címre szíveskedjék eljuttatni. dékán Dr. Nyirády Péter egyetemi tanár  1085 Budapest, Üllői út 26. II./201.  +36 (1) 317-9057 <a href="https://semmelweis.hu/az-egyetemrol/vezeto-tisztsegviselok/dekan-aok/" target="_blank" rel="noopener">Tovább a szakmai életrajzhoz →</a> általános dékánhelyettes Dr. Müller Veronika egyetemi tanár 1085 Budapest, Üllői út 26. II./201.  +36 (1) 317-9057 oktatási dékánhelyettes Dr. Purebl György egyetemi &hellip;</p>
