{"id":12611,"date":"2016-02-18T11:11:49","date_gmt":"2016-02-18T10:11:49","guid":{"rendered":"http:\/\/semmelweis.hu\/aok\/?page_id=12611"},"modified":"2019-04-01T08:42:04","modified_gmt":"2019-04-01T06:42:04","slug":"2016-februar-9-i-hatarozatok","status":"publish","type":"page","link":"https:\/\/semmelweis.hu\/aok\/a-karrol\/kari-tanacs\/a-kari-tanacs-hatarozatai\/2016-februar-9-i-hatarozatok\/","title":{"rendered":"2016. febru\u00e1r 9-i hat\u00e1rozatok"},"content":{"rendered":"<p><a href=\"https:\/\/semmelweis.hu\/aok\/files\/2016\/02\/21-2016-KT-hat\u00e1rozat.pdf\" rel=\"\">21\/2016. (2016. febru\u00e1r 9-i) KT sz\u00e1m\u00fa hat\u00e1rozata a Nukle\u00e1ris Medicina Tansz\u00e9k telephelyeinek \u00f6sszevon\u00e1s\u00e1r\u00f3l<\/a><\/p>\n<p><a href=\"https:\/\/semmelweis.hu\/aok\/files\/2016\/02\/23-2016-KT-hat\u00e1rozat.pdf\" rel=\"\">23\/2016. (2016. febru\u00e1r 9-i) KT sz\u00e1m\u00fa hat\u00e1rozata 2016. \u00e9vre meghirdetett egyetemi tan\u00e1ri \u00e1ll\u00e1sokra p\u00e1ly\u00e1z\u00f3kr\u00f3l<\/a><\/p>\n<p><a href=\"https:\/\/semmelweis.hu\/aok\/files\/2016\/02\/25-2016-KT-hat\u00e1rozat.pdf\" rel=\"\">25\/2016. (2016. febru\u00e1r 9-i) KT hat\u00e1rozata a 2016. \u00e9vi sz\u00f3beli z\u00e1r\u00f3vizsga bizotts\u00e1gok eln\u00f6keire vonatkoz\u00f3 javaslatr\u00f3l<\/a><\/p>\n<p><a href=\"https:\/\/semmelweis.hu\/aok\/files\/2016\/02\/26-2016-KT-hat\u00e1rozat.pdf\" rel=\"\">26\/2016. (2016. febru\u00e1r 9-i) KT sz\u00e1m\u00fa hat\u00e1rozata a \u201eSE \u00c1OK oktat\u00f3 oszt\u00e1lya\u201d c\u00edm elnyer\u00e9s\u00e9r\u0151l sz\u00f3l\u00f3 javaslatr\u00f3l<\/a><\/p>\n<p><a href=\"https:\/\/semmelweis.hu\/aok\/files\/2016\/02\/27-2016-KT-hat\u00e1rozat.pdf\" rel=\"\">27\/2016. (2016. febru\u00e1r 9-i) KT hat\u00e1rozata a \u201dN\u00e9peg\u00e9szs\u00e9gtan \u00e9s prevent\u00edv medicina I. illetve II.\u201d tant\u00e1rgy el\u0151felt\u00e9teli t\u00e1rgyainak m\u00f3dos\u00edt\u00e1s\u00e1r\u00f3l<\/a><\/p>\n<p><a href=\"https:\/\/semmelweis.hu\/aok\/files\/2016\/02\/28-2016-KT-hat\u00e1rozat.pdf\" rel=\"\">28\/2016. (2016. febru\u00e1r 9-i) KT hat\u00e1rozata a \u201dMagatart\u00e1studom\u00e1ny II.\u201d tant\u00e1rgy el\u0151felt\u00e9teleinek m\u00f3dos\u00edt\u00e1s\u00e1r\u00f3l<\/a><\/p>\n","protected":false},"excerpt":{"rendered":"<p><a href=\"https:\/\/semmelweis.hu\/aok\/files\/2016\/02\/21-2016-KT-hat\u00e1rozat.pdf\" rel=\"\">21\/2016. (2016. febru\u00e1r 9-i) KT sz\u00e1m\u00fa hat\u00e1rozata a Nukle\u00e1ris Medicina Tansz\u00e9k telephelyeinek \u00f6sszevon\u00e1s\u00e1r\u00f3l<\/a><br \/>\n<a href=\"https:\/\/semmelweis.hu\/aok\/files\/2016\/02\/23-2016-KT-hat\u00e1rozat.pdf\" rel=\"\">23\/2016. (2016. febru\u00e1r 9-i) KT sz\u00e1m\u00fa hat\u00e1rozata 2016. \u00e9vre meghirdetett egyetemi tan\u00e1ri \u00e1ll\u00e1sokra p\u00e1ly\u00e1z\u00f3kr\u00f3l<\/a><br \/>\n<a href=\"https:\/\/semmelweis.hu\/aok\/files\/2016\/02\/25-2016-KT-hat\u00e1rozat.pdf\" rel=\"\">25\/2016. (2016. febru\u00e1r 9-i) KT hat\u00e1rozata a 2016. \u00e9vi sz\u00f3beli z\u00e1r\u00f3vizsga bizotts\u00e1gok eln\u00f6keire vonatkoz\u00f3 javaslatr\u00f3l<\/a><br \/>\n<a href=\"https:\/\/semmelweis.hu\/aok\/files\/2016\/02\/26-2016-KT-hat\u00e1rozat.pdf\" rel=\"\">26\/2016. (2016. febru\u00e1r 9-i) KT sz\u00e1m\u00fa hat\u00e1rozata a \u201eSE \u00c1OK oktat\u00f3 oszt\u00e1lya\u201d c\u00edm elnyer\u00e9s\u00e9r\u0151l sz\u00f3l\u00f3 javaslatr\u00f3l<\/a><br \/>\n<a href=\"https:\/\/semmelweis.hu\/aok\/files\/2016\/02\/27-2016-KT-hat\u00e1rozat.pdf\" rel=\"\">27\/2016. (2016. febru\u00e1r 9-i) KT hat\u00e1rozata a \u201dN\u00e9peg\u00e9szs\u00e9gtan \u00e9s prevent\u00edv medicina I. illetve II.\u201d tant\u00e1rgy el\u0151felt\u00e9teli t\u00e1rgyainak m\u00f3dos\u00edt\u00e1s\u00e1r\u00f3l<\/a><br \/>\n<a href=\"https:\/\/semmelweis.hu\/aok\/files\/2016\/02\/28-2016-KT-hat\u00e1rozat.pdf\" rel=\"\">28\/2016. (2016. febru\u00e1r 9-i) KT hat\u00e1rozata a \u201dMagatart\u00e1studom\u00e1ny II.\u201d tant\u00e1rgy el\u0151felt\u00e9teleinek m\u00f3dos\u00edt\u00e1s\u00e1r\u00f3l<\/a><\/p>\n","protected":false},"author":151,"featured_media":0,"parent":1141,"menu_order":0,"comment_status":"closed","ping_status":"closed","template":"","meta":{"_acf_changed":false,"footnotes":""},"categories":[],"tags":[],"class_list":["post-12611","page","type-page","status-publish","hentry"],"acf":[],"publishpress_future_action":{"enabled":false,"date":"1970-01-01 01:00:00","action":"","terms":[],"taxonomy":"","browser_timezone_offset":0},"_links":{"self":[{"href":"https:\/\/semmelweis.hu\/aok\/wp-json\/wp\/v2\/pages\/12611","targetHints":{"allow":["GET"]}}],"collection":[{"href":"https:\/\/semmelweis.hu\/aok\/wp-json\/wp\/v2\/pages"}],"about":[{"href":"https:\/\/semmelweis.hu\/aok\/wp-json\/wp\/v2\/types\/page"}],"author":[{"embeddable":true,"href":"https:\/\/semmelweis.hu\/aok\/wp-json\/wp\/v2\/users\/151"}],"replies":[{"embeddable":true,"href":"https:\/\/semmelweis.hu\/aok\/wp-json\/wp\/v2\/comments?post=12611"}],"version-history":[{"count":4,"href":"https:\/\/semmelweis.hu\/aok\/wp-json\/wp\/v2\/pages\/12611\/revisions"}],"predecessor-version":[{"id":21380,"href":"https:\/\/semmelweis.hu\/aok\/wp-json\/wp\/v2\/pages\/12611\/revisions\/21380"}],"up":[{"embeddable":true,"href":"https:\/\/semmelweis.hu\/aok\/wp-json\/wp\/v2\/pages\/1141"}],"wp:attachment":[{"href":"https:\/\/semmelweis.hu\/aok\/wp-json\/wp\/v2\/media?parent=12611"}],"wp:term":[{"taxonomy":"category","embeddable":true,"href":"https:\/\/semmelweis.hu\/aok\/wp-json\/wp\/v2\/categories?post=12611"},{"taxonomy":"post_tag","embeddable":true,"href":"https:\/\/semmelweis.hu\/aok\/wp-json\/wp\/v2\/tags?post=12611"}],"curies":[{"name":"wp","href":"https:\/\/api.w.org\/{rel}","templated":true}]}}

2016. február 9-i határozatok

<p><a href="https://semmelweis.hu/aok/files/2016/02/21-2016-KT-határozat.pdf" rel="">21/2016. (2016. február 9-i) KT számú határozata a Nukleáris Medicina Tanszék telephelyeinek összevonásáról</a></p>
<p><a href="https://semmelweis.hu/aok/files/2016/02/23-2016-KT-határozat.pdf" rel="">23/2016. (2016. február 9-i) KT számú határozata 2016. évre meghirdetett egyetemi tanári állásokra pályázókról</a></p>
<p><a href="https://semmelweis.hu/aok/files/2016/02/25-2016-KT-határozat.pdf" rel="">25/2016. (2016. február 9-i) KT határozata a 2016. évi szóbeli záróvizsga bizottságok elnökeire vonatkozó javaslatról</a></p>
<p><a href="https://semmelweis.hu/aok/files/2016/02/26-2016-KT-határozat.pdf" rel="">26/2016. (2016. február 9-i) KT számú határozata a „SE ÁOK oktató osztálya” cím elnyeréséről szóló javaslatról</a></p>
<p><a href="https://semmelweis.hu/aok/files/2016/02/27-2016-KT-határozat.pdf" rel="">27/2016. (2016. február 9-i) KT határozata a ”Népegészségtan és preventív medicina I. illetve II.” tantárgy előfeltételi tárgyainak módosításáról</a></p>
<p><a href="https://semmelweis.hu/aok/files/2016/02/28-2016-KT-határozat.pdf" rel="">28/2016. (2016. február 9-i) KT határozata a ”Magatartástudomány II.” tantárgy előfeltételeinek módosításáról</a></p>

<p><a href="https://semmelweis.hu/aok/files/2016/02/21-2016-KT-határozat.pdf" rel="">21/2016. (2016. február 9-i) KT számú határozata a Nukleáris Medicina Tanszék telephelyeinek összevonásáról</a><br />
<a href="https://semmelweis.hu/aok/files/2016/02/23-2016-KT-határozat.pdf" rel="">23/2016. (2016. február 9-i) KT számú határozata 2016. évre meghirdetett egyetemi tanári állásokra pályázókról</a><br />
<a href="https://semmelweis.hu/aok/files/2016/02/25-2016-KT-határozat.pdf" rel="">25/2016. (2016. február 9-i) KT határozata a 2016. évi szóbeli záróvizsga bizottságok elnökeire vonatkozó javaslatról</a><br />
<a href="https://semmelweis.hu/aok/files/2016/02/26-2016-KT-határozat.pdf" rel="">26/2016. (2016. február 9-i) KT számú határozata a „SE ÁOK oktató osztálya” cím elnyeréséről szóló javaslatról</a><br />
<a href="https://semmelweis.hu/aok/files/2016/02/27-2016-KT-határozat.pdf" rel="">27/2016. (2016. február 9-i) KT határozata a ”Népegészségtan és preventív medicina I. illetve II.” tantárgy előfeltételi tárgyainak módosításáról</a><br />
<a href="https://semmelweis.hu/aok/files/2016/02/28-2016-KT-határozat.pdf" rel="">28/2016. (2016. február 9-i) KT határozata a ”Magatartástudomány II.” tantárgy előfeltételeinek módosításáról</a></p>
