{"id":1165,"date":"2012-03-02T12:51:19","date_gmt":"2012-03-02T12:51:19","guid":{"rendered":"http:\/\/semmelweis-egyetem.hu\/aok\/?page_id=1165"},"modified":"2026-04-01T10:39:03","modified_gmt":"2026-04-01T08:39:03","slug":"szakmai-gyakorlatok","status":"publish","type":"page","link":"https:\/\/semmelweis.hu\/aok\/oktatas\/szakmai-gyakorlatok\/","title":{"rendered":"Szakmai gyakorlatok"},"content":{"rendered":"<h1>2026. \u00e9vi ny\u00e1ri szakmai gyakorlatok<\/h1>\n<h3>\u00c1pol\u00e1stan ny\u00e1ri gyakorlat<\/h3>\n<ul>\n<li><a href=\"https:\/\/semmelweis.hu\/aok\/files\/2026\/03\/Hallgatoi-tajekoztato_apolastan-nyari-gyakorlat_2026_v3.pdf\" target=\"_blank\" rel=\"noopener\">Hallgat\u00f3i t\u00e1j\u00e9koztat\u00f3<\/a><\/li>\n<li><a href=\"https:\/\/semmelweis.hu\/aok\/files\/2026\/02\/HONLAPRA-Nyari-apolastan-gyakorlat-gyakorlati-helyei_2026.pdf\">Ny\u00e1ri \u00e1pol\u00e1stan gyakorlat gyakorlati helyei<\/a><\/li>\n<li><a href=\"https:\/\/semmelweis.hu\/aok\/files\/2026\/02\/Apolastan-nyari-gyakorlat-tematika-tevekenysegi-lista-tetelsor.pdf\" target=\"_blank\" rel=\"noopener\">\u00c1pol\u00e1stan ny\u00e1ri gyakorlat tematika \u00e9s vizsgat\u00e9telek<\/a><\/li>\n<li><a href=\"https:\/\/semmelweis.hu\/aok\/files\/2026\/04\/Belfoldi-gyakorlohely-jovahagyasara-szolgalo-nyomtatvany-2026.docx\" target=\"_blank\" rel=\"noopener\">Belf\u00f6ldi gyakorl\u00f3hely j\u00f3v\u00e1hagy\u00e1s\u00e1ra szolg\u00e1l\u00f3 nyomtatv\u00e1ny<\/a><\/li>\n<li><a href=\"https:\/\/semmelweis.hu\/aok\/files\/2026\/02\/Igazolas-belfoldi-szakmai-gyakorlatrol-2026.docx\" target=\"_blank\" rel=\"noopener\">Igazol\u00e1s \u00e1pol\u00e1stan belf\u00f6ldi szakmai gyakorlatr\u00f3l<\/a><\/li>\n<\/ul>\n<h3>Belgy\u00f3gy\u00e1szat ny\u00e1ri gyakorlat<\/h3>\n<ul>\n<li><a href=\"https:\/\/semmelweis.hu\/aok\/files\/2026\/02\/Hallgatoi-tajekoztato_belgyogyaszat-nyari-gyakorlat-2026_v2.pdf\" target=\"_blank\" rel=\"noopener\">Hallgat\u00f3i t\u00e1j\u00e9koztat\u00f3<\/a><\/li>\n<li><a href=\"https:\/\/semmelweis.hu\/aok\/files\/2026\/03\/HONLAPRA-Egyetemi-gyakorlati-helyek_belgyogyaszat-es-sebeszet_1-a-melleklet_2026.pdf\" target=\"_blank\" rel=\"noopener\">Egyetemi gyakorlati helyek (belgy\u00f3gy\u00e1szat \u00e9s seb\u00e9szet)<\/a><\/li>\n<li><a href=\"https:\/\/semmelweis.hu\/aok\/files\/2026\/02\/HONLAPRA-Gyakorlo-korhazak-gyakorlati-helyei_belgyogyaszat-es-sebeszet_1-b-melleklet_2026.pdf\">Gyakorl\u00f3 k\u00f3rh\u00e1zak gyakorlati helyei (belgy\u00f3gy\u00e1szat \u00e9s seb\u00e9szet)<\/a><\/li>\n<li><a href=\"https:\/\/semmelweis.hu\/aok\/files\/2026\/02\/Belgyogyaszat-nyari-gyakorlat-tematika_2026.pdf\" target=\"_blank\" rel=\"noopener\">Belgy\u00f3gy\u00e1szat ny\u00e1ri gyakorlat tematika<\/a><\/li>\n<li><a href=\"https:\/\/semmelweis.hu\/aok\/files\/2026\/04\/Belfoldi-gyakorlohely-jovahagyasara-szolgalo-nyomtatvany-2026-1.docx\" target=\"_blank\" rel=\"noopener\">Belf\u00f6ldi gyakorl\u00f3hely j\u00f3v\u00e1hagy\u00e1s\u00e1ra szolg\u00e1l\u00f3 nyomtatv\u00e1ny<\/a><\/li>\n<li><a href=\"https:\/\/semmelweis.hu\/aok\/files\/2026\/02\/Igazolas-belfoldi-szakmai-gyakorlatrol-2026-1.docx\" target=\"_blank\" rel=\"noopener\">Igazol\u00e1s belf\u00f6ldi szakmai gyakorlatr\u00f3l<\/a><\/li>\n<\/ul>\n<h3>Seb\u00e9szet ny\u00e1ri gyakorlat<\/h3>\n<ul>\n<li><a href=\"https:\/\/semmelweis.hu\/aok\/files\/2026\/02\/Hallgatoi-tajekoztato_sebeszet-nyari-gyakorlat_2026_v2-1.pdf\">Hallgat\u00f3i t\u00e1j\u00e9koztat\u00f3<\/a><\/li>\n<li><a href=\"https:\/\/semmelweis.hu\/aok\/files\/2026\/03\/HONLAPRA-Egyetemi-gyakorlati-helyek_belgyogyaszat-es-sebeszet_1-a-melleklet_2026.pdf\" target=\"_blank\" rel=\"noopener\">Egyetemi gyakorlati helyek (belgy\u00f3gy\u00e1szat \u00e9s seb\u00e9szet)<\/a><\/li>\n<li><a href=\"https:\/\/semmelweis.hu\/aok\/files\/2026\/02\/HONLAPRA-Gyakorlo-korhazak-gyakorlati-helyei_belgyogyaszat-es-sebeszet_1-b-melleklet_2026.pdf\">Gyakorl\u00f3 k\u00f3rh\u00e1zak gyakorlati helyei (belgy\u00f3gy\u00e1szat \u00e9s seb\u00e9szet)<\/a><\/li>\n<li><a href=\"https:\/\/semmelweis.hu\/aok\/files\/2026\/02\/Sebeszet-nyari-gyakorlat-tematika.pdf\">Seb\u00e9szet ny\u00e1ri gyakorlat tematika<\/a><\/li>\n<li><a href=\"https:\/\/semmelweis.hu\/aok\/files\/2026\/04\/Belfoldi-gyakorlohely-jovahagyasara-szolgalo-nyomtatvany-2026-2.docx\" target=\"_blank\" rel=\"noopener\">Belf\u00f6ldi gyakorl\u00f3hely j\u00f3v\u00e1hagy\u00e1s\u00e1ra szolg\u00e1l\u00f3 nyomtatv\u00e1ny<\/a><\/li>\n<li><a href=\"https:\/\/semmelweis.hu\/aok\/files\/2026\/02\/Igazolas-belfoldi-szakmai-gyakorlatrol-2026-2.docx\" target=\"_blank\" rel=\"noopener\">Igazol\u00e1s belf\u00f6ldi szakmai gyakorlatr\u00f3l<\/a><\/li>\n<\/ul>\n<p>&nbsp;<\/p>\n<hr \/>\n<h2>K\u00fclf\u00f6ldi Szakmai Gyakorlat<\/h2>\n<h3>\u00c1ltal\u00e1nos t\u00e1j\u00e9koztat\u00f3<\/h3>\n<ul>\n<li><a href=\"https:\/\/semmelweis.hu\/aok\/files\/2025\/09\/TAJEKOZTATO-2025.-szeptember.pdf\" target=\"_blank\" rel=\"noopener\">T\u00e1j\u00e9koztat\u00f3 a szakmai gyakorlatok k\u00fclf\u00f6ld\u00f6n val\u00f3 teljes\u00edt\u00e9s\u00e9r\u0151l<\/a><\/li>\n<li><a href=\"https:\/\/semmelweis.hu\/aok\/files\/2025\/09\/Kulfoldi-nyari-gyakorlat-engedelyeztetese-nyomtatvany-2025.docx\" target=\"_blank\" rel=\"noopener\">K\u00fclf\u00f6ldi ny\u00e1ri gyakorlat enged\u00e9lyeztet\u00e9se nyomtatv\u00e1ny<\/a><\/li>\n<\/ul>\n<h3>K\u00fclf\u00f6ldi szakmai gyakorlatokhoz sz\u00fcks\u00e9ges tov\u00e1bbi dokumentumok<\/h3>\n<h4>K\u00fclf\u00f6ldi gyakorlat enged\u00e9lyez\u00e9s\u00e9hez el\u0151zetes akkredit\u00e1ci\u00f3s nyilatkozatok<strong><br \/>\n<\/strong><\/h4>\n<h5>I. \u00e9vfolyam<\/h5>\n<p>Angol nyelv\u0171 akkredit\u00e1ci\u00f3s nyilatkozat<\/p>\n<ul>\n<li><a href=\"https:\/\/semmelweis.hu\/aok\/files\/2025\/09\/01_akkr.nyil_._I.evf_.egyetemi-klinika-angol-2025.docx\" target=\"_blank\" rel=\"noopener\">Egyetemi klinika<\/a><\/li>\n<li><a href=\"https:\/\/semmelweis.hu\/aok\/files\/2025\/09\/02_akkr.nyil_._I.evf_.oktato-kh-angol_uj_2025.docx\" target=\"_blank\" rel=\"noopener\">Oktat\u00f3 k\u00f3rh\u00e1z<\/a><\/li>\n<\/ul>\n<p>N\u00e9met nyelv\u0171 akkredit\u00e1ci\u00f3s nyilatkozat<\/p>\n<ul>\n<li><a href=\"https:\/\/semmelweis.hu\/aok\/files\/2025\/09\/03_akkr.nyil_._I.evf_.egyetemi-klinika-nemet-2025.docx\" target=\"_blank\" rel=\"noopener\">Egyetemi klinika<\/a><\/li>\n<li><a href=\"https:\/\/semmelweis.hu\/aok\/files\/2025\/09\/04_akkr.nyil_._I.evf_.oktato-kh-nemet-2025.docx\" target=\"_blank\" rel=\"noopener\">Gyakorl\u00f3 k\u00f3rh\u00e1z<\/a><\/li>\n<\/ul>\n<h5>III. \u00e9vfolyam<\/h5>\n<p>Angol nyelv\u0171 akkredit\u00e1ci\u00f3s nyilatkozat<\/p>\n<ul>\n<li><a href=\"https:\/\/semmelweis.hu\/aok\/files\/2025\/09\/05_akkr.nyil_._III.evf_.egyetemi-klinika-angol-2025.docx\" target=\"_blank\" rel=\"noopener\">Egyetemi klinika<\/a><\/li>\n<li><a href=\"https:\/\/semmelweis.hu\/aok\/files\/2025\/09\/06_akkr.nyil_._III.evf_.oktato-kh-angol-2025.docx\" target=\"_blank\" rel=\"noopener\">Gyakorl\u00f3 k\u00f3rh\u00e1z<\/a><\/li>\n<\/ul>\n<p>N\u00e9met nyelv\u0171 akkredit\u00e1ci\u00f3s nyilatkozat<\/p>\n<ul>\n<li><a href=\"https:\/\/semmelweis.hu\/aok\/files\/2025\/09\/07_akkr.nyil_._III.evf_.egyetemi-klinika-nemet-2025.docx\" target=\"_blank\" rel=\"noopener\">Egyetemi klinika<\/a><\/li>\n<li><a href=\"https:\/\/semmelweis.hu\/aok\/files\/2025\/09\/08_akkr.nyil_._III.evf_.oktato-kh-nemet-2025.docx\" target=\"_blank\" rel=\"noopener\">Gyakorl\u00f3 k\u00f3rh\u00e1z<\/a><\/li>\n<\/ul>\n<h5>IV. \u00e9vfolyam<\/h5>\n<p>Angol nyelv\u0171 akkredit\u00e1ci\u00f3s nyilatkozat<\/p>\n<ul>\n<li><a href=\"https:\/\/semmelweis.hu\/aok\/files\/2025\/09\/09_akkr.nyil_._IV.evf_.egyetemi-klinika-angol-2025.docx\" target=\"_blank\" rel=\"noopener\">Egyetemi klinika<\/a><\/li>\n<li><a href=\"https:\/\/semmelweis.hu\/aok\/files\/2025\/09\/10_akkr.nyil_._IV.evf_.oktato-kh-angol-2025.docx\" target=\"_blank\" rel=\"noopener\">Gyakorl\u00f3 k\u00f3rh\u00e1z<\/a><\/li>\n<\/ul>\n<p>N\u00e9met nyelv\u0171 akkredit\u00e1ci\u00f3s nyilatkozat<\/p>\n<ul>\n<li><a href=\"https:\/\/semmelweis.hu\/aok\/files\/2025\/09\/11_akkr.nyil_._IV.evf_.egyetemi-klinika-nemet-2025.docx\" target=\"_blank\" rel=\"noopener\">Egyetemi klinika<\/a><\/li>\n<li><a href=\"https:\/\/semmelweis.hu\/aok\/files\/2025\/09\/12_akkr.nyil_._IV.evf_.oktato-kh-nemet-2025.docx\" target=\"_blank\" rel=\"noopener\">Gyakorl\u00f3 k\u00f3rh\u00e1z<\/a><\/li>\n<\/ul>\n<h4>Elv\u00e9gzett k\u00fclf\u00f6ldi gyakorlat igazol\u00e1s\u00e1ra szolg\u00e1l\u00f3 nyomtatv\u00e1nyok<strong><br \/>\n<\/strong><\/h4>\n<h5>I. \u00e9vfolyam<\/h5>\n<ul>\n<li><a href=\"https:\/\/semmelweis.hu\/aok\/files\/2025\/09\/13_igazolas-nyari-gyakorlatrol-I.evf_.-angol-2025.docx\" target=\"_blank\" rel=\"noopener\">Angol nyelv\u0171 igazol\u00e1s elv\u00e9gzett gyakorlatr\u00f3l<\/a><\/li>\n<li><a href=\"https:\/\/semmelweis.hu\/aok\/files\/2025\/09\/14_igazolas-nyari-gyakorlatrol-I.evf_.-nemet-2025.docx\" target=\"_blank\" rel=\"noopener\">N\u00e9met nyelv\u0171 igazol\u00e1s elv\u00e9gzett gyakorlatr\u00f3l<\/a><\/li>\n<\/ul>\n<h5>III. \u00e9vfolyam<\/h5>\n<ul>\n<li><a href=\"https:\/\/semmelweis.hu\/aok\/files\/2025\/09\/15_igazolas-nyari-gyakorlatrol-III.evf_.-angol-2025.docx\" target=\"_blank\" rel=\"noopener\">Angol nyelv\u0171 igazol\u00e1s elv\u00e9gzett gyakorlatr\u00f3l<\/a><\/li>\n<li><a href=\"https:\/\/semmelweis.hu\/aok\/files\/2025\/09\/16_igazolas-nyari-gyakorlatrol-III.evf_.-nemet-2025.docx\" target=\"_blank\" rel=\"noopener\">N\u00e9met nyelv\u0171 igazol\u00e1s elv\u00e9gzett gyakorlatr\u00f3l<\/a><\/li>\n<\/ul>\n<h5>IV. \u00e9vfolyam<\/h5>\n<ul>\n<li><a href=\"https:\/\/semmelweis.hu\/aok\/files\/2025\/09\/17_igazolas-nyari-gyakorlatrol-IV.evf_.-angol-2025.docx\" target=\"_blank\" rel=\"noopener\">Angol nyelv\u0171 igazol\u00e1s elv\u00e9gzett gyakorlatr\u00f3l<\/a><\/li>\n<li><a href=\"https:\/\/semmelweis.hu\/aok\/files\/2025\/09\/18_igazolas-nyari-gyakorlatrol-IV.evf_.-nemet-2025.docx\" target=\"_blank\" rel=\"noopener\">N\u00e9met nyelv\u0171 igazol\u00e1s elv\u00e9gzett gyakorlatr\u00f3l<\/a><\/li>\n<\/ul>\n<h4>a IV-V. \u00e9vfolyam Blokkos t\u00e1rgyainak K\u00dcLF\u00d6LDI teljes\u00edt\u00e9se\u00a0\u00a0<\/h4>\n<h3>T\u00e1j\u00e9koztat\u00f3 Pann\u00f3nia \u00f6szt\u00f6nd\u00edj keret\u00e9ben megval\u00f3sul\u00f3 k\u00fclf\u00f6ldi gyakorlatr\u00f3l<\/h3>\n<ul>\n<li><a href=\"https:\/\/semmelweis.hu\/aok\/files\/2025\/09\/Pannonia-eljarasrend-1.pdf\">Elj\u00e1r\u00e1srend a Pann\u00f3nia \u00f6szt\u00f6nd\u00edj keret\u00e9ben megval\u00f3sul\u00f3 k\u00fclf\u00f6ldi gyakorlat enged\u00e9lyez\u00e9s\u00e9re<\/a><\/li>\n<li><a href=\"https:\/\/semmelweis.hu\/aok\/files\/2026\/01\/Temavezetoi-befogado-nyilatkozat-Pannonia.docx\">T\u00e9mavezet\u0151i befogad\u00f3 nyilatkozat Pann\u00f3nia \u00f6szt\u00f6nd\u00edjhoz<\/a><\/li>\n<\/ul>\n<h3>\u00a0<\/h3>\n","protected":false},"excerpt":{"rendered":"<p>2026. \u00e9vi ny\u00e1ri szakmai gyakorlatok \u00c1pol\u00e1stan ny\u00e1ri gyakorlat <a href=\"https:\/\/semmelweis.hu\/aok\/files\/2026\/03\/Hallgatoi-tajekoztato_apolastan-nyari-gyakorlat_2026_v3.pdf\" target=\"_blank\" rel=\"noopener\">Hallgat\u00f3i t\u00e1j\u00e9koztat\u00f3<\/a> <a href=\"https:\/\/semmelweis.hu\/aok\/files\/2026\/02\/HONLAPRA-Nyari-apolastan-gyakorlat-gyakorlati-helyei_2026.pdf\">Ny\u00e1ri \u00e1pol\u00e1stan gyakorlat gyakorlati helyei<\/a> <a href=\"https:\/\/semmelweis.hu\/aok\/files\/2026\/02\/Apolastan-nyari-gyakorlat-tematika-tevekenysegi-lista-tetelsor.pdf\" target=\"_blank\" rel=\"noopener\">\u00c1pol\u00e1stan ny\u00e1ri gyakorlat tematika \u00e9s vizsgat\u00e9telek<\/a> <a href=\"https:\/\/semmelweis.hu\/aok\/files\/2026\/04\/Belfoldi-gyakorlohely-jovahagyasara-szolgalo-nyomtatvany-2026.docx\" target=\"_blank\" rel=\"noopener\">Belf\u00f6ldi gyakorl\u00f3hely j\u00f3v\u00e1hagy\u00e1s\u00e1ra szolg\u00e1l\u00f3 nyomtatv\u00e1ny<\/a> <a href=\"https:\/\/semmelweis.hu\/aok\/files\/2026\/02\/Igazolas-belfoldi-szakmai-gyakorlatrol-2026.docx\" target=\"_blank\" rel=\"noopener\">Igazol\u00e1s \u00e1pol\u00e1stan belf\u00f6ldi szakmai gyakorlatr\u00f3l<\/a> Belgy\u00f3gy\u00e1szat ny\u00e1ri gyakorlat <a href=\"https:\/\/semmelweis.hu\/aok\/files\/2026\/02\/Hallgatoi-tajekoztato_belgyogyaszat-nyari-gyakorlat-2026_v2.pdf\" target=\"_blank\" rel=\"noopener\">Hallgat\u00f3i t\u00e1j\u00e9koztat\u00f3<\/a> <a href=\"https:\/\/semmelweis.hu\/aok\/files\/2026\/03\/HONLAPRA-Egyetemi-gyakorlati-helyek_belgyogyaszat-es-sebeszet_1-a-melleklet_2026.pdf\" target=\"_blank\" rel=\"noopener\">Egyetemi gyakorlati helyek (belgy\u00f3gy\u00e1szat \u00e9s seb\u00e9szet)<\/a> <a href=\"https:\/\/semmelweis.hu\/aok\/files\/2026\/02\/HONLAPRA-Gyakorlo-korhazak-gyakorlati-helyei_belgyogyaszat-es-sebeszet_1-b-melleklet_2026.pdf\">Gyakorl\u00f3 k\u00f3rh\u00e1zak gyakorlati helyei (belgy\u00f3gy\u00e1szat \u00e9s seb\u00e9szet)<\/a> <a href=\"https:\/\/semmelweis.hu\/aok\/files\/2026\/02\/Belgyogyaszat-nyari-gyakorlat-tematika_2026.pdf\" target=\"_blank\" rel=\"noopener\">Belgy\u00f3gy\u00e1szat ny\u00e1ri gyakorlat tematika<\/a> <a href=\"https:\/\/semmelweis.hu\/aok\/files\/2026\/04\/Belfoldi-gyakorlohely-jovahagyasara-szolgalo-nyomtatvany-2026-1.docx\" target=\"_blank\" rel=\"noopener\">Belf\u00f6ldi gyakorl\u00f3hely j\u00f3v\u00e1hagy\u00e1s\u00e1ra szolg\u00e1l\u00f3 nyomtatv\u00e1ny<\/a> <a href=\"https:\/\/semmelweis.hu\/aok\/files\/2026\/02\/Igazolas-belfoldi-szakmai-gyakorlatrol-2026-1.docx\" target=\"_blank\" rel=\"noopener\">Igazol\u00e1s belf\u00f6ldi szakmai gyakorlatr\u00f3l<\/a> Seb\u00e9szet ny\u00e1ri gyakorlat <a href=\"https:\/\/semmelweis.hu\/aok\/files\/2026\/02\/Hallgatoi-tajekoztato_sebeszet-nyari-gyakorlat_2026_v2-1.pdf\">Hallgat\u00f3i t\u00e1j\u00e9koztat\u00f3<\/a> <a href=\"https:\/\/semmelweis.hu\/aok\/files\/2026\/03\/HONLAPRA-Egyetemi-gyakorlati-helyek_belgyogyaszat-es-sebeszet_1-a-melleklet_2026.pdf\" target=\"_blank\" rel=\"noopener\">Egyetemi gyakorlati helyek (belgy\u00f3gy\u00e1szat \u00e9s seb\u00e9szet)<\/a> <a href=\"https:\/\/semmelweis.hu\/aok\/files\/2026\/02\/HONLAPRA-Gyakorlo-korhazak-gyakorlati-helyei_belgyogyaszat-es-sebeszet_1-b-melleklet_2026.pdf\">Gyakorl\u00f3 k\u00f3rh\u00e1zak gyakorlati helyei (belgy\u00f3gy\u00e1szat \u00e9s seb\u00e9szet)<\/a> <a href=\"https:\/\/semmelweis.hu\/aok\/files\/2026\/02\/Sebeszet-nyari-gyakorlat-tematika.pdf\">Seb\u00e9szet ny\u00e1ri gyakorlat tematika<\/a> <a href=\"https:\/\/semmelweis.hu\/aok\/files\/2026\/04\/Belfoldi-gyakorlohely-jovahagyasara-szolgalo-nyomtatvany-2026-2.docx\" target=\"_blank\" rel=\"noopener\">Belf\u00f6ldi gyakorl\u00f3hely j\u00f3v\u00e1hagy\u00e1s\u00e1ra szolg\u00e1l\u00f3 nyomtatv\u00e1ny<\/a> <a href=\"https:\/\/semmelweis.hu\/aok\/files\/2026\/02\/Igazolas-belfoldi-szakmai-gyakorlatrol-2026-2.docx\" target=\"_blank\" rel=\"noopener\">Igazol\u00e1s belf\u00f6ldi szakmai gyakorlatr\u00f3l<\/a> &nbsp; K\u00fclf\u00f6ldi Szakmai Gyakorlat \u00c1ltal\u00e1nos t\u00e1j\u00e9koztat\u00f3 <a href=\"https:\/\/semmelweis.hu\/aok\/files\/2025\/09\/TAJEKOZTATO-2025.-szeptember.pdf\" target=\"_blank\" rel=\"noopener\">T\u00e1j\u00e9koztat\u00f3 a szakmai gyakorlatok k\u00fclf\u00f6ld\u00f6n val\u00f3 teljes\u00edt\u00e9s\u00e9r\u0151l<\/a> <a href=\"https:\/\/semmelweis.hu\/aok\/files\/2025\/09\/Kulfoldi-nyari-gyakorlat-engedelyeztetese-nyomtatvany-2025.docx\" target=\"_blank\" rel=\"noopener\">K\u00fclf\u00f6ldi ny\u00e1ri gyakorlat enged\u00e9lyeztet\u00e9se nyomtatv\u00e1ny<\/a> K\u00fclf\u00f6ldi szakmai gyakorlatokhoz sz\u00fcks\u00e9ges tov\u00e1bbi dokumentumok K\u00fclf\u00f6ldi gyakorlat enged\u00e9lyez\u00e9s\u00e9hez el\u0151zetes akkredit\u00e1ci\u00f3s nyilatkozatok I. \u00e9vfolyam Angol nyelv\u0171 akkredit\u00e1ci\u00f3s nyilatkozat <a href=\"https:\/\/semmelweis.hu\/aok\/files\/2025\/09\/01_akkr.nyil_._I.evf_.egyetemi-klinika-angol-2025.docx\" target=\"_blank\" rel=\"noopener\">Egyetemi klinika<\/a> <a href=\"https:\/\/semmelweis.hu\/aok\/files\/2025\/09\/02_akkr.nyil_._I.evf_.oktato-kh-angol_uj_2025.docx\" target=\"_blank\" rel=\"noopener\">Oktat\u00f3 k\u00f3rh\u00e1z<\/a> N\u00e9met nyelv\u0171 akkredit\u00e1ci\u00f3s nyilatkozat <a href=\"https:\/\/semmelweis.hu\/aok\/files\/2025\/09\/03_akkr.nyil_._I.evf_.egyetemi-klinika-nemet-2025.docx\" target=\"_blank\" rel=\"noopener\">Egyetemi klinika<\/a> <a href=\"https:\/\/semmelweis.hu\/aok\/files\/2025\/09\/04_akkr.nyil_._I.evf_.oktato-kh-nemet-2025.docx\" target=\"_blank\" rel=\"noopener\">Gyakorl\u00f3 k\u00f3rh\u00e1z<\/a> III. \u00e9vfolyam Angol nyelv\u0171 akkredit\u00e1ci\u00f3s nyilatkozat <a href=\"https:\/\/semmelweis.hu\/aok\/files\/2025\/09\/05_akkr.nyil_._III.evf_.egyetemi-klinika-angol-2025.docx\" target=\"_blank\" rel=\"noopener\">Egyetemi klinika<\/a> <a href=\"https:\/\/semmelweis.hu\/aok\/files\/2025\/09\/06_akkr.nyil_._III.evf_.oktato-kh-angol-2025.docx\" target=\"_blank\" rel=\"noopener\">Gyakorl\u00f3 k\u00f3rh\u00e1z<\/a> N\u00e9met nyelv\u0171 akkredit\u00e1ci\u00f3s nyilatkozat <a href=\"https:\/\/semmelweis.hu\/aok\/files\/2025\/09\/07_akkr.nyil_._III.evf_.egyetemi-klinika-nemet-2025.docx\" target=\"_blank\" rel=\"noopener\">Egyetemi klinika<\/a> <a href=\"https:\/\/semmelweis.hu\/aok\/files\/2025\/09\/08_akkr.nyil_._III.evf_.oktato-kh-nemet-2025.docx\" target=\"_blank\" rel=\"noopener\">Gyakorl\u00f3 k\u00f3rh\u00e1z<\/a> IV. \u00e9vfolyam Angol &hellip;<\/p>\n","protected":false},"author":158,"featured_media":0,"parent":126,"menu_order":6,"comment_status":"closed","ping_status":"closed","template":"","meta":{"_acf_changed":false,"footnotes":""},"categories":[],"tags":[],"class_list":["post-1165","page","type-page","status-publish","hentry"],"acf":[],"publishpress_future_action":{"enabled":false,"date":"1970-01-01 01:00:00","action":"","terms":[],"taxonomy":"","browser_timezone_offset":0},"_links":{"self":[{"href":"https:\/\/semmelweis.hu\/aok\/wp-json\/wp\/v2\/pages\/1165","targetHints":{"allow":["GET"]}}],"collection":[{"href":"https:\/\/semmelweis.hu\/aok\/wp-json\/wp\/v2\/pages"}],"about":[{"href":"https:\/\/semmelweis.hu\/aok\/wp-json\/wp\/v2\/types\/page"}],"author":[{"embeddable":true,"href":"https:\/\/semmelweis.hu\/aok\/wp-json\/wp\/v2\/users\/158"}],"replies":[{"embeddable":true,"href":"https:\/\/semmelweis.hu\/aok\/wp-json\/wp\/v2\/comments?post=1165"}],"version-history":[{"count":14,"href":"https:\/\/semmelweis.hu\/aok\/wp-json\/wp\/v2\/pages\/1165\/revisions"}],"predecessor-version":[{"id":34335,"href":"https:\/\/semmelweis.hu\/aok\/wp-json\/wp\/v2\/pages\/1165\/revisions\/34335"}],"up":[{"embeddable":true,"href":"https:\/\/semmelweis.hu\/aok\/wp-json\/wp\/v2\/pages\/126"}],"wp:attachment":[{"href":"https:\/\/semmelweis.hu\/aok\/wp-json\/wp\/v2\/media?parent=1165"}],"wp:term":[{"taxonomy":"category","embeddable":true,"href":"https:\/\/semmelweis.hu\/aok\/wp-json\/wp\/v2\/categories?post=1165"},{"taxonomy":"post_tag","embeddable":true,"href":"https:\/\/semmelweis.hu\/aok\/wp-json\/wp\/v2\/tags?post=1165"}],"curies":[{"name":"wp","href":"https:\/\/api.w.org\/{rel}","templated":true}]}}