{"id":11524,"date":"2015-10-16T11:59:37","date_gmt":"2015-10-16T09:59:37","guid":{"rendered":"http:\/\/semmelweis.hu\/aok\/?page_id=11524"},"modified":"2023-07-19T15:47:21","modified_gmt":"2023-07-19T13:47:21","slug":"tudomany-es-kutatas-a-karon","status":"publish","type":"page","link":"https:\/\/semmelweis.hu\/aok\/tudomany-es-kutatas-a-karon\/","title":{"rendered":"Tudom\u00e1ny \u00e9s kutat\u00e1s a karon"},"content":{"rendered":"<p style=\"text-align: justify;\">A Semmelweis Egyetem kutat\u00e1si tev\u00e9kenys\u00e9g\u00e9nek legnagyobb r\u00e9sze az \u00c1ltal\u00e1nos Orvostudom\u00e1nyi Karon koncentr\u00e1l\u00f3dik. T\u00f6bb sz\u00e1z oktat\u00f3, v\u00e9gzett orvos \u00e9s Phd-hallgat\u00f3 dolgozik akt\u00edvan az \u00e9lettudom\u00e1nyok igen sz\u00e9les ter\u00fclet\u00e9n. A tudom\u00e1nyos tev\u00e9kenys\u00e9g finansz\u00edroz\u00e1s\u00e1ban r\u00e9szt vesznek hazai (Eur\u00f3pai Uni\u00f3 \u00e9s a European Research Council) egyar\u00e1nt. Fiatal, p\u00e1ly\u00e1juk kezdet\u00e9n \u00e1ll\u00f3 kutat\u00f3ink d\u00e9k\u00e1ni p\u00e1ly\u00e1zat \u00fatj\u00e1n is nyerhetnek t\u00e1mogat\u00e1st munk\u00e1jukhoz.<\/p>\n<p style=\"text-align: justify;\">Jelent\u0151s fejl\u0151d\u00e9st \u00e9rt\u00fcnk el az orvosi alaptudom\u00e1nyokban, els\u0151sorban a neurok\u00e9mia, a bioenergetika, a sejt- \u00e9s molekul\u00e1ris biol\u00f3gia, az oxidat\u00edv stressz, a cellul\u00e1ris jel\u00e1tvitel, az immunol\u00f3gia, a genetika \u00e9s proteomika, valamint a kardiovaszkul\u00e1ris fiziol\u00f3gia ter\u00fcletein. A klinikai kutat\u00e1sok a kardiovaszkul\u00e1ris, az endokrin, a metabolikus \u00e9s a gyermekbetegs\u00e9gekre, a tumorfejl\u0151d\u00e9sre, szervtranszplant\u00e1ci\u00f3ra, urol\u00f3giai \u00e9s reprodukci\u00f3s zavarokra koncentr\u00e1lnak.<\/p>\n<p style=\"text-align: justify;\">Legakt\u00edvabb kutat\u00f3csoportjaink kutat\u00e1si profiljait \u00e9s publik\u00e1ci\u00f3it \u00f6sszegzi az \u201eAcademic Excellence in Biomedical Research at the Semmelweis University\u201d c\u00edm\u0171 k\u00f6tet, amely az Egyetem honlapj\u00e1r\u00f3l let\u00f6lthet\u0151 (<a href=\"https:\/\/semmelweis.hu\/english\/research\">https:\/\/semmelweis.hu\/english\/research<\/a>).<\/p>\n","protected":false},"excerpt":{"rendered":"<p>A Semmelweis Egyetem kutat\u00e1si tev\u00e9kenys\u00e9g\u00e9nek legnagyobb r\u00e9sze az \u00c1ltal\u00e1nos Orvostudom\u00e1nyi Karon koncentr\u00e1l\u00f3dik. T\u00f6bb sz\u00e1z oktat\u00f3, v\u00e9gzett orvos \u00e9s Phd-hallgat\u00f3 dolgozik akt\u00edvan az \u00e9lettudom\u00e1nyok igen sz\u00e9les ter\u00fclet\u00e9n. A tudom\u00e1nyos tev\u00e9kenys\u00e9g finansz\u00edroz\u00e1s\u00e1ban r\u00e9szt vesznek hazai (Eur\u00f3pai Uni\u00f3 \u00e9s a European Research Council) egyar\u00e1nt. Fiatal, p\u00e1ly\u00e1juk kezdet\u00e9n \u00e1ll\u00f3 kutat\u00f3ink d\u00e9k\u00e1ni p\u00e1ly\u00e1zat \u00fatj\u00e1n is nyerhetnek t\u00e1mogat\u00e1st munk\u00e1jukhoz. Jelent\u0151s fejl\u0151d\u00e9st &hellip;<\/p>\n","protected":false},"author":315,"featured_media":0,"parent":0,"menu_order":4,"comment_status":"closed","ping_status":"closed","template":"","meta":{"_acf_changed":false,"footnotes":""},"categories":[],"tags":[],"class_list":["post-11524","page","type-page","status-publish","hentry"],"acf":[],"publishpress_future_action":{"enabled":false,"date":"1970-01-01 01:00:00","action":"","terms":[],"taxonomy":"","browser_timezone_offset":0},"_links":{"self":[{"href":"https:\/\/semmelweis.hu\/aok\/wp-json\/wp\/v2\/pages\/11524","targetHints":{"allow":["GET"]}}],"collection":[{"href":"https:\/\/semmelweis.hu\/aok\/wp-json\/wp\/v2\/pages"}],"about":[{"href":"https:\/\/semmelweis.hu\/aok\/wp-json\/wp\/v2\/types\/page"}],"author":[{"embeddable":true,"href":"https:\/\/semmelweis.hu\/aok\/wp-json\/wp\/v2\/users\/315"}],"replies":[{"embeddable":true,"href":"https:\/\/semmelweis.hu\/aok\/wp-json\/wp\/v2\/comments?post=11524"}],"version-history":[{"count":9,"href":"https:\/\/semmelweis.hu\/aok\/wp-json\/wp\/v2\/pages\/11524\/revisions"}],"predecessor-version":[{"id":27311,"href":"https:\/\/semmelweis.hu\/aok\/wp-json\/wp\/v2\/pages\/11524\/revisions\/27311"}],"wp:attachment":[{"href":"https:\/\/semmelweis.hu\/aok\/wp-json\/wp\/v2\/media?parent=11524"}],"wp:term":[{"taxonomy":"category","embeddable":true,"href":"https:\/\/semmelweis.hu\/aok\/wp-json\/wp\/v2\/categories?post=11524"},{"taxonomy":"post_tag","embeddable":true,"href":"https:\/\/semmelweis.hu\/aok\/wp-json\/wp\/v2\/tags?post=11524"}],"curies":[{"name":"wp","href":"https:\/\/api.w.org\/{rel}","templated":true}]}}