{"id":9539,"date":"2026-01-28T13:32:22","date_gmt":"2026-01-28T12:32:22","guid":{"rendered":"https:\/\/semmelweis.hu\/aneszteziologia\/?page_id=9539"},"modified":"2026-01-28T13:41:46","modified_gmt":"2026-01-28T12:41:46","slug":"belso-oktatas","status":"publish","type":"page","link":"https:\/\/semmelweis.hu\/aneszteziologia\/rolunk\/adatvedelem\/belso-oktatas\/","title":{"rendered":"Bels\u0151 oktat\u00e1s"},"content":{"rendered":"<p><a href=\"https:\/\/semmelweis.hu\/aneszteziologia\/files\/2026\/01\/Adatbiztonsag-adatvedelem-az-egeszsegugyben.pdf\">Adatbiztons\u00e1g &#8211; Adatv\u00e9delem az eg\u00e9szs\u00e9g\u00fcgyben<\/a><\/p>\n<p><a href=\"https:\/\/semmelweis.hu\/aneszteziologia\/files\/2026\/01\/belso_oktatashoz-3.zip\">Adatv\u00e9delmi oktat\u00e1s<\/a><\/p>\n<p><a href=\"https:\/\/semmelweis.hu\/jogigfoig\/dokumentumtar\/szabalyzattar\/adatvedelmi-szabalyzat\/\">Adatv\u00e9delmi szab\u00e1lyzat<\/a><\/p>\n<p>&nbsp;<\/p>\n","protected":false},"excerpt":{"rendered":"<p><a href=\"https:\/\/semmelweis.hu\/aneszteziologia\/files\/2026\/01\/Adatbiztonsag-adatvedelem-az-egeszsegugyben.pdf\">Adatbiztons\u00e1g &#8211; Adatv\u00e9delem az eg\u00e9szs\u00e9g\u00fcgyben<\/a><br \/>\n<a href=\"https:\/\/semmelweis.hu\/aneszteziologia\/files\/2026\/01\/belso_oktatashoz-3.zip\">Adatv\u00e9delmi oktat\u00e1s<\/a><br \/>\n<a href=\"https:\/\/semmelweis.hu\/jogigfoig\/dokumentumtar\/szabalyzattar\/adatvedelmi-szabalyzat\/\">Adatv\u00e9delmi szab\u00e1lyzat<\/a><br \/>\n&nbsp;<\/p>\n","protected":false},"author":102324,"featured_media":0,"parent":8206,"menu_order":1,"comment_status":"closed","ping_status":"closed","template":"","meta":{"_acf_changed":false,"footnotes":""},"categories":[],"tags":[],"class_list":["post-9539","page","type-page","status-publish","hentry"],"acf":[],"_links":{"self":[{"href":"https:\/\/semmelweis.hu\/aneszteziologia\/wp-json\/wp\/v2\/pages\/9539","targetHints":{"allow":["GET"]}}],"collection":[{"href":"https:\/\/semmelweis.hu\/aneszteziologia\/wp-json\/wp\/v2\/pages"}],"about":[{"href":"https:\/\/semmelweis.hu\/aneszteziologia\/wp-json\/wp\/v2\/types\/page"}],"author":[{"embeddable":true,"href":"https:\/\/semmelweis.hu\/aneszteziologia\/wp-json\/wp\/v2\/users\/102324"}],"replies":[{"embeddable":true,"href":"https:\/\/semmelweis.hu\/aneszteziologia\/wp-json\/wp\/v2\/comments?post=9539"}],"version-history":[{"count":3,"href":"https:\/\/semmelweis.hu\/aneszteziologia\/wp-json\/wp\/v2\/pages\/9539\/revisions"}],"predecessor-version":[{"id":9543,"href":"https:\/\/semmelweis.hu\/aneszteziologia\/wp-json\/wp\/v2\/pages\/9539\/revisions\/9543"}],"up":[{"embeddable":true,"href":"https:\/\/semmelweis.hu\/aneszteziologia\/wp-json\/wp\/v2\/pages\/8206"}],"wp:attachment":[{"href":"https:\/\/semmelweis.hu\/aneszteziologia\/wp-json\/wp\/v2\/media?parent=9539"}],"wp:term":[{"taxonomy":"category","embeddable":true,"href":"https:\/\/semmelweis.hu\/aneszteziologia\/wp-json\/wp\/v2\/categories?post=9539"},{"taxonomy":"post_tag","embeddable":true,"href":"https:\/\/semmelweis.hu\/aneszteziologia\/wp-json\/wp\/v2\/tags?post=9539"}],"curies":[{"name":"wp","href":"https:\/\/api.w.org\/{rel}","templated":true}]}}