{"id":9489,"date":"2025-12-08T13:32:31","date_gmt":"2025-12-08T12:32:31","guid":{"rendered":"https:\/\/semmelweis.hu\/aneszteziologia\/?page_id=9489"},"modified":"2025-12-08T14:36:54","modified_gmt":"2025-12-08T13:36:54","slug":"bevezetes-a-betegellatasba","status":"publish","type":"page","link":"https:\/\/semmelweis.hu\/aneszteziologia\/oktatas\/gradualis-orvoskepzes\/bevezetes-a-betegellatasba\/","title":{"rendered":"Bevezet\u00e9s a betegell\u00e1t\u00e1sba"},"content":{"rendered":"<p><strong>Bevezet\u00e9s a betegell\u00e1t\u00e1sba<\/strong><\/p>\n<p>A t\u00e1rgy oktat\u00e1sa a Semmelweis Egyetem Csal\u00e1dorvosi Tansz\u00e9k\u00e9vel k\u00f6z\u00f6s szervez\u00e9sben t\u00f6rt\u00e9nik, a gyakorlatokat pedig a Semmelweis Egyetem Szimul\u00e1ci\u00f3s K\u00f6zpontj\u00e1ban tartjuk. Az els\u0151\u00e9ves hallgat\u00f3k sz\u00e1m\u00e1ra, akik a t\u00e1rgyat a Neptun rendszerben felveszik, a Moodle-k\u00f3d automatikusan hozz\u00e1rendel\u00e9sre ker\u00fcl.<br \/>\n<br data-start=\"340\" data-end=\"343\" \/><br \/>\n<strong>A gyakorlati k\u00e9pz\u00e9s felel\u0151se:<\/strong> Rumi Brigitta <a href=\"mailto:rumi.brigitta@semmelweis.hu\">rumi.brigitta@semmelweis.hu<\/a><\/p>\n<p>&nbsp;<\/p>\n","protected":false},"excerpt":{"rendered":"<p>Bevezet\u00e9s a betegell\u00e1t\u00e1sba<br \/>\nA t\u00e1rgy oktat\u00e1sa a Semmelweis Egyetem Csal\u00e1dorvosi Tansz\u00e9k\u00e9vel k\u00f6z\u00f6s szervez\u00e9sben t\u00f6rt\u00e9nik, a gyakorlatokat pedig a Semmelweis Egyetem Szimul\u00e1ci\u00f3s K\u00f6zpontj\u00e1ban tartjuk. Az els\u0151\u00e9ves hallgat\u00f3k sz\u00e1m\u00e1ra, akik a t\u00e1rgyat a Neptun rendszerben felveszik, a Moodle-k\u00f3d automatikusan hozz\u00e1rendel\u00e9sre ker\u00fcl.<\/p>\n<p>A gyakorlati k\u00e9pz\u00e9s felel\u0151se: Rumi Brigitta <a href=\"mailto:rumi.brigitta@semmelweis.hu\">rumi.brigitta@semmelweis.hu<\/a><br \/>\n&nbsp;<\/p>\n","protected":false},"author":102324,"featured_media":0,"parent":53,"menu_order":2,"comment_status":"closed","ping_status":"closed","template":"","meta":{"_acf_changed":false,"footnotes":""},"categories":[],"tags":[],"class_list":["post-9489","page","type-page","status-publish","hentry"],"acf":[],"_links":{"self":[{"href":"https:\/\/semmelweis.hu\/aneszteziologia\/wp-json\/wp\/v2\/pages\/9489","targetHints":{"allow":["GET"]}}],"collection":[{"href":"https:\/\/semmelweis.hu\/aneszteziologia\/wp-json\/wp\/v2\/pages"}],"about":[{"href":"https:\/\/semmelweis.hu\/aneszteziologia\/wp-json\/wp\/v2\/types\/page"}],"author":[{"embeddable":true,"href":"https:\/\/semmelweis.hu\/aneszteziologia\/wp-json\/wp\/v2\/users\/102324"}],"replies":[{"embeddable":true,"href":"https:\/\/semmelweis.hu\/aneszteziologia\/wp-json\/wp\/v2\/comments?post=9489"}],"version-history":[{"count":1,"href":"https:\/\/semmelweis.hu\/aneszteziologia\/wp-json\/wp\/v2\/pages\/9489\/revisions"}],"predecessor-version":[{"id":9490,"href":"https:\/\/semmelweis.hu\/aneszteziologia\/wp-json\/wp\/v2\/pages\/9489\/revisions\/9490"}],"up":[{"embeddable":true,"href":"https:\/\/semmelweis.hu\/aneszteziologia\/wp-json\/wp\/v2\/pages\/53"}],"wp:attachment":[{"href":"https:\/\/semmelweis.hu\/aneszteziologia\/wp-json\/wp\/v2\/media?parent=9489"}],"wp:term":[{"taxonomy":"category","embeddable":true,"href":"https:\/\/semmelweis.hu\/aneszteziologia\/wp-json\/wp\/v2\/categories?post=9489"},{"taxonomy":"post_tag","embeddable":true,"href":"https:\/\/semmelweis.hu\/aneszteziologia\/wp-json\/wp\/v2\/tags?post=9489"}],"curies":[{"name":"wp","href":"https:\/\/api.w.org\/{rel}","templated":true}]}}