{"id":9469,"date":"2025-12-08T10:52:54","date_gmt":"2025-12-08T09:52:54","guid":{"rendered":"https:\/\/semmelweis.hu\/aneszteziologia\/?page_id=9469"},"modified":"2025-12-08T11:16:19","modified_gmt":"2025-12-08T10:16:19","slug":"belso-tomb-intenziv-reszleg","status":"publish","type":"page","link":"https:\/\/semmelweis.hu\/aneszteziologia\/betegellatas\/belso-tomb-intenziv-reszleg\/","title":{"rendered":"Bels\u0151 T\u00f6mb Intenz\u00edv R\u00e9szleg"},"content":{"rendered":"<p><strong>BELS\u0150 KLINIKAI T\u00d6MB<br \/>\nIntenz\u00edv r\u00e9szleg<\/p>\n<p><\/strong>A Semmelweis Egyetem v\u00e1ltoz\u00f3 betegell\u00e1t\u00e1si ig\u00e9nyei miatt, klinik\u00e1nk 2021. 09. 01-t\u0151l az eg\u00e9sz Bels\u0151 Klinikai T\u00f6mb intenz\u00edv ter\u00e1pi\u00e1s ell\u00e1t\u00e1s\u00e1\u00e9rt, valamint a folyamatos reanim\u00e1ci\u00f3s k\u00e9szenl\u00e9t biztos\u00edt\u00e1s\u00e1\u00e9rt felel, v\u00e1ltoz\u00f3 \u00e1gysz\u00e1mon. A fekv\u0151betegek ell\u00e1t\u00e1sa egy helysz\u00ednen t\u00f6rt\u00e9nik a Tart\u00f3s L\u00e9legeztet\u00e9si Oszt\u00e1ly betegeivel egy\u00fctt, azonban az ell\u00e1t\u00e1st v\u00e9gz\u0151 orvosi \u00e9s szakdolgoz\u00f3i jelenl\u00e9t kib\u0151v\u00edtett, \u00e9s mag\u00e1ban foglalja a klinika teljes szem\u00e9lyi \u00e1llom\u00e1ny\u00e1t.<br \/>\n<strong><br \/>\n<\/strong><\/p>\n","protected":false},"excerpt":{"rendered":"<p>BELS\u0150 KLINIKAI T\u00d6MB Intenz\u00edv r\u00e9szleg A Semmelweis Egyetem v\u00e1ltoz\u00f3 betegell\u00e1t\u00e1si ig\u00e9nyei miatt, klinik\u00e1nk 2021. 09. 01-t\u0151l az eg\u00e9sz Bels\u0151 Klinikai T\u00f6mb intenz\u00edv ter\u00e1pi\u00e1s ell\u00e1t\u00e1s\u00e1\u00e9rt, valamint a folyamatos reanim\u00e1ci\u00f3s k\u00e9szenl\u00e9t biztos\u00edt\u00e1s\u00e1\u00e9rt felel, v\u00e1ltoz\u00f3 \u00e1gysz\u00e1mon. A fekv\u0151betegek ell\u00e1t\u00e1sa egy helysz\u00ednen t\u00f6rt\u00e9nik a Tart\u00f3s L\u00e9legeztet\u00e9si Oszt\u00e1ly betegeivel egy\u00fctt, azonban az ell\u00e1t\u00e1st v\u00e9gz\u0151 orvosi \u00e9s szakdolgoz\u00f3i jelenl\u00e9t kib\u0151v\u00edtett, \u00e9s &hellip;<\/p>\n","protected":false},"author":102324,"featured_media":0,"parent":7,"menu_order":2,"comment_status":"closed","ping_status":"closed","template":"","meta":{"_acf_changed":false,"footnotes":""},"categories":[],"tags":[],"class_list":["post-9469","page","type-page","status-publish","hentry"],"acf":[],"_links":{"self":[{"href":"https:\/\/semmelweis.hu\/aneszteziologia\/wp-json\/wp\/v2\/pages\/9469","targetHints":{"allow":["GET"]}}],"collection":[{"href":"https:\/\/semmelweis.hu\/aneszteziologia\/wp-json\/wp\/v2\/pages"}],"about":[{"href":"https:\/\/semmelweis.hu\/aneszteziologia\/wp-json\/wp\/v2\/types\/page"}],"author":[{"embeddable":true,"href":"https:\/\/semmelweis.hu\/aneszteziologia\/wp-json\/wp\/v2\/users\/102324"}],"replies":[{"embeddable":true,"href":"https:\/\/semmelweis.hu\/aneszteziologia\/wp-json\/wp\/v2\/comments?post=9469"}],"version-history":[{"count":6,"href":"https:\/\/semmelweis.hu\/aneszteziologia\/wp-json\/wp\/v2\/pages\/9469\/revisions"}],"predecessor-version":[{"id":9477,"href":"https:\/\/semmelweis.hu\/aneszteziologia\/wp-json\/wp\/v2\/pages\/9469\/revisions\/9477"}],"up":[{"embeddable":true,"href":"https:\/\/semmelweis.hu\/aneszteziologia\/wp-json\/wp\/v2\/pages\/7"}],"wp:attachment":[{"href":"https:\/\/semmelweis.hu\/aneszteziologia\/wp-json\/wp\/v2\/media?parent=9469"}],"wp:term":[{"taxonomy":"category","embeddable":true,"href":"https:\/\/semmelweis.hu\/aneszteziologia\/wp-json\/wp\/v2\/categories?post=9469"},{"taxonomy":"post_tag","embeddable":true,"href":"https:\/\/semmelweis.hu\/aneszteziologia\/wp-json\/wp\/v2\/tags?post=9469"}],"curies":[{"name":"wp","href":"https:\/\/api.w.org\/{rel}","templated":true}]}}