{"id":9428,"date":"2025-11-26T11:49:09","date_gmt":"2025-11-26T10:49:09","guid":{"rendered":"https:\/\/semmelweis.hu\/aneszteziologia\/?page_id=9428"},"modified":"2025-11-26T11:49:09","modified_gmt":"2025-11-26T10:49:09","slug":"alapitvany","status":"publish","type":"page","link":"https:\/\/semmelweis.hu\/aneszteziologia\/alapitvany\/","title":{"rendered":"Alap\u00edtv\u00e1ny"},"content":{"rendered":"<p><strong>TIM Alap\u00edtv\u00e1ny<\/strong>\u00a0\u2013 Transzl\u00e1ci\u00f3s Intenz\u00edv Medic\u00edna Alap\u00edtv\u00e1ny<\/p>\n<p><strong>C\u00edm:<\/strong>\u00a01082 Budapest \u00dcll\u0151i \u00fat 78\/B<\/p>\n<p>Ad\u00f3sz\u00e1m: 19411659-1-42<\/p>\n<p>Sz\u00e1mlasz\u00e1m: OTP Bank Nyrt.<br \/>\n11709002-25987920<\/p>\n","protected":false},"excerpt":{"rendered":"<p>TIM Alap\u00edtv\u00e1ny\u00a0\u2013 Transzl\u00e1ci\u00f3s Intenz\u00edv Medic\u00edna Alap\u00edtv\u00e1ny<br \/>\nC\u00edm:\u00a01082 Budapest \u00dcll\u0151i \u00fat 78\/B<br \/>\nAd\u00f3sz\u00e1m: 19411659-1-42<br \/>\nSz\u00e1mlasz\u00e1m: OTP Bank Nyrt.<br \/>\n11709002-25987920<\/p>\n","protected":false},"author":102324,"featured_media":0,"parent":0,"menu_order":0,"comment_status":"closed","ping_status":"closed","template":"","meta":{"_acf_changed":false,"footnotes":""},"categories":[],"tags":[],"class_list":["post-9428","page","type-page","status-publish","hentry"],"acf":[],"_links":{"self":[{"href":"https:\/\/semmelweis.hu\/aneszteziologia\/wp-json\/wp\/v2\/pages\/9428","targetHints":{"allow":["GET"]}}],"collection":[{"href":"https:\/\/semmelweis.hu\/aneszteziologia\/wp-json\/wp\/v2\/pages"}],"about":[{"href":"https:\/\/semmelweis.hu\/aneszteziologia\/wp-json\/wp\/v2\/types\/page"}],"author":[{"embeddable":true,"href":"https:\/\/semmelweis.hu\/aneszteziologia\/wp-json\/wp\/v2\/users\/102324"}],"replies":[{"embeddable":true,"href":"https:\/\/semmelweis.hu\/aneszteziologia\/wp-json\/wp\/v2\/comments?post=9428"}],"version-history":[{"count":1,"href":"https:\/\/semmelweis.hu\/aneszteziologia\/wp-json\/wp\/v2\/pages\/9428\/revisions"}],"predecessor-version":[{"id":9429,"href":"https:\/\/semmelweis.hu\/aneszteziologia\/wp-json\/wp\/v2\/pages\/9428\/revisions\/9429"}],"wp:attachment":[{"href":"https:\/\/semmelweis.hu\/aneszteziologia\/wp-json\/wp\/v2\/media?parent=9428"}],"wp:term":[{"taxonomy":"category","embeddable":true,"href":"https:\/\/semmelweis.hu\/aneszteziologia\/wp-json\/wp\/v2\/categories?post=9428"},{"taxonomy":"post_tag","embeddable":true,"href":"https:\/\/semmelweis.hu\/aneszteziologia\/wp-json\/wp\/v2\/tags?post=9428"}],"curies":[{"name":"wp","href":"https:\/\/api.w.org\/{rel}","templated":true}]}}