{"id":6500,"date":"2016-11-24T13:06:42","date_gmt":"2016-11-24T12:06:42","guid":{"rendered":"http:\/\/semmelweis.hu\/aneszteziologia\/?page_id=6500"},"modified":"2025-12-29T09:44:34","modified_gmt":"2025-12-29T08:44:34","slug":"a-kritikus-allapotu-paciens-ellatasa-magas-husegu-hifi-szimulacioval","status":"publish","type":"page","link":"https:\/\/semmelweis.hu\/aneszteziologia\/oktatas\/posztgradualis-orvoskepzes\/kotelezoen-valaszthato-tanfolyamok\/a-kritikus-allapotu-paciens-ellatasa-magas-husegu-hifi-szimulacioval\/","title":{"rendered":"A kritikus \u00e1llapot\u00fa p\u00e1ciens ell\u00e1t\u00e1sa (magash\u0171s\u00e9g\u0171 HiFi-szimul\u00e1ci\u00f3val)"},"content":{"rendered":"<div><span style=\"font-size: 14pt;color: #f255d5\"><strong style=\"font-family: georgia, tahoma, serif;vertical-align: baseline;margin: 0px;background-color: transparent;border: 0px;padding: 0px\">A kri<\/strong><strong>tikus \u00e1llapot\u00fa p\u00e1ciens ell\u00e1t\u00e1sa (magash\u0171s\u00e9g\u0171 HiFi-SZIMUL\u00c1CI\u00d3VAL) (16 pont)<\/strong><\/span><\/div>\n<div dir=\"ltr\">\n<p>Gyakorlatorient\u00e1lt tanfolyamunkon a r\u00e9sztvev\u0151k magash\u0171s\u00e9g\u0171 (HiFi-) szimul\u00e1ci\u00f3 seg\u00edts\u00e9g\u00e9vel saj\u00e1t\u00edthatj\u00e1k el a kritikus \u00e1llapot\u00fa p\u00e1ciens felismer\u00e9s\u00e9t, ell\u00e1t\u00e1s\u00e1nak megkezd\u00e9s\u00e9t. A tanfolyam kit\u00e9r a beteg \u00e1llapot\u00e1nak k\u00f3rtani h\u00e1tter\u00e9re, transzportj\u00e1ra, l\u00e9legeztet\u00e9s\u00e9re \u00e9s nark\u00f3zis\u00e1ra is. (Oftex: SE-SZTOK\/2026.I.\/00376)<\/p>\n<p><span style=\"font-size: 14pt\"><strong><em><span style=\"color: #f255d5\">A jelentkez\u00e9s a tanfolyamra<\/span>\u00a0<a href=\"https:\/\/docs.google.com\/forms\/d\/e\/1FAIpQLSctEOSn5rYQxV-c7ZS35Sj1nywqffbWQPQCGQaujYNCQU5qdA\/viewform?usp=preview\">ezen \u0171rlap kit\u00f6lt\u00e9s\u00e9ve<\/a>l<span style=\"vertical-align: baseline;margin: 0px;border: 0px;padding: 0px;color: #f255d5\"> t\u00f6rt\u00e9nik.<\/span><\/em><\/strong><\/span><\/p>\n<p><span style=\"font-size: 14pt;font-family: georgia, tahoma, serif;vertical-align: baseline;margin: 0px;background-color: transparent;border: 0px;padding: 0px\"><strong><span style=\"color: #f255d5\">Id\u0151pont:<\/span><\/strong> <span style=\"color: #ff0000\"><strong>2026.05.19<\/strong><br \/>\n<\/span><strong><span style=\"color: #f255d5\">Jelentkez\u00e9si hat\u00e1rid\u0151:<\/span><\/strong> <span style=\"color: #ff0000\"><strong>2026.03.31<\/strong><br \/>\n<\/span><\/span><span style=\"color: #f255d5\">Helysz\u00edn:<\/span> Semmelweis Szimul\u00e1ci\u00f3s K\u00f6zpont (<span style=\"font-size: 14pt\"><span style=\"color: #000000\">1096 Budapest, Ern\u0151 u. 7.<\/span><\/span>)<br \/>\nTanfolyamfelel\u0151s: Dr. Frit\u00faz G\u00e1bor<br \/>\nKapcsolat: itk.tanfolyam@semmelweis.hu<\/p>\n<p style=\"vertical-align: baseline;margin: 0px 0px 1em;border: 0px;padding: 0px\"><span style=\"font-size: 16px;font-family: georgia,tahoma,serif;vertical-align: baseline;color: #ff0000;margin: 0px;background-color: transparent;border: 0px;padding: 0px\"><span style=\"font-size: 14pt\"><a href=\"https:\/\/semmelweis.hu\/aneszteziologia\/files\/2020\/02\/Kritikus_HiFi-Program.pdf\">El\u0151zetes program<\/a><\/span><br \/>\n<\/span><\/p>\n<p style=\"vertical-align: baseline;margin: 0px 0px 1em;border: 0px;padding: 0px\"><span style=\"font-size: 14pt;font-family: georgia, tahoma, serif;vertical-align: baseline;color: #ff0000;margin: 0px;background-color: transparent;border: 0px;padding: 0px\"><a href=\"https:\/\/semmelweis.hu\/aneszteziologia\/jelentkezes-a-kritikus-allaptu-paciens-ellatasa-magas-husegu-hifi-szimulacioval\/\" target=\"_blank\" rel=\"noopener noreferrer\">Jelentkez\u00e9s<\/a><\/span><\/p>\n<div dir=\"ltr\">\n<p><span style=\"font-size: 14pt\"><a href=\"https:\/\/semmelweis.hu\/aneszteziologia\/a-kritikus-allapotu-paciens-ellatasa-eloadasanyagok\/\" target=\"_blank\" rel=\"noopener noreferrer\">Let\u00f6lthet\u0151 el\u0151ad\u00e1sanyagok<\/a><\/span><\/p>\n<\/div>\n<\/div>\n","protected":false},"excerpt":{"rendered":"<p>A kritikus \u00e1llapot\u00fa p\u00e1ciens ell\u00e1t\u00e1sa (magash\u0171s\u00e9g\u0171 HiFi-SZIMUL\u00c1CI\u00d3VAL) (16 pont) Gyakorlatorient\u00e1lt tanfolyamunkon a r\u00e9sztvev\u0151k magash\u0171s\u00e9g\u0171 (HiFi-) szimul\u00e1ci\u00f3 seg\u00edts\u00e9g\u00e9vel saj\u00e1t\u00edthatj\u00e1k el a kritikus \u00e1llapot\u00fa p\u00e1ciens felismer\u00e9s\u00e9t, ell\u00e1t\u00e1s\u00e1nak megkezd\u00e9s\u00e9t. A tanfolyam kit\u00e9r a beteg \u00e1llapot\u00e1nak k\u00f3rtani h\u00e1tter\u00e9re, transzportj\u00e1ra, l\u00e9legeztet\u00e9s\u00e9re \u00e9s nark\u00f3zis\u00e1ra is. (Oftex: SE-SZTOK\/2026.I.\/00376) A jelentkez\u00e9s a tanfolyamra\u00a0 <a href=\"https:\/\/docs.google.com\/forms\/d\/e\/1FAIpQLSctEOSn5rYQxV-c7ZS35Sj1nywqffbWQPQCGQaujYNCQU5qdA\/viewform?usp=preview\">ezen \u0171rlap kit\u00f6lt\u00e9s\u00e9ve<\/a> l t\u00f6rt\u00e9nik. Id\u0151pont: 2026.05.19 Jelentkez\u00e9si hat\u00e1rid\u0151: 2026.03.31 Helysz\u00edn: Semmelweis Szimul\u00e1ci\u00f3s &hellip;<\/p>\n","protected":false},"author":102323,"featured_media":0,"parent":107,"menu_order":2,"comment_status":"closed","ping_status":"closed","template":"","meta":{"_acf_changed":false,"footnotes":""},"categories":[9],"tags":[],"class_list":["post-6500","page","type-page","status-publish","hentry","category-oktatas"],"acf":[],"_links":{"self":[{"href":"https:\/\/semmelweis.hu\/aneszteziologia\/wp-json\/wp\/v2\/pages\/6500","targetHints":{"allow":["GET"]}}],"collection":[{"href":"https:\/\/semmelweis.hu\/aneszteziologia\/wp-json\/wp\/v2\/pages"}],"about":[{"href":"https:\/\/semmelweis.hu\/aneszteziologia\/wp-json\/wp\/v2\/types\/page"}],"author":[{"embeddable":true,"href":"https:\/\/semmelweis.hu\/aneszteziologia\/wp-json\/wp\/v2\/users\/102323"}],"replies":[{"embeddable":true,"href":"https:\/\/semmelweis.hu\/aneszteziologia\/wp-json\/wp\/v2\/comments?post=6500"}],"version-history":[{"count":14,"href":"https:\/\/semmelweis.hu\/aneszteziologia\/wp-json\/wp\/v2\/pages\/6500\/revisions"}],"predecessor-version":[{"id":9513,"href":"https:\/\/semmelweis.hu\/aneszteziologia\/wp-json\/wp\/v2\/pages\/6500\/revisions\/9513"}],"up":[{"embeddable":true,"href":"https:\/\/semmelweis.hu\/aneszteziologia\/wp-json\/wp\/v2\/pages\/107"}],"wp:attachment":[{"href":"https:\/\/semmelweis.hu\/aneszteziologia\/wp-json\/wp\/v2\/media?parent=6500"}],"wp:term":[{"taxonomy":"category","embeddable":true,"href":"https:\/\/semmelweis.hu\/aneszteziologia\/wp-json\/wp\/v2\/categories?post=6500"},{"taxonomy":"post_tag","embeddable":true,"href":"https:\/\/semmelweis.hu\/aneszteziologia\/wp-json\/wp\/v2\/tags?post=6500"}],"curies":[{"name":"wp","href":"https:\/\/api.w.org\/{rel}","templated":true}]}}