{"id":6289,"date":"2016-09-09T12:00:07","date_gmt":"2016-09-09T10:00:07","guid":{"rendered":"http:\/\/semmelweis.hu\/aneszteziologia\/?page_id=6289"},"modified":"2022-05-24T11:22:57","modified_gmt":"2022-05-24T09:22:57","slug":"munkacsoportok","status":"publish","type":"page","link":"https:\/\/semmelweis.hu\/aneszteziologia\/kutatas\/munkacsoportok\/","title":{"rendered":"Kutat\u00f3csoportok"},"content":{"rendered":"<p><strong>KUTAT\u00c1SI TER\u00dcLETEK:<\/strong><\/p>\n<p>&nbsp;<\/p>\n<p style=\"text-align: justify\">1. <a href=\"https:\/\/semmelweis.hu\/aneszteziologia\/kutatas\/munkacsoportok\/a-legzorendszer-mechanikai-tulajdonsagainak-vizsgalata-kulonbozo-korkepekben-es-legzestamogatas-soran\/\" target=\"_blank\" rel=\"noopener\">A l\u00e9gz\u0151rendszer mechanikai tulajdons\u00e1gainak vizsg\u00e1lata k\u00fcl\u00f6nb\u00f6z\u0151 k\u00f3rk\u00e9pekben \u00e9s l\u00e9gz\u00e9st\u00e1mogat\u00e1s sor\u00e1n<\/a><\/p>\n<p style=\"text-align: justify\">2. Oktat\u00e1sm\u00f3dszertan<\/p>\n<ul style=\"text-align: justify\">\n<li><a href=\"https:\/\/semmelweis.hu\/aneszteziologia\/kutatas\/munkacsoportok\/dramatikus-szimulacio-kutatocsoport\/\" target=\"_blank\" rel=\"noopener\">Dramatikus Szimul\u00e1ci\u00f3 Kutat\u00f3csoport<\/a><\/li>\n<\/ul>\n<p style=\"text-align: justify\">3. <a href=\"https:\/\/semmelweis.hu\/aneszteziologia\/kutatas\/munkacsoportok\/translational-medicine\/\" target=\"_blank\" rel=\"noopener\">Translational Medicine<\/a><\/p>\n<p style=\"text-align: justify\">4. Az iszk\u00e9mia-reperf\u00fazi\u00f3s k\u00e1rosod\u00e1sok okozta sz\u00edv- \u00e9s t\u00fcd\u0151sz\u00f6v\u0151dm\u00e9nyeinek vizsg\u00e1lata, klinikai, biok\u00e9miai monitoroz\u00e1sa \u00e9s e sz\u00f6v\u0151dm\u00e9nyek megel\u0151z\u00e9s\u00e9nek, kezel\u00e9s\u00e9nek lehet\u0151s\u00e9gei az aneszteziol\u00f3gi\u00e1ban \u00e9s az intenz\u00edv ter\u00e1pi\u00e1ban<\/p>\n<p style=\"text-align: justify\">5. A hum\u00e1n endothelfunkci\u00f3 k\u00e1rosod\u00e1s\u00e1nak klinikai vizsg\u00e1lata, biok\u00e9miai monitoroz\u00e1s\u00e1nak lehet\u0151s\u00e9gei<\/p>\n<p style=\"text-align: justify\">6. Az aneszt\u00e9zi\u00e1ban \u00e9s az intenz\u00edv ter\u00e1pi\u00e1ban alkalmazott szerek sz\u00edv- \u00e9s \u00e9rrendszerre val\u00f3 hat\u00e1s\u00e1nak vizsg\u00e1lata<\/p>\n<p style=\"text-align: justify\">7. A szeptikus betegek biok\u00e9miai monitoroz\u00e1s\u00e1nak lehet\u0151s\u00e9gei<\/p>\n<p style=\"text-align: justify\">8. A m\u0171t\u00e9tre ker\u00fcl\u0151 sz\u00edvbetegek esetleges posztoperat\u00edv sz\u00f6v\u0151dm\u00e9nyeinek el\u0151rejelz\u00e9se, ezen sz\u00f6v\u0151dm\u00e9nyek el\u0151fordul\u00e1si kock\u00e1zat\u00e1nak preoperat\u00edv felm\u00e9r\u00e9se, becsl\u00e9se<\/p>\n<p style=\"text-align: justify\">9. A l\u00e9gz\u00e9si el\u00e9gtelens\u00e9g patofiziol\u00f3gi\u00e1j\u00e1nak \u00e9s ter\u00e1pi\u00e1s lehet\u0151s\u00e9geinek kutat\u00e1sa<\/p>\n<p style=\"text-align: justify\">10. A l\u00e9legeztet\u00e9si m\u00f3dok hemodinamikai hat\u00e1s\u00e1nak vizsg\u00e1lata<\/p>\n<p style=\"text-align: justify\">11. L\u00e9gz\u00e9smechanika az intenz\u00edv oszt\u00e1lyon<\/p>\n<p style=\"text-align: justify\">12. A cardiopulmonalis resuscitatio szervez\u00e9s\u00e9nek \u00e9s oktat\u00e1si hat\u00e9konys\u00e1g\u00e1nak vizsg\u00e1lata<\/p>\n<p style=\"text-align: justify\">13. Verb\u00e1lis szuggeszti\u00f3k hat\u00e1sainak vizsg\u00e1lata a perioperat\u00edv szakban \u00e9s az intenz\u00edv ter\u00e1pia sor\u00e1n<\/p>\n<p style=\"text-align: justify\">14.\u00a0 A sepsis klinikai vonatkoz\u00e1sai<\/p>\n<p style=\"text-align: justify\">15. A sepsis genetikai h\u00e1ttere, s\u00falyos septikus \u00e1llapotok kimenetel\u00e9t befoly\u00e1sol\u00f3 genetikai t\u00e9nyez\u0151k<\/p>\n<p style=\"text-align: justify\">16. A HELLP-szindr\u00f3ma s\u00falyoss\u00e1g\u00e1t predikt\u00e1l\u00f3 markerek vizsg\u00e1lata<\/p>\n<p style=\"text-align: justify\">17. Thrombotikus microangiopathi\u00e1k az intenz\u00edv oszt\u00e1lyon<\/p>\n<p style=\"text-align: justify\">18. Plasmapheresis az intenz\u00edv ter\u00e1pi\u00e1ban<\/p>\n<p style=\"text-align: justify\">19. A myocardium monitoroz\u00e1sa sepsisben<\/p>\n<p style=\"text-align: justify\">20. Az altat\u00e1s hat\u00e1sa az elektrokonvulz\u00edv ter\u00e1pia effektivit\u00e1s\u00e1ra<\/p>\n<p style=\"text-align: justify\">21. Az intraabdomin\u00e1lis nyom\u00e1s v\u00e1ltoz\u00e1s\u00e1nak intenz\u00edv ter\u00e1pi\u00e1s jelent\u0151s\u00e9ge<\/p>\n<p style=\"text-align: justify\">22. Nozokomi\u00e1lis infekci\u00f3k prevenci\u00f3j\u00e1nak \u00e9s klinikai jelent\u0151s\u00e9g\u00e9nek kutat\u00e1sa<\/p>\n<p style=\"text-align: justify\">23. A percutan tracheostomia aktu\u00e1lis k\u00e9rd\u00e9sei<\/p>\n<p style=\"text-align: justify\">24. Az \u00fajra\u00e9leszt\u00e9s etikai \u00e9s jogi vonatkoz\u00e1sai, \u00e9letv\u00e9gi d\u00f6nt\u00e9sek az intenz\u00edv oszt\u00e1lyon<\/p>\n<p style=\"text-align: justify\">25. A betegjogok \u00e9s a bioetika aktu\u00e1lis k\u00e9rd\u00e9sei<\/p>\n<p style=\"text-align: justify\">26. Az agyi kering\u00e9smint\u00e1zat vizsg\u00e1lata sz\u00edvseb\u00e9szeti aneszt\u00e9zia sor\u00e1n<\/p>\n<p style=\"text-align: justify\">27. Neutrophil funkci\u00f3k vizsg\u00e1lata sepsis sor\u00e1n<\/p>\n<p style=\"text-align: justify\">28. Az aneszt\u00e9zia \u00e9s a m\u0171t\u00e9ti beavatkoz\u00e1s hat\u00e1sa az immunrendszerre<\/p>\n","protected":false},"excerpt":{"rendered":"<p>KUTAT\u00c1SI TER\u00dcLETEK: &nbsp; 1. <a href=\"https:\/\/semmelweis.hu\/aneszteziologia\/kutatas\/munkacsoportok\/a-legzorendszer-mechanikai-tulajdonsagainak-vizsgalata-kulonbozo-korkepekben-es-legzestamogatas-soran\/\" target=\"_blank\" rel=\"noopener\">A l\u00e9gz\u0151rendszer mechanikai tulajdons\u00e1gainak vizsg\u00e1lata k\u00fcl\u00f6nb\u00f6z\u0151 k\u00f3rk\u00e9pekben \u00e9s l\u00e9gz\u00e9st\u00e1mogat\u00e1s sor\u00e1n<\/a> 2. Oktat\u00e1sm\u00f3dszertan <a href=\"https:\/\/semmelweis.hu\/aneszteziologia\/kutatas\/munkacsoportok\/dramatikus-szimulacio-kutatocsoport\/\" target=\"_blank\" rel=\"noopener\">Dramatikus Szimul\u00e1ci\u00f3 Kutat\u00f3csoport<\/a> 3. <a href=\"https:\/\/semmelweis.hu\/aneszteziologia\/kutatas\/munkacsoportok\/translational-medicine\/\" target=\"_blank\" rel=\"noopener\">Translational Medicine<\/a> 4. Az iszk\u00e9mia-reperf\u00fazi\u00f3s k\u00e1rosod\u00e1sok okozta sz\u00edv- \u00e9s t\u00fcd\u0151sz\u00f6v\u0151dm\u00e9nyeinek vizsg\u00e1lata, klinikai, biok\u00e9miai monitoroz\u00e1sa \u00e9s e sz\u00f6v\u0151dm\u00e9nyek megel\u0151z\u00e9s\u00e9nek, kezel\u00e9s\u00e9nek lehet\u0151s\u00e9gei az aneszteziol\u00f3gi\u00e1ban \u00e9s az intenz\u00edv ter\u00e1pi\u00e1ban 5. A hum\u00e1n endothelfunkci\u00f3 k\u00e1rosod\u00e1s\u00e1nak klinikai vizsg\u00e1lata, biok\u00e9miai monitoroz\u00e1s\u00e1nak lehet\u0151s\u00e9gei 6. Az aneszt\u00e9zi\u00e1ban \u00e9s az intenz\u00edv ter\u00e1pi\u00e1ban alkalmazott szerek sz\u00edv- \u00e9s \u00e9rrendszerre val\u00f3 hat\u00e1s\u00e1nak &hellip;<\/p>\n","protected":false},"author":101144,"featured_media":0,"parent":9,"menu_order":1,"comment_status":"closed","ping_status":"closed","template":"","meta":{"_acf_changed":false,"footnotes":""},"categories":[10],"tags":[],"class_list":["post-6289","page","type-page","status-publish","hentry","category-kutatas"],"acf":[],"_links":{"self":[{"href":"https:\/\/semmelweis.hu\/aneszteziologia\/wp-json\/wp\/v2\/pages\/6289","targetHints":{"allow":["GET"]}}],"collection":[{"href":"https:\/\/semmelweis.hu\/aneszteziologia\/wp-json\/wp\/v2\/pages"}],"about":[{"href":"https:\/\/semmelweis.hu\/aneszteziologia\/wp-json\/wp\/v2\/types\/page"}],"author":[{"embeddable":true,"href":"https:\/\/semmelweis.hu\/aneszteziologia\/wp-json\/wp\/v2\/users\/101144"}],"replies":[{"embeddable":true,"href":"https:\/\/semmelweis.hu\/aneszteziologia\/wp-json\/wp\/v2\/comments?post=6289"}],"version-history":[{"count":10,"href":"https:\/\/semmelweis.hu\/aneszteziologia\/wp-json\/wp\/v2\/pages\/6289\/revisions"}],"predecessor-version":[{"id":8439,"href":"https:\/\/semmelweis.hu\/aneszteziologia\/wp-json\/wp\/v2\/pages\/6289\/revisions\/8439"}],"up":[{"embeddable":true,"href":"https:\/\/semmelweis.hu\/aneszteziologia\/wp-json\/wp\/v2\/pages\/9"}],"wp:attachment":[{"href":"https:\/\/semmelweis.hu\/aneszteziologia\/wp-json\/wp\/v2\/media?parent=6289"}],"wp:term":[{"taxonomy":"category","embeddable":true,"href":"https:\/\/semmelweis.hu\/aneszteziologia\/wp-json\/wp\/v2\/categories?post=6289"},{"taxonomy":"post_tag","embeddable":true,"href":"https:\/\/semmelweis.hu\/aneszteziologia\/wp-json\/wp\/v2\/tags?post=6289"}],"curies":[{"name":"wp","href":"https:\/\/api.w.org\/{rel}","templated":true}]}}