{"id":6167,"date":"2016-09-06T12:35:09","date_gmt":"2016-09-06T10:35:09","guid":{"rendered":"http:\/\/semmelweis.hu\/aneszteziologia\/?page_id=6167"},"modified":"2025-11-26T15:02:53","modified_gmt":"2025-11-26T14:02:53","slug":"a-klinika-tortenete","status":"publish","type":"page","link":"https:\/\/semmelweis.hu\/aneszteziologia\/rolunk\/a-klinika-tortenete\/","title":{"rendered":"A Klinika t\u00f6rt\u00e9nete"},"content":{"rendered":"<p>A klinika jogel\u0151dje 1991-ben j\u00f6tt l\u00e9tre \u201eAneszteziol\u00f3giai \u00e9s Intenz\u00edv Ter\u00e1pi\u00e1s Tansz\u00e9k\u201d n\u00e9ven, a Szent J\u00e1nos K\u00f3rh\u00e1z K\u00f6zponti Aneszteziol\u00f3giai \u00e9s Intenz\u00edv Ter\u00e1pi\u00e1s Oszt\u00e1ly\u00e1nak b\u00e1zis\u00e1n. <br \/>\nAlap\u00edt\u00f3 professzora <strong>Dr. P\u00e9nzes Istv\u00e1n<\/strong> egyetemi tan\u00e1r volt, aki 1991 \u00e9s 2006 k\u00f6z\u00f6tt ir\u00e1ny\u00edtotta az int\u00e9zm\u00e9nyt. Vezet\u00e9s\u00e9vel az Aneszteziol\u00f3gia \u00e9s intenz\u00edv ter\u00e1pia tant\u00e1rgy az 1991\/92-es tan\u00e9vben v\u00e1laszthat\u00f3k\u00e9nt, majd a k\u00f6vetkez\u0151 tan\u00e9vben m\u00e1r k\u00f6telez\u0151 t\u00e1rgyk\u00e9nt ker\u00fclt be az V. \u00e9ves orvostanhallgat\u00f3k tanrendj\u00e9be.<br \/>\n1997-ben a tansz\u00e9k a K\u00fatv\u00f6lgyi Klinikai T\u00f6mbbe k\u00f6lt\u00f6z\u00f6tt, ekkor kapta az \u201eAneszteziol\u00f3giai \u00e9s Intenz\u00edv Ter\u00e1pi\u00e1s Klinika\u201d (AITK) elnevez\u00e9st. <br \/>\nA klinik\u00e1t 2006 \u00e9s 2007 k\u00f6z\u00f6tt megb\u00edzott igazgat\u00f3k\u00e9nt <strong>Dr. Iv\u00e1nyi Zsolt<\/strong> vezette egy \u00e9ven \u00e1t. <br \/>\n2007 \u00e9s 2023 k\u00f6z\u00f6tt <strong>Prof. Dr. G\u00e1l J\u00e1nos<\/strong> egyetemi tan\u00e1r t\u00f6lt\u00f6tte be az igazgat\u00f3i tiszts\u00e9get. Nev\u00e9hez f\u0171z\u0151dik a tant\u00e1rgy oktat\u00e1s\u00e1nak moderniz\u00e1ci\u00f3ja \u2013 a tematikus gyakorlatok \u00e9s oktat\u00f3i hetek bevezet\u00e9se \u2013, valamint az aneszteziol\u00f3giai \u00e9s intenz\u00edv ter\u00e1pi\u00e1s ell\u00e1t\u00e1s 2008-ban megkezd\u0151d\u0151 k\u00f6zpontos\u00edt\u00e1sa. Ennek eredm\u00e9nyek\u00e9nt 2016 \u00e1prilis\u00e1ban a Klinika k\u00f6zpontja az \u00fajonnan megny\u00edlt Kor\u00e1nyi Betegell\u00e1t\u00f3 K\u00f6zpont \u00e9p\u00fclet\u00e9be k\u00f6lt\u00f6z\u00f6tt.<br \/>\nA Szen\u00e1tus d\u00f6nt\u00e9se alapj\u00e1n 2023. december 31-\u00e9n az AITK h\u00e1rom \u00f6n\u00e1ll\u00f3 szervezeti egys\u00e9gre v\u00e1lt sz\u00e9t: az Aneszteziol\u00f3giai \u00e9s Perioperat\u00edv Betegell\u00e1t\u00f3 Int\u00e9zetre (<strong>APBI<\/strong>), az Intenz\u00edv Ter\u00e1pi\u00e1s Klinik\u00e1ra (<strong>ITK<\/strong>) \u00e9s az Aneszteziol\u00f3giai \u00e9s Intenz\u00edv Ter\u00e1pi\u00e1s Tansz\u00e9kre.(<strong>AITT<\/strong>)<\/p>\n<article class=\"text-token-text-primary w-full focus:outline-none [--shadow-height:45px] has-data-writing-block:pointer-events-none has-data-writing-block:-mt-(--shadow-height) has-data-writing-block:pt-(--shadow-height) [&amp;:has([data-writing-block])&gt;*]:pointer-events-auto [content-visibility:auto] supports-[content-visibility:auto]:[contain-intrinsic-size:auto_100lvh] scroll-mt-[calc(var(--header-height)+min(200px,max(70px,20svh)))]\" dir=\"auto\" data-turn-id=\"request-WEB:87fc2e50-fc50-4ffc-883a-c2e5d4158658-0\" data-testid=\"conversation-turn-2\" data-scroll-anchor=\"true\" data-turn=\"assistant\">\n<div class=\"text-base my-auto mx-auto pb-10 [--thread-content-margin:--spacing(4)] thread-sm:[--thread-content-margin:--spacing(6)] thread-lg:[--thread-content-margin:--spacing(16)] px-(--thread-content-margin)\">\n<div class=\"[--thread-content-max-width:40rem] thread-lg:[--thread-content-max-width:48rem] mx-auto max-w-(--thread-content-max-width) flex-1 group\/turn-messages focus-visible:outline-hidden relative flex w-full min-w-0 flex-col agent-turn\">\n<div class=\"flex max-w-full flex-col grow\">\n<div class=\"min-h-8 text-message relative flex w-full flex-col items-end gap-2 text-start break-words whitespace-normal [.text-message+&amp;]:mt-1\" dir=\"auto\" data-message-author-role=\"assistant\" data-message-id=\"ce5767ea-69b4-4af9-9358-c92d9d5749bd\" data-message-model-slug=\"gpt-5-1\">\n<div class=\"flex w-full flex-col gap-1 empty:hidden first:pt-[1px]\">\n<div class=\"markdown prose dark:prose-invert w-full break-words light markdown-new-styling\">\n<p data-start=\"1477\" data-end=\"1636\" data-is-last-node=\"\">2024 janu\u00e1r 1-j\u00e9t\u0151l <strong>Prof. Dr. Moln\u00e1r Zsolt<\/strong> kapott megb\u00edz\u00e1st az imm\u00e1r Intenz\u00edv Ter\u00e1pi\u00e1s Klinika, illetve az Aneszteziol\u00f3giai \u00e9s Intenz\u00edv Ter\u00e1pi\u00e1s Tansz\u00e9k vezet\u00e9s\u00e9re.<\/p>\n<\/div>\n<\/div>\n<\/div>\n<\/div>\n<div class=\"z-0 flex min-h-[46px] justify-start\">\u00a0<\/div>\n<\/div>\n<\/div>\n<\/article>\n<div class=\"pointer-events-none h-px w-px\" aria-hidden=\"true\" data-edge=\"true\">\u00a0<\/div>\n<p>&nbsp;<\/p>\n","protected":false},"excerpt":{"rendered":"<p>A klinika jogel\u0151dje 1991-ben j\u00f6tt l\u00e9tre \u201eAneszteziol\u00f3giai \u00e9s Intenz\u00edv Ter\u00e1pi\u00e1s Tansz\u00e9k\u201d n\u00e9ven, a Szent J\u00e1nos K\u00f3rh\u00e1z K\u00f6zponti Aneszteziol\u00f3giai \u00e9s Intenz\u00edv Ter\u00e1pi\u00e1s Oszt\u00e1ly\u00e1nak b\u00e1zis\u00e1n. Alap\u00edt\u00f3 professzora Dr. P\u00e9nzes Istv\u00e1n egyetemi tan\u00e1r volt, aki 1991 \u00e9s 2006 k\u00f6z\u00f6tt ir\u00e1ny\u00edtotta az int\u00e9zm\u00e9nyt. Vezet\u00e9s\u00e9vel az Aneszteziol\u00f3gia \u00e9s intenz\u00edv ter\u00e1pia tant\u00e1rgy az 1991\/92-es tan\u00e9vben v\u00e1laszthat\u00f3k\u00e9nt, majd a k\u00f6vetkez\u0151 tan\u00e9vben m\u00e1r &hellip;<\/p>\n","protected":false},"author":101144,"featured_media":0,"parent":6,"menu_order":2,"comment_status":"closed","ping_status":"closed","template":"","meta":{"_acf_changed":false,"footnotes":""},"categories":[],"tags":[],"class_list":["post-6167","page","type-page","status-publish","hentry"],"acf":[],"_links":{"self":[{"href":"https:\/\/semmelweis.hu\/aneszteziologia\/wp-json\/wp\/v2\/pages\/6167","targetHints":{"allow":["GET"]}}],"collection":[{"href":"https:\/\/semmelweis.hu\/aneszteziologia\/wp-json\/wp\/v2\/pages"}],"about":[{"href":"https:\/\/semmelweis.hu\/aneszteziologia\/wp-json\/wp\/v2\/types\/page"}],"author":[{"embeddable":true,"href":"https:\/\/semmelweis.hu\/aneszteziologia\/wp-json\/wp\/v2\/users\/101144"}],"replies":[{"embeddable":true,"href":"https:\/\/semmelweis.hu\/aneszteziologia\/wp-json\/wp\/v2\/comments?post=6167"}],"version-history":[{"count":10,"href":"https:\/\/semmelweis.hu\/aneszteziologia\/wp-json\/wp\/v2\/pages\/6167\/revisions"}],"predecessor-version":[{"id":9435,"href":"https:\/\/semmelweis.hu\/aneszteziologia\/wp-json\/wp\/v2\/pages\/6167\/revisions\/9435"}],"up":[{"embeddable":true,"href":"https:\/\/semmelweis.hu\/aneszteziologia\/wp-json\/wp\/v2\/pages\/6"}],"wp:attachment":[{"href":"https:\/\/semmelweis.hu\/aneszteziologia\/wp-json\/wp\/v2\/media?parent=6167"}],"wp:term":[{"taxonomy":"category","embeddable":true,"href":"https:\/\/semmelweis.hu\/aneszteziologia\/wp-json\/wp\/v2\/categories?post=6167"},{"taxonomy":"post_tag","embeddable":true,"href":"https:\/\/semmelweis.hu\/aneszteziologia\/wp-json\/wp\/v2\/tags?post=6167"}],"curies":[{"name":"wp","href":"https:\/\/api.w.org\/{rel}","templated":true}]}}