{"id":5256,"date":"2015-04-28T13:17:21","date_gmt":"2015-04-28T11:17:21","guid":{"rendered":"http:\/\/semmelweis.hu\/aneszteziologia\/?page_id=5256"},"modified":"2019-09-24T15:10:06","modified_gmt":"2019-09-24T13:10:06","slug":"az-intenziv-terapia-specialis-kerdesei-elozetes-programtervezet","status":"publish","type":"page","link":"https:\/\/semmelweis.hu\/aneszteziologia\/oktatas\/posztgradualis-orvoskepzes\/szakvizsga-elotti-kotelezo-tanfolyamok\/az-intenziv-terapia-specialis-kerdesei\/az-intenziv-terapia-specialis-kerdesei-elozetes-programtervezet\/","title":{"rendered":"Az intenz\u00edv ter\u00e1pia speci\u00e1lis k\u00e9rd\u00e9sei el\u0151zetes programtervezet"},"content":{"rendered":"<p>&nbsp;<\/p>\n<p><a href=\"https:\/\/semmelweis.hu\/aneszteziologia\/files\/2015\/04\/Rezidensi-tanfolyam-Modul-III.-csoportbeoszt\u00e1s.pdf\" target=\"_blank\" rel=\"noopener noreferrer\">1. gyakorlati nap \u2013 az\u00a0intenz\u00edv ter\u00e1pia speci\u00e1lis\u00a0k\u00e9rd\u00e9sei<\/a><\/p>\n<p><a href=\"https:\/\/semmelweis.hu\/aneszteziologia\/files\/2015\/04\/el\u0151ad\u00e1s-program-III.pdf\" target=\"_blank\" rel=\"noopener noreferrer\">2. elm\u00e9leti napok \u2013 az intenz\u00edv ter\u00e1pia speci\u00e1lis k\u00e9rd\u00e9sei<\/a><\/p>\n","protected":false},"excerpt":{"rendered":"<p>&nbsp;<br \/>\n<a href=\"https:\/\/semmelweis.hu\/aneszteziologia\/files\/2015\/04\/Rezidensi-tanfolyam-Modul-III.-csoportbeoszt\u00e1s.pdf\" target=\"_blank\" rel=\"noopener noreferrer\">1. gyakorlati nap \u2013 az\u00a0intenz\u00edv ter\u00e1pia speci\u00e1lis\u00a0k\u00e9rd\u00e9sei<\/a><br \/>\n<a href=\"https:\/\/semmelweis.hu\/aneszteziologia\/files\/2015\/04\/el\u0151ad\u00e1s-program-III.pdf\" target=\"_blank\" rel=\"noopener noreferrer\">2. elm\u00e9leti napok \u2013 az intenz\u00edv ter\u00e1pia speci\u00e1lis k\u00e9rd\u00e9sei<\/a><\/p>\n","protected":false},"author":74,"featured_media":0,"parent":6489,"menu_order":1,"comment_status":"open","ping_status":"open","template":"","meta":{"_acf_changed":false,"footnotes":""},"categories":[],"tags":[],"class_list":["post-5256","page","type-page","status-publish","hentry"],"acf":[],"_links":{"self":[{"href":"https:\/\/semmelweis.hu\/aneszteziologia\/wp-json\/wp\/v2\/pages\/5256","targetHints":{"allow":["GET"]}}],"collection":[{"href":"https:\/\/semmelweis.hu\/aneszteziologia\/wp-json\/wp\/v2\/pages"}],"about":[{"href":"https:\/\/semmelweis.hu\/aneszteziologia\/wp-json\/wp\/v2\/types\/page"}],"author":[{"embeddable":true,"href":"https:\/\/semmelweis.hu\/aneszteziologia\/wp-json\/wp\/v2\/users\/74"}],"replies":[{"embeddable":true,"href":"https:\/\/semmelweis.hu\/aneszteziologia\/wp-json\/wp\/v2\/comments?post=5256"}],"version-history":[{"count":4,"href":"https:\/\/semmelweis.hu\/aneszteziologia\/wp-json\/wp\/v2\/pages\/5256\/revisions"}],"predecessor-version":[{"id":7279,"href":"https:\/\/semmelweis.hu\/aneszteziologia\/wp-json\/wp\/v2\/pages\/5256\/revisions\/7279"}],"up":[{"embeddable":true,"href":"https:\/\/semmelweis.hu\/aneszteziologia\/wp-json\/wp\/v2\/pages\/6489"}],"wp:attachment":[{"href":"https:\/\/semmelweis.hu\/aneszteziologia\/wp-json\/wp\/v2\/media?parent=5256"}],"wp:term":[{"taxonomy":"category","embeddable":true,"href":"https:\/\/semmelweis.hu\/aneszteziologia\/wp-json\/wp\/v2\/categories?post=5256"},{"taxonomy":"post_tag","embeddable":true,"href":"https:\/\/semmelweis.hu\/aneszteziologia\/wp-json\/wp\/v2\/tags?post=5256"}],"curies":[{"name":"wp","href":"https:\/\/api.w.org\/{rel}","templated":true}]}}