{"id":3142,"date":"2014-07-29T13:48:54","date_gmt":"2014-07-29T11:48:54","guid":{"rendered":"http:\/\/semmelweis.hu\/aneszteziologia\/?page_id=3142"},"modified":"2026-03-17T14:03:47","modified_gmt":"2026-03-17T13:03:47","slug":"lelegeztetes-korszeruen","status":"publish","type":"page","link":"https:\/\/semmelweis.hu\/aneszteziologia\/oktatas\/posztgradualis-orvoskepzes\/kotelezoen-valaszthato-tanfolyamok\/lelegeztetes-korszeruen\/","title":{"rendered":"L\u00c9LEGEZTET\u00c9S korszer\u0171en"},"content":{"rendered":"<p><strong><span style=\"color: #808000\">L\u00c9LEGEZTET\u00c9S korszer\u0171en (a teljes tanfolyam:<\/span> <span style=\"color: #ff6600\">50<\/span> <span style=\"color: #808000\">oftex-pont)<\/span><\/strong><\/p>\n<p><span style=\"font-size: 14pt;color: #000000\"><strong><em><span style=\"color: #808000\">A jelentkez\u00e9s a tanfolyamra<\/span> <a href=\"https:\/\/docs.google.com\/forms\/d\/e\/1FAIpQLSfxfL3s5FbVco59eF1A7sa1V_3bSG2YVjg4jzVREUNBoNyqhQ\/viewform?usp=preview\"><span style=\"color: #ff6600\">ezen \u0171rlap kit\u00f6lt\u00e9s\u00e9vel<\/span><\/a><span style=\"vertical-align: baseline;margin: 0px;border: 0px;padding: 0px;color: #808000\"> t\u00f6rt\u00e9nik.<\/span><\/em><\/strong><\/span><\/p>\n<p style=\"text-align: justify\"><span style=\"color: #000000\">A l\u00e9legeztet\u00e9s tudom\u00e1nya az elm\u00falt \u00e9vtizedekben jelent\u0151s fejl\u0151d\u00e9sen ment kereszt\u00fcl, \u00edgy ma m\u00e1r sz\u00e1mos t\u00e9m\u00e1ban evidencia szint\u0171 ter\u00e1pi\u00e1s aj\u00e1nl\u00e1sok l\u00e9teznek. A korszer\u0171 g\u00e9pek \u00e9s technik\u00e1k lehet\u0151v\u00e9 teszik, hogy diagn\u00f3zist\u00f3l f\u00fcgg\u0151en, szem\u00e9lyre szabottan l\u00e9legeztess\u00fcnk, \u00e9s ezzel a k\u00fcl\u00f6nb\u00f6z\u0151 k\u00f3rk\u00e9pek kimenetel\u00e9t optimaliz\u00e1ljuk. A l\u00e9legeztet\u00e9s azonban \u00f6sszetett ter\u00e1pi\u00e1s entit\u00e1s, melyhez az \u00e9lettani, l\u00e9gz\u00e9smechanikai alapok ismerete, az el\u00e9rhet\u0151 eszk\u00f6z\u00f6k diagnosztikai \u00e9s ter\u00e1pi\u00e1s lehet\u0151s\u00e9geinek k\u00e9szs\u00e9gszint\u0171 alkalmaz\u00e1sa \u00e9s a l\u00e9gz\u00e9si fizioter\u00e1pi\u00e1s lehet\u0151s\u00e9gek megfelel\u0151 \u00f6sszehangol\u00e1sa is sz\u00fcks\u00e9ges.<\/span><\/p>\n<p style=\"text-align: justify\"><span style=\"color: #000000\">Ezen\u00a0szeml\u00e9let ment\u00e9n k\u00edn\u00e1l ez a\u00a0<span style=\"color: #808000\"><strong>4 modulb\u00f3l \u00e1ll\u00f3 multidiszciplin\u00e1ris tanfolyam\u00a0rendszerezett, c\u00e9lrat\u00f6r\u0151 elm\u00e9leti, \u00e9s Eur\u00f3p\u00e1ban is egyed\u00fcl\u00e1ll\u00f3 szimul\u00e1ci\u00f3s gyakorlati k\u00e9pz\u00e9s<\/strong><\/span>t b\u0151v\u00edtett id\u0151ben, melynek elv\u00e9gz\u00e9s\u00e9vel\u00a0<span style=\"color: #808000\"><strong>50 tov\u00e1bbk\u00e9pz\u00e9si pont<\/strong><\/span>\u00a0szerezhet\u0151.<\/span><\/p>\n<p style=\"text-align: justify\"><span style=\"color: #000000\">A tanfolyam a Semmelweis Egyetem Intenz\u00edv Ter\u00e1pi\u00e1s Klinika szervez\u00e9s\u00e9ben ker\u00fcl megrendez\u00e9sre <span style=\"color: #808000\"><strong>Budapesten, a Bels\u0151 Klinikai T\u00f6mbben<\/strong>.<\/span><\/span><\/p>\n<p style=\"text-align: justify\"><span style=\"color: #000000\">A tanfolyam eg\u00e9sz\u00e9t els\u0151sorban <span style=\"color: #808000\"><strong>n\u00e9h\u00e1ny \u00e9ves szakmai \u00e9s l\u00e9legeztet\u00e9si tapasztalattal m\u00e1r rendelkez\u0151 intenz\u00edves \u00e9s s\u00fcrg\u0151ss\u00e9gi orvosok r\u00e9sz\u00e9re \u00e1ll\u00edtottuk \u00f6ssze, de aj\u00e1nljuk minden l\u00e9legeztet\u00e9ssel foglalkoz\u00f3 pulmonol\u00f3gus, neurol\u00f3gus, belgy\u00f3gy\u00e1sz, gyermekgy\u00f3gy\u00e1sz \u00e9s gy\u00f3gytorn\u00e1sz munkat\u00e1rsunknak is. <\/strong><\/span>Az egyes modulok k\u00fcl\u00f6n-k\u00fcl\u00f6n is elv\u00e9gezhet\u0151k, az egyes modulok el\u0151felt\u00e9telei a k\u00f6vetkez\u0151k:<\/span><\/p>\n<p style=\"text-align: justify\"><span style=\"color: #000000\"><span style=\"color: #808000\"><strong>Alapmodul<\/strong><\/span>\u00a0(3 nap)<em><br \/>\n<\/em>\u00c9lettani alapok, Az el\u00e9gtelen l\u00e9gz\u00e9s, L\u00e9legeztet\u00e9si m\u00f3dok, Inhal\u00e1ci\u00f3s gy\u00f3gyszerbeviteli m\u00f3dok, L\u00e9gz\u00e9smechanikai monitoriz\u00e1l\u00e1s<\/span>: Az Alap \u00e9s egy\u00e9b modulok r\u00e9szv\u00e9teli krit\u00e9rium\u00e1ba <strong><span style=\"color: #808000\">minimum 3 \u00e9v intenz\u00edv oszt\u00e1lyos gyakorlatot vagy s\u00fcrg\u0151ss\u00e9gi\/gyermekgy\u00f3gy\u00e1szati\/kardiol\u00f3giai\/neurol\u00f3giai szakvizsg\u00e1t k\u00e9r\u00fcnk!<\/span><\/strong><\/p>\n<p><span style=\"color: #000000\"><strong><span style=\"color: #808000\">Probl\u00e9maorient\u00e1lt l\u00e9legeztet\u00e9s modul<\/span><\/strong>\u00a0(2 nap)<\/span><br \/>\n<span style=\"color: #000000\">Restrikt\u00edv \u00e9s obstrukt\u00edv k\u00f3rk\u00e9pek kezel\u00e9se, Specifikus l\u00e9legeztet\u00e9si probl\u00e9m\u00e1k<\/span><br \/>\n<span style=\"color: #000000\"><em>el\u0151felt\u00e9tel: Alapmodul<\/em><\/span><\/p>\n<p><span style=\"color: #000000\"><span style=\"color: #808000\"><strong>Diagnosztika modul<\/strong> <strong>(bronchoszk\u00f3pia \u00e9s mellkasi k\u00e9palkot\u00f3k) <\/strong><\/span>(1 nap)<\/span><br \/>\n<span style=\"color: #000000\">Diagnosztikus \u00e9s ter\u00e1pi\u00e1s alkalmaz\u00e1s az intenz\u00edv oszt\u00e1lyon, K\u00e9palkot\u00f3k c\u00e9lir\u00e1ny\u00fa \u00e9rt\u00e9kel\u00e9se<\/span><br \/>\n<span style=\"color: #000000\"><em>el\u0151felt\u00e9tel nincsen, de az Alapmodul aj\u00e1nlott<\/em><\/span><\/p>\n<p><span style=\"color: #000000\"><span style=\"color: #808000\"><strong>Noninvaz\u00edv l\u00e9legeztet\u00e9s (NIV) modul\u00a0<\/strong><\/span>(3 nap)<\/span><br \/>\n<span style=\"color: #000000\">Technikai h\u00e1tt\u00e9r, T\u00edpusos betegek ell\u00e1t\u00e1sa, L\u00e9gz\u00e9si fizioter\u00e1pia<\/span><br \/>\n<span style=\"color: #000000\"><em>el\u0151felt\u00e9tel: nincsen, de az Alapmodul aj\u00e1nlott<\/em><\/span><\/p>\n<p><strong><span style=\"color: #ff0000\">T\u00e1j\u00e9koztatjuk a kedves \u00e9rdekl\u0151d\u0151ket, hogy a S\u00fcrg\u0151ss\u00e9gi Modul m\u00e1r nem el\u00e9rhet\u0151, a tov\u00e1bbiakban azt a tanfolyamot a S\u00fcrg\u0151ss\u00e9gi Orvostani Klinika szervezi!<\/span><\/strong><br \/>\n<strong><span style=\"color: #808000\">Id\u0151pontok:<\/span><\/strong> a tanfolyam \u00e9vente k\u00e9tszer, az \u0151szi (szeptember-okt\u00f3ber) \u00e9s tavaszi (m\u00e1rcius-\u00e1prilis) turnusokban ker\u00fcl megrendez\u00e9sre.<br \/>\nK\u00f6vetkez\u0151 v\u00e1rhat\u00f3 id\u0151pont:<strong><span style=\"color: #ff0000\"> 2026.09.29-2026.11.05<\/span><\/strong><\/p>\n<p><span style=\"color: #808000\"><strong>K\u00f6vetkez\u0151 v\u00e1rhat\u00f3 id\u0151pontok: <\/strong><\/span><\/p>\n<p>Alap modul: <span style=\"color: #808000\"><strong>2026. szeptember 29-okt\u00f3ber 01<\/strong><\/span><\/p>\n<p>Probl\u00e9maorient\u00e1lt modul: <strong><span style=\"color: #808000\">2026. okt\u00f3ber 6-7<\/span><\/strong><\/p>\n<p>Diagnosztika modul (bronchoszk\u00f3pia \u00e9s mellkasi k\u00e9palkot\u00f3k): <strong><span style=\"color: #808000\">2026. okt\u00f3ber 8.<\/span><\/strong><\/p>\n<p>Noninvaz\u00edv l\u00e9legeztet\u00e9s modul: <strong><span style=\"color: #808000\">2026. november 3-5<\/span><\/strong><\/p>\n<p><strong><span style=\"color: #808000\">Jelentkez\u00e9si hat\u00e1rid\u0151: <span style=\"color: #ff0000\">folyamatos, v\u00e1r\u00f3list\u00e1s jelentkez\u00e9s<\/span><\/span><\/strong><\/p>\n<p><span style=\"color: #000000\"><span style=\"color: #808000\"><strong>E<\/strong><\/span><b style=\"font-family: 'Times New Roman';font-size: 14pt\"><span style=\"color: #808000\">l\u0151zetes regisztr\u00e1ci\u00f3val a 2026 \u0150SZI tanfolyamra<\/span> <a href=\"https:\/\/docs.google.com\/forms\/d\/e\/1FAIpQLSfxfL3s5FbVco59eF1A7sa1V_3bSG2YVjg4jzVREUNBoNyqhQ\/viewform?usp=preview\"><span style=\"color: #ff6600\">ezen a linken <\/span><\/a><span style=\"color: #808000\">lehet jelentkezni.<\/span><\/b><span style=\"color: #808000\">\u00a0<\/span><\/span><\/p>\n<p style=\"text-align: justify\"><span style=\"color: #000000\">Az egyes modulokat a jelentkez\u0151k l\u00e9tsz\u00e1m\u00e1nak f\u00fcggv\u00e9ny\u00e9ben ind\u00edtjuk.\u00a0<\/span><br \/>\n<span style=\"color: #000000\">L\u00e9tsz\u00e1mlimitek:\u00a0<span style=\"color: #808000\"><strong>minimum:<\/strong><\/span>\u00a05 f\u0151\/modul \u2013\u00a0<strong><span style=\"color: #808000\">maximum<\/span>:<\/strong> 18 f\u0151\/modul. R\u00e9szv\u00e9teli d\u00edjat az egy f\u00e9l\u00e9vben hallgatni k\u00edv\u00e1nt \u00e9s realiz\u00e1l\u00f3d\u00f3 modulonk\u00e9nt lehet fizetni.<\/span><\/p>\n<p><span style=\"color: #808000\"><strong>R\u00e9szv\u00e9teli d\u00edj: 35.000 Ft\/ nap.<\/strong><\/span><br \/>\n<span style=\"color: #808000\"><strong>A teljes tanfolyam d\u00edja kedvezm\u00e9nnyel egy\u00fctt 280.000 Ft.<\/strong><\/span><\/p>\n<p style=\"text-align: justify\"><span style=\"color: #000000\">Egy adott modul megrendez\u00e9se a jelentkez\u0151k sz\u00e1m\u00e1t\u00f3l f\u00fcgg, el\u0151zetesen egyeztet\u00fcnk minden jelentkez\u0151vel. A jelentkez\u00e9seket a be\u00e9rkez\u00e9s sorrendj\u00e9ben tudjuk fogadni, ehhez k\u00e9rj\u00fck kit\u00f6lteni a szervez\u0151 saj\u00e1t <a href=\"https:\/\/docs.google.com\/forms\/d\/e\/1FAIpQLSfxfL3s5FbVco59eF1A7sa1V_3bSG2YVjg4jzVREUNBoNyqhQ\/viewform?usp=preview\"><span style=\"color: #ff6600\">jelentkez\u00e9si lap<\/span><\/a>j\u00e1t. A jelentkez\u00e9si lap kit\u00f6lt\u00e9se ut\u00e1n automatikus visszajelz\u00e9st kap a rendszert\u0151l. A t\u00e9nyleges r\u00e9szv\u00e9teli lehet\u0151s\u00e9gr\u0151l szem\u00e9lyre sz\u00f3l\u00f3an k\u00fcld\u00fcnk levelet. <span style=\"color: #808000\"><strong>A tand\u00edj befizet\u00e9se csak akkor lehets\u00e9ges, amennyiben a k\u00f6vetkez\u0151 kurzuson szabad hely el\u00e9rhet\u0151!<\/strong> <\/span>A tand\u00edj befizet\u00e9s\u00e9nek m\u00f3dj\u00e1r\u00f3l szint\u00e9n t\u00e1j\u00e9koztat\u00f3 levelet k\u00fcld\u00fcnk majd.<\/span><\/p>\n<p style=\"text-align: justify\"><span style=\"color: #000000\">A hat\u00e9konyabb oktat\u00e1si folyamat \u00e9rdek\u00e9ben a tanfolyam alatt hat\u00e1rozottan k\u00e9rj\u00fck az \u00fcgyeleti \/ \u00e9jszakai m\u0171szakos munkav\u00e9gz\u00e9s mell\u0151z\u00e9s\u00e9t a r\u00e9sztvev\u0151kt\u0151l. <\/span><br \/>\n<span style=\"color: #000000\">K\u00f6sz\u00f6nj\u00fck az el\u0151rel\u00e1t\u00f3 \u00fcgyelet- \u00e9s beoszt\u00e1stervez\u00e9st.\u00a0<\/span><\/p>\n<p style=\"text-align: justify\"><span style=\"color: #000000\"><span class=\"Normal__Char\">K\u00e9rd\u00e9s eset\u00e9n k\u00e9rj\u00fck, hogy azt <\/span><span style=\"color: #ff6600\"><strong>itk.tanfolyam@semmelweis.hu<\/strong><\/span> e-mail c\u00edmen jelezze.<\/span><\/p>\n<p style=\"text-align: justify\"><span style=\"color: #000000\">Szeretettel v\u00e1runk minden kedves \u00e9rdekl\u0151d\u0151t:<\/span><\/p>\n<p>&nbsp;<\/p>\n<p style=\"padding-left: 30px\"><span style=\"color: #000000\">\u00a0 \u00a0 \u00a0 \u00a0 \u00a0 \u00a0 \u00a0Dr. Lorx Andr\u00e1s\u00a0 \u00a0 \u00a0 \u00a0 \u00a0 \u00a0 \u00a0 \u00a0 \u00a0 \u00a0 \u00a0 \u00a0 \u00a0 \u00a0 \u00a0 \u00a0 \u00a0 \u00a0 \u00a0 \u00a0 \u00a0 \u00a0 \u00a0 \u00a0 \u00a0 \u00a0 \u00a0 \u00a0 \u00a0 \u00a0 \u00a0 \u00a0 \u00a0 \u00a0Dr. Frit\u00faz G\u00e1bor<\/span><br \/>\n<span style=\"color: #000000\">\u00a0 \u00a0 \u00a0 \u00a0 \u00a0 \u00a0 \u00a0tanfolyamvezet\u0151\u00a0 \u00a0 \u00a0 \u00a0 \u00a0 \u00a0 \u00a0 \u00a0 \u00a0 \u00a0 \u00a0 \u00a0 \u00a0 \u00a0 \u00a0 \u00a0 \u00a0 \u00a0 \u00a0 \u00a0 \u00a0 \u00a0 \u00a0 \u00a0 \u00a0 \u00a0 \u00a0 \u00a0 \u00a0 \u00a0 \u00a0 \u00a0 \u00a0 \u00a0szakmai vezet\u0151<\/span><br \/>\n<span style=\"color: #000000\">\u00a0 \u00a0 \u00a0 \u00a0 \u00a0 \u00a0 \u00a0 \u00a0 \u00a0 \u00a0 \u00a0 \u00a0 \u00a0 \u00a0 \u00a0 \u00a0 \u00a0 \u00a0 \u00a0 \u00a0 \u00a0 \u00a0 \u00a0 \u00a0 \u00a0 \u00a0 \u00a0 \u00a0 \u00a0 \u00a0 \u00a0 \u00a0 \u00a0 \u00a0 \u00a0 \u00a0 \u00a0 \u00a0\u00a0<\/span><\/p>\n<div dir=\"ltr\">\n<div dir=\"ltr\">\n<div dir=\"ltr\">\n<div dir=\"ltr\">\n<div dir=\"ltr\">\n<div dir=\"ltr\">\n<p>&nbsp;<\/p>\n<p style=\"text-align: justify\"><a href=\"https:\/\/semmelweis.hu\/aneszteziologia\/korszeru-lelegeztetes-eloadasai\/\" target=\"_blank\" rel=\"noopener noreferrer\">Let\u00f6lthet\u0151 el\u0151ad\u00e1sanyagok<\/a><a href=\"https:\/\/semmelweis.hu\/aneszteziologia\/lelegeztetes-korszeruen\/\" target=\"_blank\" rel=\"noopener noreferrer\"><br \/>\n<\/a><a href=\"https:\/\/semmelweis.hu\/aneszteziologia\/jelentkezes-korszeru-lelegeztetes\/\"><br \/>\n<\/a><a href=\"https:\/\/semmelweis.hu\/aneszteziologia\/jelentkezes-korszeru-lelegeztetes\/\" target=\"_blank\" rel=\"noopener noreferrer\">Jelentkez\u00e9s<\/a><\/p>\n<hr \/>\n<\/div>\n<\/div>\n<\/div>\n<\/div>\n<\/div>\n<\/div>\n","protected":false},"excerpt":{"rendered":"<p>L\u00c9LEGEZTET\u00c9S korszer\u0171en (a teljes tanfolyam: 50 oftex-pont) A jelentkez\u00e9s a tanfolyamra <a href=\"https:\/\/docs.google.com\/forms\/d\/e\/1FAIpQLSfxfL3s5FbVco59eF1A7sa1V_3bSG2YVjg4jzVREUNBoNyqhQ\/viewform?usp=preview\">ezen \u0171rlap kit\u00f6lt\u00e9s\u00e9vel<\/a> t\u00f6rt\u00e9nik. A l\u00e9legeztet\u00e9s tudom\u00e1nya az elm\u00falt \u00e9vtizedekben jelent\u0151s fejl\u0151d\u00e9sen ment kereszt\u00fcl, \u00edgy ma m\u00e1r sz\u00e1mos t\u00e9m\u00e1ban evidencia szint\u0171 ter\u00e1pi\u00e1s aj\u00e1nl\u00e1sok l\u00e9teznek. A korszer\u0171 g\u00e9pek \u00e9s technik\u00e1k lehet\u0151v\u00e9 teszik, hogy diagn\u00f3zist\u00f3l f\u00fcgg\u0151en, szem\u00e9lyre szabottan l\u00e9legeztess\u00fcnk, \u00e9s ezzel a k\u00fcl\u00f6nb\u00f6z\u0151 k\u00f3rk\u00e9pek kimenetel\u00e9t optimaliz\u00e1ljuk. A l\u00e9legeztet\u00e9s azonban &hellip;<\/p>\n","protected":false},"author":102323,"featured_media":0,"parent":107,"menu_order":4,"comment_status":"closed","ping_status":"closed","template":"","meta":{"_acf_changed":false,"footnotes":""},"categories":[9],"tags":[],"class_list":["post-3142","page","type-page","status-publish","hentry","category-oktatas"],"acf":[],"_links":{"self":[{"href":"https:\/\/semmelweis.hu\/aneszteziologia\/wp-json\/wp\/v2\/pages\/3142","targetHints":{"allow":["GET"]}}],"collection":[{"href":"https:\/\/semmelweis.hu\/aneszteziologia\/wp-json\/wp\/v2\/pages"}],"about":[{"href":"https:\/\/semmelweis.hu\/aneszteziologia\/wp-json\/wp\/v2\/types\/page"}],"author":[{"embeddable":true,"href":"https:\/\/semmelweis.hu\/aneszteziologia\/wp-json\/wp\/v2\/users\/102323"}],"replies":[{"embeddable":true,"href":"https:\/\/semmelweis.hu\/aneszteziologia\/wp-json\/wp\/v2\/comments?post=3142"}],"version-history":[{"count":14,"href":"https:\/\/semmelweis.hu\/aneszteziologia\/wp-json\/wp\/v2\/pages\/3142\/revisions"}],"predecessor-version":[{"id":9572,"href":"https:\/\/semmelweis.hu\/aneszteziologia\/wp-json\/wp\/v2\/pages\/3142\/revisions\/9572"}],"up":[{"embeddable":true,"href":"https:\/\/semmelweis.hu\/aneszteziologia\/wp-json\/wp\/v2\/pages\/107"}],"wp:attachment":[{"href":"https:\/\/semmelweis.hu\/aneszteziologia\/wp-json\/wp\/v2\/media?parent=3142"}],"wp:term":[{"taxonomy":"category","embeddable":true,"href":"https:\/\/semmelweis.hu\/aneszteziologia\/wp-json\/wp\/v2\/categories?post=3142"},{"taxonomy":"post_tag","embeddable":true,"href":"https:\/\/semmelweis.hu\/aneszteziologia\/wp-json\/wp\/v2\/tags?post=3142"}],"curies":[{"name":"wp","href":"https:\/\/api.w.org\/{rel}","templated":true}]}}