{"id":105,"date":"2012-03-23T12:37:23","date_gmt":"2012-03-23T12:37:23","guid":{"rendered":"http:\/\/semmelweis-egyetem.hu\/aneszteziologia\/?page_id=105"},"modified":"2026-03-27T11:21:48","modified_gmt":"2026-03-27T10:21:48","slug":"szakvizsga-elotti-kotelezo-tanfolyamok","status":"publish","type":"page","link":"https:\/\/semmelweis.hu\/aneszteziologia\/oktatas\/posztgradualis-orvoskepzes\/szakvizsga-elotti-kotelezo-tanfolyamok\/","title":{"rendered":"Szakvizsga el\u0151tti k\u00f6telez\u0151 tanfolyamok"},"content":{"rendered":"<p><a href=\"https:\/\/semmelweis.hu\/aneszteziologia\/files\/prezi\/utmutato-ai-rezi2017\/index.html\"><strong>Az aneszteziol\u00f3gia &#8211; intenz\u00edv ter\u00e1pia szakvizsga el\u0151tt k\u00f6telez\u0151 tanfolyam\u00a0<\/strong><\/a><br \/>\n(4 x 5 nap)<\/p>\n<p style=\"padding-left: 30px\">A tanfolyamra csak SE rezidensei vehetnek r\u00e9szt. T\u00c1J\u00c9KOZTATJUK, HOGY A 2022.09.01 UT\u00c1N BEL\u00c9PETT REZIDENSEK CSAK SZTOK KI\u00c9RTES\u00cdT\u00c9SE UT\u00c1N JELENTKEZHETNEK A TANFOLYAMRA. A r\u00e1\u00e9p\u00edtett \u00e9s az \u00fajabb els\u0151 k\u00e9pz\u00e9sben l\u00e9v\u0151k sz\u00e1m\u00e1ra a tanfolyam d\u00edjk\u00f6teles. A k\u00e9pz\u00e9s d\u00edja 80.000 Ft<\/p>\n<hr \/>\n<p style=\"padding-left: 60px\"><strong>Az intenz\u00edv ter\u00e1pia \u00e1ltal\u00e1nos k\u00e9rd\u00e9sei (Modul I)<br \/>\n<\/strong>K\u00f6vetkez\u0151 tanfolyam:<span style=\"color: #ff0000\"><strong> 2026.09.21-25<\/strong><\/span><\/p>\n<p style=\"padding-left: 60px\"><strong>Az aneszteziol\u00f3gia \u00e1ltal\u00e1nos k\u00e9rd\u00e9sei (Modul II)<br \/>\n<\/strong><span style=\"color: #000000\">K\u00f6vetkez\u0151 tanfolyam: <\/span><strong><span style=\"color: #ff0000\">2026.10.12-16<\/span><\/strong><\/p>\n<p style=\"padding-left: 60px\"><strong>Az intenz\u00edv ter\u00e1pia speci\u00e1lis k\u00e9rd\u00e9sei (Modul III)<\/strong><br \/>\n<span style=\"color: #000000\">K\u00f6vetkez\u0151 tanfolyam:<span style=\"color: #ff0000\"><strong> 2026.11.23-27<\/strong><\/span><\/span><\/p>\n<p style=\"padding-left: 60px\"><strong>Az aneszteziol\u00f3gia speci\u00e1lis k\u00e9rd\u00e9sei (Modul IV)<\/strong> <br \/>\n<span style=\"color: #000000\">K\u00f6vetkez\u0151 tanfolyam:<span style=\"color: #ff0000\"><strong> 2026.12.07-11<\/strong><\/span><\/span><\/p>\n<p style=\"padding-left: 60px\"><a href=\"https:\/\/semmelweis.hu\/aneszteziologia\/az-aneszteziologia-intenziv-terapia-szakvizsga-elott-kotelezo-tanfolyam-eloadasai\/\" target=\"_blank\" rel=\"noopener noreferrer\">Let\u00f6lthet\u0151 el\u0151ad\u00e1sanyagok<\/a><\/p>\n<p style=\"padding-left: 30px\">\u00a0<\/p>\n<p>&nbsp;<\/p>\n<p>&nbsp;<\/p>\n","protected":false},"excerpt":{"rendered":"<p><a href=\"https:\/\/semmelweis.hu\/aneszteziologia\/files\/prezi\/utmutato-ai-rezi2017\/index.html\">Az aneszteziol\u00f3gia &#8211; intenz\u00edv ter\u00e1pia szakvizsga el\u0151tt k\u00f6telez\u0151 tanfolyam\u00a0<\/a> (4 x 5 nap) A tanfolyamra csak SE rezidensei vehetnek r\u00e9szt. T\u00c1J\u00c9KOZTATJUK, HOGY A 2022.09.01 UT\u00c1N BEL\u00c9PETT REZIDENSEK CSAK SZTOK KI\u00c9RTES\u00cdT\u00c9SE UT\u00c1N JELENTKEZHETNEK A TANFOLYAMRA. A r\u00e1\u00e9p\u00edtett \u00e9s az \u00fajabb els\u0151 k\u00e9pz\u00e9sben l\u00e9v\u0151k sz\u00e1m\u00e1ra a tanfolyam d\u00edjk\u00f6teles. A k\u00e9pz\u00e9s d\u00edja 80.000 Ft Az intenz\u00edv ter\u00e1pia \u00e1ltal\u00e1nos k\u00e9rd\u00e9sei (Modul I) K\u00f6vetkez\u0151 tanfolyam: 2026.09.21-25 Az aneszteziol\u00f3gia \u00e1ltal\u00e1nos &hellip;<\/p>\n","protected":false},"author":101992,"featured_media":0,"parent":55,"menu_order":1,"comment_status":"closed","ping_status":"closed","template":"","meta":{"_acf_changed":false,"footnotes":""},"categories":[],"tags":[],"class_list":["post-105","page","type-page","status-publish","hentry"],"acf":[],"_links":{"self":[{"href":"https:\/\/semmelweis.hu\/aneszteziologia\/wp-json\/wp\/v2\/pages\/105","targetHints":{"allow":["GET"]}}],"collection":[{"href":"https:\/\/semmelweis.hu\/aneszteziologia\/wp-json\/wp\/v2\/pages"}],"about":[{"href":"https:\/\/semmelweis.hu\/aneszteziologia\/wp-json\/wp\/v2\/types\/page"}],"author":[{"embeddable":true,"href":"https:\/\/semmelweis.hu\/aneszteziologia\/wp-json\/wp\/v2\/users\/101992"}],"replies":[{"embeddable":true,"href":"https:\/\/semmelweis.hu\/aneszteziologia\/wp-json\/wp\/v2\/comments?post=105"}],"version-history":[{"count":15,"href":"https:\/\/semmelweis.hu\/aneszteziologia\/wp-json\/wp\/v2\/pages\/105\/revisions"}],"predecessor-version":[{"id":9595,"href":"https:\/\/semmelweis.hu\/aneszteziologia\/wp-json\/wp\/v2\/pages\/105\/revisions\/9595"}],"up":[{"embeddable":true,"href":"https:\/\/semmelweis.hu\/aneszteziologia\/wp-json\/wp\/v2\/pages\/55"}],"wp:attachment":[{"href":"https:\/\/semmelweis.hu\/aneszteziologia\/wp-json\/wp\/v2\/media?parent=105"}],"wp:term":[{"taxonomy":"category","embeddable":true,"href":"https:\/\/semmelweis.hu\/aneszteziologia\/wp-json\/wp\/v2\/categories?post=105"},{"taxonomy":"post_tag","embeddable":true,"href":"https:\/\/semmelweis.hu\/aneszteziologia\/wp-json\/wp\/v2\/tags?post=105"}],"curies":[{"name":"wp","href":"https:\/\/api.w.org\/{rel}","templated":true}]}}