{"id":537,"date":"2026-01-08T09:26:18","date_gmt":"2026-01-08T08:26:18","guid":{"rendered":"https:\/\/semmelweis.hu\/anesztezia\/?page_id=537"},"modified":"2026-01-08T12:25:11","modified_gmt":"2026-01-08T11:25:11","slug":"tdk","status":"publish","type":"page","link":"https:\/\/semmelweis.hu\/anesztezia\/tdk\/","title":{"rendered":"TDK"},"content":{"rendered":"<p>TDK T\u00e9m\u00e1k<\/p>\n<table style=\"width: 92.8029%\" width=\"926\">\n<tbody>\n<tr>\n<td style=\"width: 42.9654%\" width=\"410\">Gyermekaneszt\u00e9zia \u2013 multimod\u00e1lis monitoroz\u00e1s<\/td>\n<td style=\"width: 27.9221%\" width=\"234\">\u00a0<\/td>\n<td style=\"width: 29.0043%\" width=\"263\">Dr. Hauser Bal\u00e1zs<\/td>\n<\/tr>\n<tr>\n<td style=\"width: 42.9654%\" width=\"410\">Gyermekaneszt\u00e9zia \u2013 region\u00e1lis aneszt\u00e9zia<\/td>\n<td style=\"width: 27.9221%\" width=\"234\">\u00a0<\/td>\n<td style=\"width: 29.0043%\" width=\"263\">Dr. Hauser Bal\u00e1zs<\/td>\n<\/tr>\n<\/tbody>\n<\/table>\n<table style=\"width: 92.8029%\" width=\"926\">\n<tbody>\n<tr>\n<td style=\"width: 42.8501%\">Perioperat\u00edv f\u00e1jdalomcsillap\u00edt\u00e1s<\/td>\n<td style=\"width: 28.1456%\" width=\"234\">\u00a0<\/td>\n<td style=\"width: 28.8961%\" width=\"263\">Prof. Dr. Zima Endre, Dr. Brenner D\u00e1vid<\/td>\n<\/tr>\n<\/tbody>\n<\/table>\n<p>&nbsp;<\/p>\n<p>Hasznos Linkek:<\/p>\n<p><a href=\"https:\/\/semmelweis.hu\/tdk\/\">Semmelweis Egyetem Tudom\u00e1nyos Di\u00e1kk\u00f6r hivatalos oldala<\/a><\/p>\n<p>&nbsp;<\/p>\n<p>&nbsp;<\/p>\n<p>&nbsp;<\/p>\n<p><span style=\"font-size: 14pt\"><strong>Klinikai TDK-felel\u0151s:<\/strong>\u00a0\u00a0<\/span><br \/>\n<span style=\"font-size: 14pt\">Dr. Lorx Andr\u00e1s\u00a0\u00a0<\/span><br \/>\n<span style=\"font-size: 14pt\"><a href=\"mailto:tdk.aitk@med.semmelweis-univ.hu\">tdk.aitk@med.semmelweis-univ.hu<\/a><\/span><\/p>\n","protected":false},"excerpt":{"rendered":"<p>TDK T\u00e9m\u00e1k<\/p>\n<p>Gyermekaneszt\u00e9zia \u2013 multimod\u00e1lis monitoroz\u00e1s<br \/>\n\u00a0<br \/>\nDr. Hauser Bal\u00e1zs<\/p>\n<p>Gyermekaneszt\u00e9zia \u2013 region\u00e1lis aneszt\u00e9zia<br \/>\n\u00a0<br \/>\nDr. Hauser Bal\u00e1zs<\/p>\n<p>Perioperat\u00edv f\u00e1jdalomcsillap\u00edt\u00e1s<br \/>\n\u00a0<br \/>\nProf. Dr. Zima Endre, Dr. Brenner D\u00e1vid<\/p>\n<p>&nbsp;<br \/>\nHasznos Linkek:<br \/>\n<a href=\"https:\/\/semmelweis.hu\/tdk\/\">Semmelweis Egyetem Tudom\u00e1nyos Di\u00e1kk\u00f6r hivatalos oldala<\/a><br \/>\n&nbsp;<br \/>\n&nbsp;<br \/>\n&nbsp;<br \/>\nKlinikai TDK-felel\u0151s:\u00a0\u00a0<br \/>\nDr. Lorx Andr\u00e1s\u00a0\u00a0<br \/>\n<a href=\"mailto:tdk.aitk@med.semmelweis-univ.hu\">tdk.aitk@med.semmelweis-univ.hu<\/a><\/p>\n","protected":false},"author":102417,"featured_media":0,"parent":0,"menu_order":0,"comment_status":"closed","ping_status":"closed","template":"","meta":{"_acf_changed":false,"footnotes":""},"categories":[],"tags":[],"class_list":["post-537","page","type-page","status-publish","hentry"],"acf":[],"_links":{"self":[{"href":"https:\/\/semmelweis.hu\/anesztezia\/wp-json\/wp\/v2\/pages\/537","targetHints":{"allow":["GET"]}}],"collection":[{"href":"https:\/\/semmelweis.hu\/anesztezia\/wp-json\/wp\/v2\/pages"}],"about":[{"href":"https:\/\/semmelweis.hu\/anesztezia\/wp-json\/wp\/v2\/types\/page"}],"author":[{"embeddable":true,"href":"https:\/\/semmelweis.hu\/anesztezia\/wp-json\/wp\/v2\/users\/102417"}],"replies":[{"embeddable":true,"href":"https:\/\/semmelweis.hu\/anesztezia\/wp-json\/wp\/v2\/comments?post=537"}],"version-history":[{"count":3,"href":"https:\/\/semmelweis.hu\/anesztezia\/wp-json\/wp\/v2\/pages\/537\/revisions"}],"predecessor-version":[{"id":551,"href":"https:\/\/semmelweis.hu\/anesztezia\/wp-json\/wp\/v2\/pages\/537\/revisions\/551"}],"wp:attachment":[{"href":"https:\/\/semmelweis.hu\/anesztezia\/wp-json\/wp\/v2\/media?parent=537"}],"wp:term":[{"taxonomy":"category","embeddable":true,"href":"https:\/\/semmelweis.hu\/anesztezia\/wp-json\/wp\/v2\/categories?post=537"},{"taxonomy":"post_tag","embeddable":true,"href":"https:\/\/semmelweis.hu\/anesztezia\/wp-json\/wp\/v2\/tags?post=537"}],"curies":[{"name":"wp","href":"https:\/\/api.w.org\/{rel}","templated":true}]}}