{"id":93,"date":"2013-11-07T16:09:57","date_gmt":"2013-11-07T15:09:57","guid":{"rendered":"http:\/\/semmelweis-egyetem.hu\/anatomia\/impresszum\/"},"modified":"2026-05-12T15:25:23","modified_gmt":"2026-05-12T13:25:23","slug":"impresszum","status":"publish","type":"page","link":"https:\/\/semmelweis.hu\/anatomia\/impresszum\/","title":{"rendered":"Impresszum"},"content":{"rendered":"<p><b>Felel\u0151s kiad\u00f3:<\/b> Semmelweis Egyetem<\/p>\n<p><b>Egys\u00e9g neve:\u00a0<\/b>Anat\u00f3miai, Sz\u00f6vet- \u00e9s Fejl\u0151d\u00e9stani Int\u00e9zet<\/p>\n<p><b>Egys\u00e9g vezet\u0151je:\u00a0<\/b>Dr. Alp\u00e1r Al\u00e1n, igazgat\u00f3<\/p>\n<p><b>A honlap szerkeszt\u0151i: <\/b><\/p>\n<ul>\n<li>Dr. Altdorfer K\u00e1roly<\/li>\n<li>Dr. Kocsis Katalin<\/li>\n<\/ul>\n<p><b>E-mail a honlap szerkeszt\u0151inek: <\/b><\/p>\n<ul>\n<li><a href=\"mailto:altdorfer.karoly@semmelweis.hu\">altdorfer.karoly@semmelweis.hu<\/a><\/li>\n<li><a href=\"mailto:kocsis.katalin1@semmelweis.hu\">kocsis.katalin1@semmelweis.hu<\/a><\/li>\n<\/ul>\n<p><strong>Technikai seg\u00edts\u00e9g:<\/strong><\/p>\n<ul>\n<li>Gadanecz Beatrix<\/li>\n<li>Cs\u00e9pl\u0151 Gergely<\/li>\n<\/ul>\n<p><strong>F\u00e9nyk\u00e9pek:<\/strong><\/p>\n<ul>\n<li>kor\u00e1bbi fot\u00f3sunk, Kiss J\u00f3zsef<\/li>\n<li>Horv\u00e1thn\u00e9 Oszwald Erzs\u00e9bet \u00e9s m\u00e1s int\u00e9zeti dolgoz\u00f3k, hallgat\u00f3ink<\/li>\n<\/ul>\n<p><strong>Technikai szerkeszt\u0151:<\/strong><\/p>\n<ul>\n<li>S\u00e1gi Zenina \u00a0&#8211; Kommunik\u00e1ci\u00f3s \u00e9s Rendezv\u00e9nyszervez\u00e9si\u00a0Igazgat\u00f3s\u00e1g<\/li>\n<\/ul>\n<hr \/>\n<p><span style=\"font-size: 12pt\">K\u00f6sz\u00f6net: Issa Pour-Ghaz (EM VI.) &#8211; az \u00faj, WordPress alap\u00fa v\u00e1ltozat be\u00e1ll\u00edt\u00e1sa, adatok \u00e1tt\u00f6lt\u00e9s\u00e9\u00e9rt<\/span><\/p>\n<p><strong>Felhaszn\u00e1lt forr\u00e1s:<\/strong> A Semmelweis Orvostudom\u00e1nyi Egyetem Anat\u00f3miai \u00e9p\u00fclet\u00e9nek centen\u00e1riumi \u00e9vk\u00f6nyve (1898-1998)<br \/>\n<strong>Fot\u00f3k, sz\u00f6vegek ford\u00edt\u00e1sa:<\/strong> dr. Simon L\u00e1szl\u00f3, Kiss Melitta, Kiss J\u00f3zsef, Mad\u00e1cs L\u00e1szl\u00f3, Ny\u00e9ky Tam\u00e1s, dr. Altdorfer K., Kov\u00e1cs D\u00e1niel, P\u00e9ter Szabolcs, Chen Li-Ping, Sz\u00e9kely R\u00e9ka<\/p>\n<p>&nbsp;<\/p>\n","protected":false},"excerpt":{"rendered":"","protected":false},"author":349,"featured_media":0,"parent":0,"menu_order":9,"comment_status":"closed","ping_status":"closed","template":"","meta":{"_acf_changed":false,"footnotes":""},"categories":[],"tags":[],"class_list":["post-93","page","type-page","status-publish","hentry"],"acf":[],"_links":{"self":[{"href":"https:\/\/semmelweis.hu\/anatomia\/wp-json\/wp\/v2\/pages\/93","targetHints":{"allow":["GET"]}}],"collection":[{"href":"https:\/\/semmelweis.hu\/anatomia\/wp-json\/wp\/v2\/pages"}],"about":[{"href":"https:\/\/semmelweis.hu\/anatomia\/wp-json\/wp\/v2\/types\/page"}],"author":[{"embeddable":true,"href":"https:\/\/semmelweis.hu\/anatomia\/wp-json\/wp\/v2\/users\/349"}],"replies":[{"embeddable":true,"href":"https:\/\/semmelweis.hu\/anatomia\/wp-json\/wp\/v2\/comments?post=93"}],"version-history":[{"count":10,"href":"https:\/\/semmelweis.hu\/anatomia\/wp-json\/wp\/v2\/pages\/93\/revisions"}],"predecessor-version":[{"id":33252,"href":"https:\/\/semmelweis.hu\/anatomia\/wp-json\/wp\/v2\/pages\/93\/revisions\/33252"}],"wp:attachment":[{"href":"https:\/\/semmelweis.hu\/anatomia\/wp-json\/wp\/v2\/media?parent=93"}],"wp:term":[{"taxonomy":"category","embeddable":true,"href":"https:\/\/semmelweis.hu\/anatomia\/wp-json\/wp\/v2\/categories?post=93"},{"taxonomy":"post_tag","embeddable":true,"href":"https:\/\/semmelweis.hu\/anatomia\/wp-json\/wp\/v2\/tags?post=93"}],"curies":[{"name":"wp","href":"https:\/\/api.w.org\/{rel}","templated":true}]}}

<p><b>Felelős kiadó:</b> Semmelweis Egyetem</p>
<p><b>Egység neve: </b>Anatómiai, Szövet- és Fejlődéstani Intézet</p>
<p><b>Egység vezetője: </b>Dr. Alpár Alán, igazgató</p>
<p><b>A honlap szerkesztői: </b></p>
<ul>
<li>Dr. Altdorfer Károly</li>
<li>Dr. Kocsis Katalin</li>
</ul>
<p><b>E-mail a honlap szerkesztőinek: </b></p>
<ul>
<li><a href="mailto:altdorfer.karoly@semmelweis.hu">altdorfer.karoly@semmelweis.hu</a></li>
<li><a href="mailto:kocsis.katalin1@semmelweis.hu">kocsis.katalin1@semmelweis.hu</a></li>
</ul>
<p><strong>Technikai segítség:</strong></p>
<ul>
<li>Gadanecz Beatrix</li>
<li>Cséplő Gergely</li>
</ul>
<p><strong>Fényképek:</strong></p>
<ul>
<li>korábbi fotósunk, Kiss József</li>
<li>Horváthné Oszwald Erzsébet és más intézeti dolgozók, hallgatóink</li>
</ul>
<p><strong>Technikai szerkesztő:</strong></p>
<ul>
<li>Sági Zenina  &#8211; Kommunikációs és Rendezvényszervezési Igazgatóság</li>
</ul>
<hr />
<p><span style="font-size: 12pt">Köszönet: Issa Pour-Ghaz (EM VI.) &#8211; az új, WordPress alapú változat beállítása, adatok áttöltéséért</span></p>
<p><strong>Felhasznált forrás:</strong> A Semmelweis Orvostudományi Egyetem Anatómiai épületének centenáriumi évkönyve (1898-1998)<br />
<strong>Fotók, szövegek fordítása:</strong> dr. Simon László, Kiss Melitta, Kiss József, Madács László, Nyéky Tamás, dr. Altdorfer K., Kovács Dániel, Péter Szabolcs, Chen Li-Ping, Székely Réka</p>
<p>&nbsp;</p>
