{"id":817,"date":"2014-04-26T20:11:04","date_gmt":"2014-04-26T18:11:04","guid":{"rendered":"http:\/\/www.ana.usn.hu\/hu\/?page_id=817"},"modified":"2025-07-21T11:38:14","modified_gmt":"2025-07-21T09:38:14","slug":"altdorfer-karoly","status":"publish","type":"page","link":"https:\/\/semmelweis.hu\/anatomia\/szemelyes-oldalak-personal-pages\/altdorfer-karoly\/","title":{"rendered":"Altdorfer K\u00e1roly Dr."},"content":{"rendered":"<p style=\"text-align: center\"><b><span style=\"color: #b00000;font-family: Verdana;font-size: large\">Altdorfer K\u00e1roly dr.<\/span><\/b><span style=\"color: #b00000;font-family: Verdana\"><br \/>\negyetemi docens, n\u00e9met tanulm\u00e1nyi felel\u0151s<\/span><span style=\"color: #b00000;font-family: Verdana;font-size: small\"><br \/>\ntel.: (+36 1) 459-1500\u00a0 &#8211; a port\u00e1n <strong>ne<\/strong> hagyjon \u00fczenetet)<\/span><\/p>\n<p style=\"text-align: center\"><span style=\"color: #b00000;font-family: Verdana;font-size: small\">e-mail:<a href=\"mailto:altdorfer.karoly@med.semmelweis-univ.hu\">altdorfer.karoly@med.semmelweis-univ.hu\u00a0 <\/a><\/span><\/p>\n<p style=\"text-align: center\" align=\"center\"><a href=\"\/anatomia\/?page_id=1268\"><span style=\"color: #b00000;font-family: Verdana\"><b><span style=\"font-size: small\">Vegetat\u00edv beidegz\u00e9s laborat\u00f3rium<\/span><\/b><\/span><\/a><\/p>\n<hr \/>\n<p style=\"text-align: center\" align=\"center\"><strong>Oktat\u00f3i tev\u00e9kenys\u00e9g <\/strong><\/p>\n<ul>\n<li>anat\u00f3mia, sz\u00f6vettan \u00e9s fejl\u0151d\u00e9stan oktat\u00e1sa orvos- \u00e9s fogorvostanhallgat\u00f3k r\u00e9sz\u00e9re (2023-t\u00f3l n\u00e9met gy\u00f3gyszer\u00e9szhallgat\u00f3k sz\u00e1m\u00e1ra is):<br \/>\n1990-1994: tudom\u00e1nyos di\u00e1kk\u00f6r\u00f6s ill. demonstr\u00e1tor,<br \/>\n1994-1999: egyetemi gyakornok,<br \/>\n1999-2004: egyetemi tan\u00e1rseg\u00e9d,<br \/>\n2004-2012: egyetemi adjunktus,<br \/>\n<figure id=\"attachment_5507\" aria-describedby=\"caption-attachment-5507\" style=\"width: 300px\" class=\"wp-caption alignright\"><img loading=\"lazy\" decoding=\"async\" class=\"wp-image-5507 size-medium\" src=\"https:\/\/semmelweis.hu\/anatomia\/files\/2015\/05\/15-300x200.jpg\" alt=\"15\" width=\"300\" height=\"200\" srcset=\"https:\/\/semmelweis.hu\/anatomia\/files\/2015\/05\/15-300x200.jpg 300w, https:\/\/semmelweis.hu\/anatomia\/files\/2015\/05\/15-450x300.jpg 450w, https:\/\/semmelweis.hu\/anatomia\/files\/2015\/05\/15.jpg 900w\" sizes=\"auto, (max-width: 300px) 100vw, 300px\" \/><figcaption id=\"caption-attachment-5507\" class=\"wp-caption-text\">Csoportk\u00e9p (2015)<\/figcaption><\/figure><\/p>\n<p>2012. j\u00fal. 1-t\u0151l: <a href=\"https:\/\/semmelweis.hu\/anatomia\/2012\/06\/29\/docensi-kinevezesek\/\">egyetemi docens<\/a>.<\/p>\n<\/li>\n<li>Gyakorlatok vezet\u00e9se (3-4 csoport, heti 17-22 tan\u00f3r\u00e1ban), <a href=\"https:\/\/semmelweis.hu\/anatomia\/munkatarsak-elerhetosegei\/altdorfer-karoly\/sajat-csoportok-1992-2015\/\"><strong>magyar, angol \u00e9s n\u00e9met nyelven, 13-25 f\u0151s csoportoknak<\/strong><\/a>.<br \/>\n2003-t\u00f3l: tantermi el\u0151ad\u00e1sok magyar \u00e9s angol, 2014-t\u0151l n\u00e9met\u00a0 nyelven.<\/li>\n<li>1996-2004: az egyik \u00c1OK \u00e9vfolyam \u00e9vfolyamfelel\u0151se;<\/li>\n<li>2004. j\u00falius 1-t\u0151l 2019. j\u00fal. 31: int\u00e9zeti <strong>tanulm\u00e1nyi felel\u0151s<\/strong><\/li>\n<li>2019. aug. 1-j\u00e9t\u0151l <strong>n\u00e9met tanulm\u00e1nyi felel\u0151s (DM, DZ)<br \/>\n<\/strong><\/li>\n<li>2023. janu\u00e1rj\u00e1t\u00f3l n\u00e9met GyOK (DP) tanulm\u00e1nyi felel\u0151s<\/li>\n<li>sz\u00f6vettani gyakorlati jegyzet (<em>Histology &#8211; Practical Manual<\/em>) angol ford\u00edt\u00e1s\u00e1ban t\u00e1rsszerz\u0151 (1999), a b\u0151v\u00edtett 2. \u00e9s 3. \u00e9s 4. kiad\u00e1s \u00f6n\u00e1ll\u00f3 ford\u00edt\u00e1sainak elk\u00e9sz\u00edt\u00e9se (2002, 2006, 2010)<\/li>\n<li>egyetemi felv\u00e9teli vizsg\u00e1kon (sz\u00f3beli) biol\u00f3gia t\u00e1rgyb\u00f3l k\u00e9rdez\u0151 (t\u00f6bb \u00e9ven \u00e1t)<\/li>\n<li>egyetemi \u00edr\u00e1sbeli z\u00e1r\u00f3vizsg\u00e1kon (\u00e1llamvizsg\u00e1k) rendszeres fel\u00fcgyelet, jav\u00edt\u00e1s<\/li>\n<li>egyetemi TDK-konferencia bizotts\u00e1gi tags\u00e1g (2011-2014 \u00e9s 2017-2019 k\u00f6z\u00f6tt)<\/li>\n<li>demonstr\u00e1tor-, TDK- \u00e9s PhD hallgat\u00f3k oktat\u00f3- \u00e9s kutat\u00f3munk\u00e1j\u00e1nak seg\u00edt\u00e9se<\/li>\n<li>klinikai elektrofiziol\u00f3giai asszisztensk\u00e9pz\u00e9s anat\u00f3mia t\u00e1rgyi tanmenet\u00e9nek \u00f6ssze\u00e1ll\u00edt\u00e1sa<\/li>\n<li>sz\u00f6vettani metszetek oktat\u00e1si c\u00e9l\u00fa v\u00e1logat\u00e1s\u00e1ban val\u00f3 r\u00e9szv\u00e9tel (dr. Somogyi vezet\u00e9s\u00e9vel)<\/li>\n<li><a href=\"http:\/\/www.grace-usom.org\/\">Grace University School of Medicine<\/a> hallgat\u00f3i sz\u00e1m\u00e1ra makroszk\u00f3pos anat\u00f3mia kurzus szervez\u00e9se (2001, 2002)<\/li>\n<li>egyetemi z\u00e1r\u00f3vizsga szakdolgozatok, Phd \u00e9rtekez\u00e9sek h\u00e1zi b\u00edr\u00e1l\u00f3ja \u00e9s opponensi ill. konzulensi feladatai, b\u00edr\u00e1l\u00f3 bizotts\u00e1gi tags\u00e1g &#8211; folyamatosan<\/li>\n<li>oktat\u00e1sstatisztikai felm\u00e9r\u00e9s (hallgat\u00f3i v\u00e9lem\u00e9nyek gy\u0171jt\u00e9se \u00e9s feldolgoz\u00e1sa) 3 \u00e9ven kereszt\u00fcl (SOTE Min\u0151s\u00e9gbiztos\u00edt\u00e1si P\u00e1ly\u00e1zat\u00e1n d\u00edjnyertes munka)<\/li>\n<li>int\u00e9zet\u00fcnk Internetes <a href=\"https:\/\/semmelweis.hu\/anatomia\">honlap<\/a>j\u00e1nak elk\u00e9sz\u00edt\u00e9se \u00e9s karbantart\u00e1sa (1999 tavasz\u00e1t\u00f3l folyamatosan)<\/li>\n<li>ERASMUS \u00f6szt\u00f6nd\u00edjjal (Teaching Staff) vend\u00e9goktat\u00f3 a londoni <a href=\"http:\/\/www.sghms.ac.uk\/depts\/anatomy\/\">St. George&#8217;s Hospital Medical School anat\u00f3miai \u00e9s fejl\u0151d\u00e9sbiol\u00f3giai int\u00e9zet\u00e9<\/a>ben (2000. m\u00e1jus) &#8211; <b>vend\u00e9gtan\u00e1r Londonban<\/b><\/li>\n<li>az Int\u00e9zet, illetve a Semmelweis Egyetem Doktori Iskol\u00e1j\u00e1nak <strong> digit\u00e1lis fot\u00f3laborj\u00e1<\/strong>nak fel\u00fcgyelete &#8211; annak megsz\u0171n\u00e9s\u00e9ig<\/li>\n<li>a <strong> <a href=\"http:\/\/www.ujsag.sote.hu\/\"> Semmelweis Egyetem \u00fajs\u00e1g<\/a><\/strong> internetes v\u00e1ltozat\u00e1nak gondoz\u00e1sa (2001. jan. &#8211; 2008. j\u00fan.)<\/li>\n<li>a <a href=\"http:\/\/neptun.sote.hu\"> NEPTUN<\/a> Egys\u00e9ges Tanulm\u00e1nyi Rendszer tansz\u00e9ki adminisztr\u00e1tora (2002-t\u0151l)<\/li>\n<li>tansz\u00e9ki informatika-fejleszt\u00e9si p\u00e1ly\u00e1zat\u00edr\u00e1sokban akt\u00edv r\u00e9szv\u00e9tel (2001, 2002)<\/li>\n<li>r\u00e9szv\u00e9tel a <a href=\"http:\/\/phd.sote.hu\/\"> Doktori Iskola honlapj\u00e1<\/a>nak fenntart\u00e1s\u00e1ban (2003. dec. &#8211; 2013. \u00e1pr.)<\/li>\n<li>A &#8222;Semmelweis Egyetem <strong>kiv\u00e1l\u00f3 dolgoz\u00f3<\/strong>ja&#8221; (2000. m\u00e1rcius 15. \u00e9s 2019. m\u00e1rc. 15.)<\/li>\n<li><b> &#8222;Kiv\u00e1l\u00f3 oktat\u00f3&#8221; kit\u00fcntet\u00e9s<\/b> a Hallgat\u00f3i \u00d6nkorm\u00e1nyzat felterjeszt\u00e9se alapj\u00e1n (2009)<\/li>\n<li>a Semmelweis Egyetem \u00e9s karainak int\u00e9zm\u00e9ny <b>akkredit\u00e1ci\u00f3s<\/b> l\u00e1togat\u00e1s\u00e1t el\u0151k\u00e9sz\u00edt\u0151 \u00c1OK \u00f6n\u00e9rt\u00e9kel\u00e9si jelent\u00e9st k\u00e9sz\u00edt\u0151 bizotts\u00e1g felk\u00e9rt tagja (2009)<\/li>\n<li>&#8222;<em>Orvosi k\u00e9palkot\u00f3 elj\u00e1r\u00e1sok<\/em>&#8221; c. t\u00e1rgy szeletanat\u00f3miai modulj\u00e1nak mb. felel\u0151se (2011-t\u0151l).<\/li>\n<li>Int\u00e9zeti adatv\u00e9delmi felel\u0151s (2020-t\u00f3l)<\/li>\n<li><a href=\"https:\/\/semmelweis.hu\/anatomia\/2020\/10\/22\/oktatoi-merit-dij\/\"><strong>Oktat\u00f3i Merit D\u00edj<\/strong><\/a> (2020): magyar \u00e9s n\u00e9met hallgat\u00f3k szavazatai alapj\u00e1n <em>tantermi el\u0151ad\u00f3i<\/em> \u00e9s <em>gyakorlatvezet\u0151i<\/em> munk\u00e1j\u00e1\u00e9rt<\/li>\n<li>&#8222;<em>Medizinische Terminologie<\/em>&#8221; n\u00e9met nyelv\u0171 jegyzet (DM ill. DZ hallgat\u00f3k r\u00e9sz\u00e9re) anat\u00f3miai lektor\u00e1l\u00e1sa (2021)<\/li>\n<li>Moodle E-learning vizsgak\u00e9rd\u00e9sek fejleszt\u00e9se (2019-t\u0151l m\u00e1r n\u00e9met nyelven)<\/li>\n<li><a href=\"https:\/\/semmelweis.hu\/anatomia\/2023\/12\/06\/pro-educatione-dijak\/\"><strong>Pro Educatione D\u00edj<\/strong><\/a> (2023)<\/li>\n<li>Egyetemi sz\u00f3beli felv\u00e9teli vizsg\u00e1kon bizotts\u00e1gi tag (2023. \u00e1pr.)<\/li>\n<\/ul>\n<hr \/>\n<p><span style=\"font-family: Verdana;font-size: small\">Egyetemi doktori (PhD) \u00e9rtekez\u00e9s <b> <a href=\"http:\/\/phd.sote.hu\/mwp\/phd_live\/vedes\/index.php?FrmTabNev=vedes&amp;FrmLstTip=1&amp;FrmId=111&amp;UseTmpl=on&amp;FrmAktOldal=1&amp;FrmHossz=10&amp;FrmOrder=0&amp;FrmGrp=0&amp;FrmLang=0&amp;FrmEnc=9%7DHvftu%7D2%7D1744fef58gb6c38c:f64b2dbc766ebd6\">v\u00e9d\u00e9se<\/a><\/b>: 2003. j\u00fanius 23.\u00a0<b><a href=\"https:\/\/semmelweis.hu\/anatomia\/files\/2014\/06\/tezis-ak.pdf\">Az \u00e9rtekez\u00e9s t\u00e9zisei<\/a> <\/b>(pdf)<br \/>\n<b>PhD-fokozat<\/b> (summa cum laude): 2003.<br \/>\n<\/span><\/p>\n<p class=\"entry-title\"><a href=\"\/anatomia\/?page_id=1609\"><strong><strong>Kutat\u00f3i tev\u00e9kenys\u00e9g, publik\u00e1ci\u00f3k<\/strong><\/strong><\/a><\/p>\n<p>&nbsp;<\/p>\n<p><strong>Egy\u00e9b k\u00f6zlem\u00e9nyek:<\/strong><\/p>\n<p><strong>Altdorfer K<\/strong>, R\u00e9thelyi M. <a href=\"\/anatomia\/?page_id=819\">Hallgat\u00f3i v\u00e9lem\u00e9nyek az anat\u00f3mi\u00e1r\u00f3l (oktat\u00e1sstatisztikai felm\u00e9r\u00e9s) <\/a>Orvosegyetem 1996;6:2-3.<\/p>\n<p>&nbsp;<\/p>\n<p>&nbsp;<\/p>\n<div id=\"__if72ru4sdfsdfruh7fewui_once\">\u00a0<\/div>\n<div id=\"__zsc_once\">\u00a0<\/div>\n<div id=\"__hggasdgjhsagd_once\">\u00a0<\/div>\n","protected":false},"excerpt":{"rendered":"<p>Altdorfer K\u00e1roly dr. egyetemi docens, n\u00e9met tanulm\u00e1nyi felel\u0151s tel.: (+36 1) 459-1500\u00a0 &#8211; a port\u00e1n ne hagyjon \u00fczenetet) e-mail: <a href=\"mailto:altdorfer.karoly@med.semmelweis-univ.hu\">altdorfer.karoly@med.semmelweis-univ.hu\u00a0 <\/a> <a href=\"\/anatomia\/?page_id=1268\">Vegetat\u00edv beidegz\u00e9s laborat\u00f3rium<\/a> Oktat\u00f3i tev\u00e9kenys\u00e9g anat\u00f3mia, sz\u00f6vettan \u00e9s fejl\u0151d\u00e9stan oktat\u00e1sa orvos- \u00e9s fogorvostanhallgat\u00f3k r\u00e9sz\u00e9re (2023-t\u00f3l n\u00e9met gy\u00f3gyszer\u00e9szhallgat\u00f3k sz\u00e1m\u00e1ra is): 1990-1994: tudom\u00e1nyos di\u00e1kk\u00f6r\u00f6s ill. demonstr\u00e1tor, 1994-1999: egyetemi gyakornok, 1999-2004: egyetemi tan\u00e1rseg\u00e9d, 2004-2012: egyetemi adjunktus, 2012. j\u00fal. 1-t\u0151l: <a href=\"https:\/\/semmelweis.hu\/anatomia\/2012\/06\/29\/docensi-kinevezesek\/\">egyetemi docens<\/a> . Gyakorlatok vezet\u00e9se &hellip;<\/p>\n","protected":false},"author":12,"featured_media":0,"parent":19145,"menu_order":0,"comment_status":"closed","ping_status":"closed","template":"","meta":{"_acf_changed":false,"footnotes":""},"categories":[],"tags":[],"class_list":["post-817","page","type-page","status-publish","hentry"],"acf":[],"_links":{"self":[{"href":"https:\/\/semmelweis.hu\/anatomia\/wp-json\/wp\/v2\/pages\/817","targetHints":{"allow":["GET"]}}],"collection":[{"href":"https:\/\/semmelweis.hu\/anatomia\/wp-json\/wp\/v2\/pages"}],"about":[{"href":"https:\/\/semmelweis.hu\/anatomia\/wp-json\/wp\/v2\/types\/page"}],"author":[{"embeddable":true,"href":"https:\/\/semmelweis.hu\/anatomia\/wp-json\/wp\/v2\/users\/12"}],"replies":[{"embeddable":true,"href":"https:\/\/semmelweis.hu\/anatomia\/wp-json\/wp\/v2\/comments?post=817"}],"version-history":[{"count":12,"href":"https:\/\/semmelweis.hu\/anatomia\/wp-json\/wp\/v2\/pages\/817\/revisions"}],"predecessor-version":[{"id":32846,"href":"https:\/\/semmelweis.hu\/anatomia\/wp-json\/wp\/v2\/pages\/817\/revisions\/32846"}],"up":[{"embeddable":true,"href":"https:\/\/semmelweis.hu\/anatomia\/wp-json\/wp\/v2\/pages\/19145"}],"wp:attachment":[{"href":"https:\/\/semmelweis.hu\/anatomia\/wp-json\/wp\/v2\/media?parent=817"}],"wp:term":[{"taxonomy":"category","embeddable":true,"href":"https:\/\/semmelweis.hu\/anatomia\/wp-json\/wp\/v2\/categories?post=817"},{"taxonomy":"post_tag","embeddable":true,"href":"https:\/\/semmelweis.hu\/anatomia\/wp-json\/wp\/v2\/tags?post=817"}],"curies":[{"name":"wp","href":"https:\/\/api.w.org\/{rel}","templated":true}]}}