{"id":5786,"date":"2015-07-03T14:54:32","date_gmt":"2015-07-03T12:54:32","guid":{"rendered":"http:\/\/semmelweis.hu\/anatomia\/?page_id=5786"},"modified":"2020-04-06T17:31:14","modified_gmt":"2020-04-06T15:31:14","slug":"dr-csillag-andras-biographical-sketch","status":"publish","type":"page","link":"https:\/\/semmelweis.hu\/anatomia\/szemelyes-oldalak-personal-pages\/dr-csillag-andras\/dr-csillag-andras-biographical-sketch\/","title":{"rendered":"Dr. Csillag Andr\u00e1s &#8211; Biographical sketch"},"content":{"rendered":"<p><strong>Last name<\/strong>: Csillag<\/p>\n<p><strong>First name<\/strong>: Andr\u00e1s<\/p>\n<p><strong>Gender<\/strong>: Male<\/p>\n<p><strong>Nationality<\/strong>: Hungarian<\/p>\n<p><strong>Date and Place of Birth<\/strong>: 20 February, 1949, Debrecen (Hungary)<\/p>\n<p><strong>Title and Affiliations<\/strong>: Professor in Anatomy, <a href=\"https:\/\/semmelweis.hu\/anatomia\">Department of Anatomy, Histology and Embryology<\/a>, <a href=\"http:\/\/www.sote.hu\/\">Semmelweis University<\/a>, Budapest, Hungary<\/p>\n<p><span style=\"font-size: small\"><b><span style=\"font-family: Arial\">Work address: <\/span><\/b><\/span><span style=\"font-family: Arial;font-size: small\">58 T\u0171zolt\u00f3 utca, H-1094, Budapest, Hungary<\/span><\/p>\n<p><span style=\"font-size: small\"><b><span style=\"font-family: Arial\">Phone: +361 215-6598, Fax: +361 215 5158 E-mail: <\/span><\/b><\/span><span style=\"font-family: Arial\"><a href=\"mailto:csillag@ana.sote.hu\"><span style=\"color: #0000ff;font-size: small\"><u><b>csillag@ana.sote.hu<\/b><\/u><\/span><\/a><\/span><\/p>\n<p align=\"JUSTIFY\">a. Professional Preparation.<\/p>\n<p align=\"JUSTIFY\"><span style=\"font-family: Arial\">Medical: Semmelweis University, Budapest.<b> <\/b>Major: General Medicine M.D., 1973<\/span><\/p>\n<p align=\"JUSTIFY\"><span style=\"font-family: Arial\">Graduate: Semmelweis University, Budapest Neurobiology (Transport processes in isolated nerve endings) Ph.D., 1984<\/span><\/p>\n<p align=\"JUSTIFY\"><span style=\"font-family: Arial\">Post-doctoral: Hungarian Academy of Sciences Neuroanatomical background of avian avoidance learning D.Sc., 1995<\/span><\/p>\n<p align=\"JUSTIFY\"><b><span style=\"font-family: Arial\">b. Appointments.<\/span><\/b><\/p>\n<p align=\"JUSTIFY\"><span style=\"font-family: Arial\">Chairman of the Department of Anatomy, Semmelweis University, Budapest, Hungary 2004 to present<\/span><\/p>\n<p align=\"JUSTIFY\"><span style=\"font-family: Arial\">Full Professor at the Department of Anatomy, Semmelweis University, Budapest, Hungary 2001 to present<\/span><\/p>\n<p align=\"JUSTIFY\"><span style=\"font-family: Arial\">Associate Professor at the Department of Anatomy, Semmelweis University, Budapest, Hungary 1996-2001<\/span><\/p>\n<p align=\"JUSTIFY\"><span style=\"font-family: Arial\">Senior Lecturer at the Department of Anatomy, Semmelweis University, Budapest, Hungary 1988-1996<\/span><\/p>\n<p align=\"JUSTIFY\"><span style=\"font-family: Arial\">Visiting Research Fellow at Menninger, Topeka, KS, USA, awardee of Fogarty-NIH Central and Eastern Europe Senior International Fellowship in the Neurosciences, total of 10 months stay between 1992-1994<\/span><\/p>\n<p align=\"JUSTIFY\"><span style=\"font-family: Arial\">Visiting Senior Research Fellow, Biology Department, Brain Research Group, Open University, Milton Keynes, UK.for 3 years 1984-1987<\/span><\/p>\n<p align=\"JUSTIFY\"><span style=\"font-family: Arial\">Visiting Research Officer at the MRC Developmental Neurobiology Unit (London, UK), for 6 months 1977-1978<\/span><\/p>\n<p align=\"JUSTIFY\"><span style=\"font-family: Arial\">Lecturer at the Department of Anatomy, Semmelweis University, Budapest, Hungary 1975-1988<\/span><\/p>\n<p align=\"JUSTIFY\"><span style=\"font-family: Arial\">Research Associate at the Department of Anatomy, Semmelweis University, Budapest, Hungary 1973-1975<\/span><\/p>\n<p align=\"JUSTIFY\"><b>c. Publications.<\/b><\/p>\n<blockquote>\n<p><b><\/b><b><span style=\"font-size: small\"><span style=\"font-family: Arial\">a) Books and book chapters<\/span><\/span><\/b><span style=\"font-size: small\"><span style=\"font-family: Arial\">:<\/span><\/span><\/p>\n<\/blockquote>\n<blockquote>\n<p align=\"JUSTIFY\"><span style=\"font-family: Arial\">1. <u>Csillag A,<\/u> Quantitative autoradiography at the light and electron-microscope levels, In: Quantitative Methods in Neuroanatomy, (Ed. Michael G. Stewart), John Wiley &amp; Sons, Chichester, New York, Brisbane, Toronto, Singapore, 1992, pp. 3-25.<\/span><\/p>\n<p align=\"JUSTIFY\"><span style=\"font-family: Arial\">2. <u>Csillag A. <\/u>Anatomy of the Living Human: Atlas of Medical Imaging, K\u00f6nemann, Cologne, 1999<\/span><\/p>\n<p align=\"JUSTIFY\"><span style=\"font-family: Arial\">3. <u>Csillag A. <\/u>Atlas d&#8217;imagerie m\u00e9dicale: Anatomie de l&#8217;\u00eatre humain, K\u00f6nemann, Cologne, 2000 (in French)<\/span><\/p>\n<p align=\"JUSTIFY\"><span style=\"font-family: Arial\">4. <u>Csillag A.<\/u> Der menschliche K\u00f6rper: Atlas der bildgebenden Verfahren in der Humanmedizin, K\u00f6nemann, Cologne, 2000 (in German)<\/span><\/p>\n<p align=\"JUSTIFY\"><span style=\"font-family: Arial\">5. <u>Csillag A.<\/u> Anatomie van de levende mens: Atlas van medische beeldvorming, K\u00f6nemann, Cologne, 2000 (in Dutch)<\/span><\/p>\n<p align=\"JUSTIFY\"><span style=\"font-family: Arial\">6. <u>Csillag A.<\/u> Atlas de anatom\u00eda humana: T\u00e9cnicas de imagen m\u00e9dicas, K\u00f6nemann, Cologne, 2000 (in Spanish)<\/span><\/p>\n<p align=\"JUSTIFY\"><span style=\"font-family: Arial\">7. <u>Csillag A<\/u> (2005) Atlas of the Sensory Organs. Functional and Clinical Anatomy. Humana Press, Totowa, New Jersey, USA<\/span><\/p>\n<\/blockquote>\n<p align=\"JUSTIFY\"><span style=\"font-family: Arial\"><b>b)<\/b> <\/span><b><span style=\"font-family: Arial\">Research communications (10 significant publications within the past 10 years):<\/span><\/b><\/p>\n<p align=\"JUSTIFY\"><span style=\"font-family: Arial\">1. <u>Csillag A., <\/u>Kabai P., Kovach J.K. (1995) Effects of diencephalic lesions on approach responses and color preferences in quail. <b>Physiol. Behav<\/b>. 58, 659-668.<\/span><\/p>\n<p align=\"JUSTIFY\"><span style=\"font-family: Arial\">2. Stewart MG, Kabai P, Harrison E, Steele RJ, Kossut M, Gierdalski M, <u>Csillag A,<\/u> (1996) The involvement of dopamine in the striatum in passive avoidance training in the chick. <b>Neuroscience<\/b>, 70, 7-14.<\/span><\/p>\n<p align=\"JUSTIFY\"><span style=\"font-family: Arial\">3<u>.<\/u> <u>Csillag A <\/u>, Sz\u00e9kely AD, Stewart MG (1997) Synaptic terminals immunolabelled against glutamate in the lobus parolfactorius of domestic chicks <i>(Gallus domesticus)<\/i> in relation to afferents from the archistriatum. <b>Brain Res.<\/b> 750, 171-179.<\/span><\/p>\n<p align=\"JUSTIFY\"><span style=\"font-family: Arial\">4. Davies DC, <u>Csillag A, <\/u>Sz\u00e9kely AD, P. Kabai (1997) Efferent connections of the domestic chick archistriatum: A Phaseolus lectin anterograde tracing study. <b>J. Comp. Neurol.<\/b> 389, 679-693.<\/span><\/p>\n<p align=\"JUSTIFY\"><span style=\"font-family: Arial\">5. <u>Csillag A<\/u> (1999) Striato-telencephalic and striato-tegmental circuits: relevance to learning in domestic chicks, <b>Behavioural Brain Research<\/b>, Special Issue \u0091Avian Behavioural Neuroscience\u0092 (Eds: A Csillag, AD Sz\u00e9kely, MG Stewart), 98, 227-236.<\/span><\/p>\n<p align=\"JUSTIFY\"><span style=\"font-family: Arial\">6. Montagnese CM, Mezey SE, <u>Csillag A<\/u> (2003) Efferent connections of the dorsomedial thalamic nuclei of the domestic chick <i>(Gallus domesticus)<\/i>, <b>J. Comp. Neurol<\/b>. 459, 301-326.<\/span><\/p>\n<p align=\"JUSTIFY\"><span style=\"font-family: Arial\">7. Reiner A, Perkel DJ, Bruce L, Butler AB, <u>Csillag A<\/u> et al. (2004) Revised nomenclature for avian telencephalon and some related brainstem nuclei, <b>J. Comp. Neurol<\/b>. 473, 377-414.<\/span><\/p>\n<p align=\"JUSTIFY\"><span style=\"font-family: Arial\">8. B\u00e1lint E, Kitka T, Zachar G, \u00c1d\u00e1m \u00c1, Hemmings HC Jr, <u>Csillag A<\/u> (2004) Abundance and location of DARPP-32 in striato-tegmental circuits of domestic chicks, <b>J. Chem. Neuroanat<\/b>. 28, 27-36.<\/span><\/p>\n<p align=\"JUSTIFY\"><span style=\"font-family: Arial\">9. Kabai P, Stewart MG, Tarcali J, <u>Csillag A<\/u> (2004) Inhibiting effect of D1, but not D2 antagonist administered to the striatum on retention of passive avoidance in the chick, Neurobiol. Learn. Mem. 81, 155-158.<\/span><\/p>\n<p align=\"JUSTIFY\"><span style=\"font-family: Arial\">10. Erich D. Jarvis, Onur G\u00fcnt\u00fcrk\u00fcn, Laura Bruce, <u>Andr\u00e1s Csillag<\/u>, Harvey Karten, Wayne Kuenzel, Loreta Medina, George Paxinos, David J. Perkel, Toru Shimizu, Georg Striedter, J. Martin Wild, Gregory F. Ball, Jennifer Dugas-Ford, Sarah Durand, Gerald Hough, Scott Husband, Lubica Kubikova, Diane W. Lee, Claudio V. Mello, Alice Powers, Connie Siang, Tom V. Smulders, Kazuhiro Wada, Stephanie A. White, Keiko Yamamoto, Jing Yu, Anton Reiner and Ann B. Butler (2005) Avian brains and a paradigm shift in understanding vertebrate brain evolution, <b>Nature Reviews: Neuroscience<\/b>, in press<\/span><\/p>\n<p align=\"JUSTIFY\"><span style=\"font-size: small\"><span style=\"font-family: Arial\"><b>c)<\/b> <b>Total number of publications: 160 <\/b>(67 research communications, 4 book chapters and symposia, 6 books, 83 conference abstracts). <b>Cumulative impact factor (from full papers): 165,64; Number of citations: <\/b>over<\/span><\/span><b><span style=\"font-size: small\"><span style=\"font-family: Arial\">950<\/span><\/span><\/b><\/p>\n<p align=\"JUSTIFY\">d. Synergistic Activities.<\/p>\n<blockquote>\n<p>&nbsp;<\/p>\n<p align=\"JUSTIFY\"><span style=\"font-family: Arial\">1. Organizer of the international meeting &#8222;Avian Brain and Behaviour&#8221;, Tihany, Hungary (1996). Guest editor of the follow-up publication: Avian Behavioural Neuroscience, Special Issue of Behavioural Brain Research, Vol. 98. No. 2 (1999)<\/span><\/p>\n<p align=\"JUSTIFY\"><span style=\"font-family: Arial\">2. Sz\u00e9chenyi Professorial Fellowship (awarded for four years to distinguished scientists\/educators by the Hungarian Ministry of Education) (1998-2001)<\/span><\/p>\n<p>3. Membership of the following societies: Hungarian Anatomical Society; Society for Neuroscience, USA; British Neuroscience Association<\/p>\n<p>4. Board membership of the Hungarian National Scientific Research Fund (Life Sciences Section) until 2001<\/p>\n<p>5. Board membership of the <span style=\"font-family: Arial;font-size: small\">Hungarian Neuroscience Society from<\/span> 2005<\/p>\n<p align=\"JUSTIFY\"><span style=\"font-family: Arial\">6. Teaching 1st and 2nd year medical student gross human anatomy, histology and embryology courses (since 1989 also in English language), Semmelweis University, Budapest, Hungary (1973-present)<\/span><\/p>\n<p align=\"JUSTIFY\"><span style=\"font-family: Arial\">7. Teaching 2<sup>nd<\/sup> level biology and graduate students comparative neuroanatomy and functional neuroanatomy courses, Semmelweis University and E\u00f6tv\u00f6s Lor\u00e1nd University, Budapest, Hungary (1994-present)<\/span><\/p>\n<\/blockquote>\n<p>&nbsp;<\/p>\n<p align=\"JUSTIFY\"><span style=\"font-family: Arial\">e. Collaborators and Other Affiliations<\/span><\/p>\n<blockquote>\n<p><span style=\"font-family: Arial\">(i) Collaborators within the last 48 months:<\/span><\/p>\n<p><span style=\"font-family: Arial\">Name Current Position\/Title Current University or place<\/span><\/p>\n<p><span style=\"font-family: Arial\">Matsushima T. Assoc. Professor University of Nagoya, Japan<\/span><\/p>\n<p><span style=\"font-family: Arial\">Stewart M.G. Full Professor The Open University, UK<\/span><\/p>\n<p><span style=\"font-family: Arial\">Kabai P. Senior Research Fellow Szent Istv\u00e1n University, Hungary<\/span><\/p>\n<p><span style=\"font-family: Arial\">Hemmings HC Jr Senior Research Fellow Cornell Univ. New York, US<\/span><\/p>\n<p>&nbsp;<\/p>\n<p><span style=\"font-family: Arial\">(ii) Graduate and Postdoctoral Advisors:<\/span><\/p>\n<p><span style=\"font-family: Arial\">Graduate Advisor:<\/span><\/p>\n<p><span style=\"font-family: Arial\">Haj\u00f3s F, Professor in Anatomy , Szent Istv\u00e1n University, Fac. of Veterinary Sciences, Budapest, Hungary<\/span><\/p>\n<p><span style=\"font-family: Arial\">Postdoctoral Advisor:<\/span><\/p>\n<p><span style=\"font-family: Arial\">Rose, S.P.R., Ret. Professor, The Open University, Milton Keynes, UK<\/span><\/p>\n<p>&nbsp;<\/p>\n<p><span style=\"font-family: Arial\">(iii) Thesis Advisor and Postgraduate-Scholar Sponsor to the following persons within the last 5 years:<\/span><\/p>\n<blockquote>\n<p align=\"JUSTIFY\"><span style=\"font-family: Arial\">a. Postdoctoral associates and other professionals<\/span><\/p>\n<p align=\"JUSTIFY\"><span style=\"font-family: Arial\">Name Current Position\/Title Current University or place<\/span><\/p>\n<p align=\"JUSTIFY\"><span style=\"font-family: Arial\">Andrea D. Sz\u00e9kely PhD Sen. Lecturer in Anatomy Semmelweis University, Budapest<\/span><\/p>\n<p align=\"JUSTIFY\"><span style=\"font-family: Arial\">Szilvia Mezey PhD Research Fellow Semmelweis University, Budapest<\/span><\/p>\n<p align=\"JUSTIFY\"><span style=\"font-family: Arial\">Montagnese, Catherine PhD Research Fellow Semmelweis University, Budapest<\/span><\/p>\n<\/blockquote>\n<\/blockquote>\n<p>&nbsp;<\/p>\n<blockquote>\n<p>&nbsp;<\/p>\n<blockquote>\n<p>&nbsp;<\/p>\n<p align=\"JUSTIFY\"><span style=\"font-family: Arial;font-size: small\"><b>b. Students (research assistants)<\/b><\/span><\/p>\n<p align=\"JUSTIFY\"><span style=\"font-size: small\"><span style=\"font-family: Arial\">M\u00e1ria Sz\u00e1sz laboratory technician Semmelweis University, Budapest<\/span><\/span><\/p>\n<p align=\"JUSTIFY\"><span style=\"font-family: Arial\">\u00c1gota \u00c1d\u00e1m Graduate student Semmelweis University, Budapest<\/span><\/p>\n<p align=\"JUSTIFY\"><span style=\"font-family: Arial\">Eszter B\u00e1lint Graduate student Semmelweis University, Budapest<\/span><\/p>\n<p align=\"JUSTIFY\"><span style=\"font-family: Arial\">Gergely Zachar Graduate student and research ass. E\u00f6tv\u00f6s Lor\u00e1nd University\/Szent Istv\u00e1n University, Budapest<\/span><\/p>\n<p align=\"JUSTIFY\"><span style=\"font-family: Arial\">Tam\u00e1s Kitka undergraduate research associate E\u00f6tv\u00f6s Lor\u00e1nd University, Budapest<\/span><\/p>\n<p align=\"JUSTIFY\"><span style=\"font-family: Arial\">Andrea Thu-lan Szab\u00f3 undergraduate research associate Semmelweis University, Budapest<\/span><\/p>\n<p align=\"JUSTIFY\"><span style=\"font-family: Arial\">\u00c1rp\u00e1d Patai undergraduate research associate Semmelweis University, Budapest<\/span><\/p>\n<p align=\"JUSTIFY\"><span style=\"font-family: Arial\">J\u00e1nos Hanics undergraduate research associate Semmelweis University, Budapest<\/span><\/p>\n<p align=\"JUSTIFY\">\u00a0<\/p>\n<\/blockquote>\n<\/blockquote>\n<p>&nbsp;<\/p>\n","protected":false},"excerpt":{"rendered":"<p>Last name: Csillag First name: Andr\u00e1s Gender: Male Nationality: Hungarian Date and Place of Birth: 20 February, 1949, Debrecen (Hungary) Title and Affiliations: Professor in Anatomy, <a href=\"https:\/\/semmelweis.hu\/anatomia\">Department of Anatomy, Histology and Embryology<\/a> , <a href=\"http:\/\/www.sote.hu\/\">Semmelweis University<\/a> , Budapest, Hungary Work address: 58 T\u0171zolt\u00f3 utca, H-1094, Budapest, Hungary Phone: +361 215-6598, Fax: +361 215 5158 E-mail: <a href=\"mailto:csillag@ana.sote.hu\">csillag@ana.sote.hu<\/a> a. Professional Preparation. Medical: Semmelweis University, Budapest. Major: General &hellip;<\/p>\n","protected":false},"author":349,"featured_media":0,"parent":700,"menu_order":2,"comment_status":"closed","ping_status":"closed","template":"","meta":{"_acf_changed":false,"footnotes":""},"categories":[],"tags":[],"class_list":["post-5786","page","type-page","status-publish","hentry"],"acf":[],"_links":{"self":[{"href":"https:\/\/semmelweis.hu\/anatomia\/wp-json\/wp\/v2\/pages\/5786","targetHints":{"allow":["GET"]}}],"collection":[{"href":"https:\/\/semmelweis.hu\/anatomia\/wp-json\/wp\/v2\/pages"}],"about":[{"href":"https:\/\/semmelweis.hu\/anatomia\/wp-json\/wp\/v2\/types\/page"}],"author":[{"embeddable":true,"href":"https:\/\/semmelweis.hu\/anatomia\/wp-json\/wp\/v2\/users\/349"}],"replies":[{"embeddable":true,"href":"https:\/\/semmelweis.hu\/anatomia\/wp-json\/wp\/v2\/comments?post=5786"}],"version-history":[{"count":3,"href":"https:\/\/semmelweis.hu\/anatomia\/wp-json\/wp\/v2\/pages\/5786\/revisions"}],"predecessor-version":[{"id":23267,"href":"https:\/\/semmelweis.hu\/anatomia\/wp-json\/wp\/v2\/pages\/5786\/revisions\/23267"}],"up":[{"embeddable":true,"href":"https:\/\/semmelweis.hu\/anatomia\/wp-json\/wp\/v2\/pages\/700"}],"wp:attachment":[{"href":"https:\/\/semmelweis.hu\/anatomia\/wp-json\/wp\/v2\/media?parent=5786"}],"wp:term":[{"taxonomy":"category","embeddable":true,"href":"https:\/\/semmelweis.hu\/anatomia\/wp-json\/wp\/v2\/categories?post=5786"},{"taxonomy":"post_tag","embeddable":true,"href":"https:\/\/semmelweis.hu\/anatomia\/wp-json\/wp\/v2\/tags?post=5786"}],"curies":[{"name":"wp","href":"https:\/\/api.w.org\/{rel}","templated":true}]}}